968
CXUS53 KDVN 011308
CLMDBQ

CLIMATE REPORT
NATIONAL WEATHER SERVICE QUAD CITIES IA IL
707 AM CST MON DEC 1 2014

...................................

...THE DUBUQUE CLIMATE SUMMARY FOR THE MONTH OF NOVEMBER 2014...

CLIMATE NORMAL PERIOD 1981 TO 2010
CLIMATE RECORD PERIOD 1873 TO 2014

WEATHER         OBSERVED          NORMAL  DEPART
                 VALUE   DATE(S)  VALUE   FROM
                                          NORMAL
................................................
TEMPERATURE (F)
RECORD
 HIGH              78   11/01/1933
                        11/07/1915
 LOW              -17   11/26/1977
HIGHEST            62   11/03        53       9
LOWEST              1   11/21        21     -20
AVG. MAXIMUM     37.4              44.8    -7.4
AVG. MINIMUM     19.6              28.5    -8.9
MEAN             28.5              36.7    -8.2
DAYS MAX >= 90      0               0.0     0.0
DAYS MAX <= 32     14               4.1     9.9
DAYS MIN <= 32     25              18.9     6.1
DAYS MIN <= 0       0               0.0     0.0

PRECIPITATION (INCHES)
RECORD
 MAXIMUM        10.63   1961
 MINIMUM         0.07   1917
TOTALS           1.18              2.35   -1.17
DAILY AVG.       0.04              0.08   -0.04
DAYS >= .01        10               9.8     0.2
DAYS >= .10         2
DAYS >= .50         1
DAYS >= 1.00        0               0.4    -0.4
GREATEST
 24 HR. TOTAL    0.82   11/23 TO 11/24

SNOWFALL (INCHES)
RECORDS
 TOTAL           12.6   1992
TOTALS            3.5               2.8     0.7
SINCE 7/1         3.5               2.8     0.7
SNOWDEPTH AVG.      0
DAYS >= TRACE      12               2.8     9.2
DAYS >= 1.0         2               0.9     1.1
GREATEST
 SNOW DEPTH         2   11/17
                        11/16
 24 HR TOTAL      2.0   11/15 TO 11/16

DEGREE_DAYS
HEATING TOTAL    1089               851     238
 SINCE 7/1       1782              1500     282
COOLING TOTAL       0                 0       0
 SINCE 1/1        526               643    -117
.................................................

WIND (MPH)
AVERAGE WIND SPEED              12.1
HIGHEST WIND SPEED/DIRECTION    32/280    DATE  11/24
HIGHEST GUST SPEED/DIRECTION    42/280    DATE  11/24

SKY COVER
POSSIBLE SUNSHINE (PERCENT)   MM
AVERAGE SKY COVER           0.50
NUMBER OF DAYS FAIR           10
NUMBER OF DAYS PC             12
NUMBER OF DAYS CLOUDY          8

AVERAGE RH (PERCENT)     77

WEATHER CONDITIONS. NUMBER OF DAYS WITH
THUNDERSTORM              0     HAIL                       0
SLEET                     0     FOG                       20
FOG W/VIS <= 1/4 MILE     4     HAZE                       7

-  INDICATES NEGATIVE NUMBERS.
R  INDICATES RECORD WAS SET OR TIED.
MM INDICATES DATA IS MISSING.
T  INDICATES TRACE AMOUNT.

$$

===================================================================

NOTE: SUPPLEMENTAL CLIMATE DATA WAS USED FROM A NEARBY
CLIMATOLOGICALLY REPRESENTATIVE STATION.

PARAMETER   DATE
---------   ----
   SNW      ALL OBSERVED SNW ABOVE
12Z DPTH    ALL OBSERVED 12Z DPTH ABOVE

===================================================================

GROSS






U.S. Dept. of Commerce
NOAA National Weather Service
1325 East West Highway
Silver Spring, MD 20910
E-mail: w-nws.webmaster@noaa.gov
Page last modified: May 16, 2007
NATIONAL WEATHER SERVICE: for Safety, for Work, for Fun - FOR LIFE