615
CXUS51 KILN 011219
CLMDAY


CLIMATE REPORT
NATIONAL WEATHER SERVICE WILMINGTON OH
814 AM EDT TUE APR 1 2014

...................................

...THE DAYTON CLIMATE SUMMARY FOR THE MONTH OF MARCH 2014...

CLIMATE NORMAL PERIOD 1981 TO 2010
CLIMATE RECORD PERIOD 1869 TO 2014

WEATHER         OBSERVED          NORMAL  DEPART  LAST YEAR`S
                 VALUE   DATE(S)  VALUE   FROM    VALUE  DATE(S)
                                          NORMAL
................................................................
TEMPERATURE (F)
RECORD
 HIGH              87   03/24/1910
 LOW               -7   03/02/1980
HIGHEST            69   03/11        49      20       66  03/10
LOWEST              5   03/03        31     -26       17  03/04
AVG. MAXIMUM     47.4              49.6    -2.2     42.3
AVG. MINIMUM     25.5              31.2    -5.7     28.3
MEAN             36.4              40.4    -4.0     35.3
DAYS MAX >= 90      0               0.0     0.0        0
DAYS MAX <= 32      2               2.4    -0.4        4
DAYS MIN <= 32     19              17.1     1.9       27
DAYS MIN <= 0       0               0.0     0.0        0

PRECIPITATION (INCHES)
TOTALS           2.62              3.34   -0.72     3.16
DAILY AVG.       0.08              0.11   -0.03     0.10
DAYS >= .01         8              12.2    -4.2       14
DAYS >= .10         4               7.1    -3.1        6
DAYS >= .50         2               2.1    -0.1        3
DAYS >= 1.00        1               0.6     0.4        0
GREATEST
 24 HR. TOTAL    1.29   03/29 TO 03/29

SNOWFALL (INCHES)
TOTALS            7.1               3.4     3.7     14.2
SINCE 7/1        52.5              22.7    29.8     35.9
DAYS >= TRACE       7               2.8     4.2       12
DAYS >= 1.0         3               0.8     2.2        4
GREATEST
 24 HR TOTAL      2.7   03/02 TO 03/02

DEGREE_DAYS
HEATING TOTAL     877               764     113      912
 SINCE 7/1       5476              5039     437     4962
COOLING TOTAL       0                 0       0        0
 SINCE 1/1          0                 0       0        0
..................................................

WIND (MPH)
AVERAGE WIND SPEED              10.8
RESULTANT WIND SPEED/DIRECTION   2/293
HIGHEST WIND SPEED/DIRECTION    41/220    DATE  03/14
HIGHEST GUST SPEED/DIRECTION    55/210    DATE  03/14

SKY COVER
AVERAGE SKY COVER           0.70

AVERAGE RH (PERCENT)     62

WEATHER CONDITIONS. NUMBER OF DAYS WITH
THUNDERSTORM              0     MIXED PRECIP               2
HEAVY RAIN                1     RAIN                       4
LIGHT RAIN                9     FREEZING RAIN              1
LT FREEZING RAIN          2     HAIL                       0
HEAVY SNOW                1     SNOW                       3
LIGHT SNOW                6     SLEET                      2
FOG                      10     FOG W/VIS <= 1/4 MILE      1
HAZE                     14

-  INDICATES NEGATIVE NUMBERS.
R  INDICATES RECORD WAS SET OR TIED.
MM INDICATES DATA IS MISSING.
T  INDICATES TRACE AMOUNT.

$$





U.S. Dept. of Commerce
NOAA National Weather Service
1325 East West Highway
Silver Spring, MD 20910
E-mail: w-nws.webmaster@noaa.gov
Page last modified: May 16, 2007
NATIONAL WEATHER SERVICE: for Safety, for Work, for Fun - FOR LIFE