346
CXUS51 KILN 011255
CLMDAY


CLIMATE REPORT
NATIONAL WEATHER SERVICE WILMINGTON OH
732 AM EST MON DEC 1 2014

...................................

...THE DAYTON CLIMATE SUMMARY FOR THE MONTH OF NOVEMBER 2014...

CLIMATE NORMAL PERIOD 1981 TO 2010
CLIMATE RECORD PERIOD 1869 TO 2014

WEATHER         OBSERVED          NORMAL  DEPART  LAST YEAR`S
                 VALUE   DATE(S)  VALUE   FROM    VALUE  DATE(S)
                                          NORMAL
................................................................
TEMPERATURE (F)
RECORD
 HIGH              79   11/09/1975
 LOW               -2   11/30/1958
HIGHEST            66   11/04        51      15       64  11/17
                        11/03
LOWEST             10   11/18        34     -24       16  11/24
AVG. MAXIMUM     46.0              51.1    -5.1     47.9
AVG. MINIMUM     29.4              34.6    -5.2     32.5
MEAN             37.7              42.8    -5.1     40.2
DAYS MAX >= 90      0               0.0     0.0        0
DAYS MAX <= 32      4               1.2     2.8        1
DAYS MIN <= 32     18              12.4     5.6       15
DAYS MIN <= 0       0               0.0     0.0        0

PRECIPITATION (INCHES)
TOTALS           2.04              3.39   -1.35     1.60
DAILY AVG.       0.07              0.11   -0.04     0.05
DAYS >= .01         9              11.5    -2.5        7
DAYS >= .10         6               6.7    -0.7        5
DAYS >= .50         1               2.1    -1.1        1
DAYS >= 1.00        0               0.9    -0.9        0
GREATEST
 24 HR. TOTAL    1.19   11/23 TO 11/24           11/17 TO 11/17
                                                          11/12 TO 11/12
                                                          11/12 TO 11/12
 STORM TOTAL       MM                                 MM
 (MM/DD(HH))            MM                    11/17(00) TO 11/17(00)
                                                 11/12(00) TO 11/12(00)2
                                                 11/12(00) TO 11/12(00)2

SNOWFALL (INCHES)
TOTALS            4.1               0.6     3.5      1.0
SINCE 7/1         4.1               1.0     3.1      2.0
DAYS >= TRACE       7               1.1     5.9        6
DAYS >= 1.0         2               0.2     1.8        0
GREATEST
 24 HR TOTAL      2.9   MM                       11/11 TO 11/12
                                                          11/12 TO 11/12
                                                          11/12 TO 11/12
 STORM TOTAL       MM                                 MM
 (MM/DD(HH))            MM                    11/12(00) TO 11/12(00)
                                                 11/12(00) TO 11/12(00)2
                                                 11/12(00) TO 11/12(00)2

DEGREE_DAYS
HEATING TOTAL     812               664     148      737
 SINCE 7/1       1216              1111     105     1124
COOLING TOTAL       0                 0       0        0
 SINCE 1/1        977               891      86     1062
...................................................

WIND (MPH)
AVERAGE WIND SPEED              12.0
RESULTANT WIND SPEED/DIRECTION   7/235
HIGHEST WIND SPEED/DIRECTION    41/240    DATE  11/24
HIGHEST GUST SPEED/DIRECTION    51/230    DATE  11/24

SKY COVER
AVERAGE SKY COVER           0.70

AVERAGE RH (PERCENT)     68

WEATHER CONDITIONS. NUMBER OF DAYS WITH
THUNDERSTORM              0     MIXED PRECIP               0
HEAVY RAIN                3     RAIN                       4
LIGHT RAIN               10     FREEZING RAIN              0
LT FREEZING RAIN          1     HAIL                       0
HEAVY SNOW                0     SNOW                       2
LIGHT SNOW                7     SLEET                      0
FOG                      14     FOG W/VIS <= 1/4 MILE      3
HAZE                      7

-  INDICATES NEGATIVE NUMBERS.
R  INDICATES RECORD WAS SET OR TIED.
MM INDICATES DATA IS MISSING.
T  INDICATES TRACE AMOUNT.

RECORD LOW OF 10 DEGREES SET ON NOV 18TH - OLD RECORD 13 DEGREES SET IN 1959
RECORD LOW OF 12 DEGREES TIED ON NOV 21ST - OLD RECORD OF 12 DEGREES SET IN 1964
NOVEMBER 2014 WAS THE 8TH COLDEST NOVEMBER ON RECORD. HERE IS THE TOP 7 COLDEST -
1976 - 35.2, 1950 - 35.9, 1951 - 36.0, 1995 - 36.1, 1996 - 36.3, 1967 - 37.6,
1910 - 37.6

$$





U.S. Dept. of Commerce
NOAA National Weather Service
1325 East West Highway
Silver Spring, MD 20910
E-mail: w-nws.webmaster@noaa.gov
Page last modified: May 16, 2007
NATIONAL WEATHER SERVICE: for Safety, for Work, for Fun - FOR LIFE