853
CXUS51 KILN 011223
CLMDAY


CLIMATE REPORT
NATIONAL WEATHER SERVICE WILMINGTON OH
819 AM EDT MON SEP 1 2014

...................................

...THE DAYTON CLIMATE SUMMARY FOR THE MONTH OF AUGUST 2014...

CLIMATE NORMAL PERIOD 1981 TO 2010
CLIMATE RECORD PERIOD 1869 TO 2014

WEATHER         OBSERVED          NORMAL  DEPART  LAST YEAR`S
                 VALUE   DATE(S)  VALUE   FROM    VALUE  DATE(S)
                                          NORMAL
................................................................
TEMPERATURE (F)
RECORD
 HIGH             103   08/05/1918
 LOW               40   08/03/1965
                        08/28/1910
                        08/28/1894
HIGHEST            91   08/26        83       8       91  08/31
                                                          08/28
LOWEST             49   08/15        63     -14       48  08/15
AVG. MAXIMUM     83.6              82.6     1.0     82.9
AVG. MINIMUM     64.1              62.7     1.4     62.7
MEAN             73.9              72.7     1.2     72.8
DAYS MAX >= 90      2               3.2    -1.2        3
DAYS MAX <= 32      0               0.0     0.0        0
DAYS MIN <= 32      0               0.0     0.0        0
DAYS MIN <= 0       0               0.0     0.0        0

PRECIPITATION (INCHES)
TOTALS           3.06              2.99    0.07     1.38
DAILY AVG.       0.10              0.10    0.00     0.04
DAYS >= .01        11               8.4     2.6        5
DAYS >= .10         5               4.8     0.2        3
DAYS >= .50         2               2.0     0.0        1
DAYS >= 1.00        1               0.9     0.1        0
GREATEST
 24 HR. TOTAL    1.89   08/21 TO 08/22

SNOWFALL (INCHES)
TOTALS            0.0               0.0     0.0      0.0
SINCE 7/1         0.0               0.0     0.0      0.0
DAYS >= TRACE       0               0.0     0.0        0
DAYS >= 1.0         0               0.0     0.0        0
GREATEST
 24 HR TOTAL      0.0

DEGREE_DAYS
HEATING TOTAL       3                 2       1        9
 SINCE 7/1          7                 2       5       12
COOLING TOTAL     286               243      43      259
 SINCE 1/1        870               782      88      887
..................................................

WIND (MPH)
AVERAGE WIND SPEED              6.5
RESULTANT WIND SPEED/DIRECTION   0/198
HIGHEST WIND SPEED/DIRECTION    33/240    DATE  08/21
HIGHEST GUST SPEED/DIRECTION    39/240    DATE  08/21

SKY COVER
AVERAGE SKY COVER           0.60

AVERAGE RH (PERCENT)     71

WEATHER CONDITIONS. NUMBER OF DAYS WITH
THUNDERSTORM              0     MIXED PRECIP               0
HEAVY RAIN                6     RAIN                       4
LIGHT RAIN               15     FREEZING RAIN              0
LT FREEZING RAIN          0     HAIL                       0
HEAVY SNOW                0     SNOW                       0
LIGHT SNOW                0     SLEET                      0
FOG                      19     FOG W/VIS <= 1/4 MILE      1
HAZE                     16

-  INDICATES NEGATIVE NUMBERS.
R  INDICATES RECORD WAS SET OR TIED.
MM INDICATES DATA IS MISSING.
T  INDICATES TRACE AMOUNT.

$$





U.S. Dept. of Commerce
NOAA National Weather Service
1325 East West Highway
Silver Spring, MD 20910
E-mail: w-nws.webmaster@noaa.gov
Page last modified: May 16, 2007
NATIONAL WEATHER SERVICE: for Safety, for Work, for Fun - FOR LIFE