055
CXUS51 KILN 011427
CLMDAY


CLIMATE REPORT
NATIONAL WEATHER SERVICE WILMINGTON OH
1026 AM EDT SAT NOV 1 2014

...................................

...THE DAYTON CLIMATE SUMMARY FOR THE MONTH OF OCTOBER 2014...

CLIMATE NORMAL PERIOD 1981 TO 2010
CLIMATE RECORD PERIOD 1869 TO 2014

WEATHER         OBSERVED          NORMAL  DEPART  LAST YEAR`S
                 VALUE   DATE(S)  VALUE   FROM    VALUE  DATE(S)
                                          NORMAL
................................................................
TEMPERATURE (F)
RECORD
 HIGH              93   10/05/1900
                        10/03/1900
 LOW               18   10/30/1895
HIGHEST            86   10/02        65      21       82  10/04
LOWEST             35   10/31        44      -9       28  10/25
                        10/23
AVG. MAXIMUM     63.8              63.8     0.0     65.4
AVG. MINIMUM     45.3              44.0     1.3     45.6
MEAN             54.6              53.9     0.7     55.5
DAYS MAX >= 90      0               0.0     0.0        0
DAYS MAX <= 32      0               0.0     0.0        0
DAYS MIN <= 32      0               2.2    -2.2        5
DAYS MIN <= 0       0               0.0     0.0        0

PRECIPITATION (INCHES)
TOTALS           2.37              2.93   -0.56     5.74
DAILY AVG.       0.08              0.09   -0.01     0.19
DAYS >= .01        17               9.3     7.7       15
DAYS >= .10         9               5.3     3.7        9
DAYS >= .50         0               1.9    -1.9        3
DAYS >= 1.00        0               0.7    -0.7        2
GREATEST
 24 HR. TOTAL    0.34   10/14 TO 10/14           10/05 TO 10/06
                        10/06 TO 10/07                    10/23 TO 10/23
                        10/07 TO 10/07                    10/23 TO 10/23
 STORM TOTAL       MM                                 MM
 (MM/DD(HH))            MM                    10/06(00) TO 10/06(00)
                                                 10/23(00) TO 10/23(00)3
                                                 10/23(00) TO 10/23(00)3

SNOWFALL (INCHES)
TOTALS              T               0.4    -0.4      1.0
SINCE 7/1           T               0.4    -0.4      1.0
DAYS >= TRACE       1               0.2     0.8        2
DAYS >= 1.0         0               0.1    -0.1        1
GREATEST
 24 HR TOTAL        T   10/31 TO 10/31           10/23 TO 10/23
                                                          10/23 TO 10/23
                                                          10/23 TO 10/23
 STORM TOTAL       MM                                 MM
 (MM/DD(HH))            MM                    10/23(00) TO 10/23(00)
                                                 10/23(00) TO 10/23(00)3
                                                 10/23(00) TO 10/23(00)3

DEGREE_DAYS
HEATING TOTAL     323               357     -34      320
 SINCE 7/1        404               447     -43      387
COOLING TOTAL       9                10      -1       35
 SINCE 1/1        977               891      86     1062
....................................................

WIND (MPH)
AVERAGE WIND SPEED              9.8
RESULTANT WIND SPEED/DIRECTION   4/236
HIGHEST WIND SPEED/DIRECTION    31/240    DATE  10/03
HIGHEST GUST SPEED/DIRECTION    38/290    DATE  10/17

SKY COVER
AVERAGE SKY COVER           0.70

AVERAGE RH (PERCENT)     72

WEATHER CONDITIONS. NUMBER OF DAYS WITH
THUNDERSTORM              0     MIXED PRECIP               0
HEAVY RAIN                2     RAIN                       7
LIGHT RAIN               18     FREEZING RAIN              0
LT FREEZING RAIN          0     HAIL                       0
HEAVY SNOW                0     SNOW                       0
LIGHT SNOW                1     SLEET                      0
FOG                      17     FOG W/VIS <= 1/4 MILE      3
HAZE                      5

-  INDICATES NEGATIVE NUMBERS.
R  INDICATES RECORD WAS SET OR TIED.
MM INDICATES DATA IS MISSING.
T  INDICATES TRACE AMOUNT.

$$





U.S. Dept. of Commerce
NOAA National Weather Service
1325 East West Highway
Silver Spring, MD 20910
E-mail: w-nws.webmaster@noaa.gov
Page last modified: May 16, 2007
NATIONAL WEATHER SERVICE: for Safety, for Work, for Fun - FOR LIFE