337
CXUS52 KMLB 011352
CLMDAB


CLIMATE REPORT
NATIONAL WEATHER SERVICE MELBOURNE FL
907 AM EDT SAT NOV 1 2014

...................................

...THE DAYTONA BEACH CLIMATE SUMMARY FOR THE MONTH OF OCTOBER 2014...

CLIMATE NORMAL PERIOD 1981 TO 2010
CLIMATE RECORD PERIOD 1923 TO 2014

WEATHER         OBSERVED          NORMAL  DEPART  LAST YEAR`S
                 VALUE   DATE(S)  VALUE   FROM    VALUE
                                          NORMAL
.............................................................
TEMPERATURE (F)
MONTHLY RECORD
 HOTTEST         78.0   2007
 COLDEST         68.6   1940
DAILY RECORD
 HIGH              95   10/02/1959
                        10/06/1934
 LOW               39   10/24/1937
OCTOBER 2014
HIGHEST            90   10/14                         90
LOWEST             54   10/26                         53
AVG. MAXIMUM     83.1              82.0     1.1     82.9
AVG. MINIMUM     63.4              65.9    -2.5     66.1
MEAN             73.2              74.0    -0.8     74.5
DAYS MAX >= 90      1               0.7     0.3        1
DAYS MAX <= 32      0               0.0     0.0        0
DAYS MIN <= 32      0               0.0     0.0        0
DAYS MIN <= 0       0               0.0     0.0        0

PRECIPITATION (INCHES)
MONTHLY RECORD
 MAXIMUM        24.82   1924
 MINIMUM         0.04   1940
DAILY RECORD
 MAXIMUM        12.85   10/10/1924

OCTOBER 2014
TOTALS           0.58              4.21   -3.63     2.26
DAYS >= .01         5              10.6    -5.6        6
DAYS >= .10         2               6.1    -4.1        5
DAYS >= .50         0               2.6    -2.6        1
DAYS >= 1.00        0               1.4    -1.4        1
GREATEST
 24 HR. TOTAL    0.49   10/14 TO 10/15

SNOWFALL (INCHES)
TOTALS            0.0               0.0     0.0      0.0
SINCE 7/1         0.0               0.0     0.0      0.0
DAYS >= TRACE       0                                  0

DEGREE_DAYS
HEATING TOTAL       0                 8      -8        1
 SINCE 7/1          0                 8      -8        1
COOLING TOTAL     262               286     -24      302
 SINCE 1/1       2908              2796     112     2960
..............................................................

WIND (MPH)
AVERAGE WIND SPEED              4.9
HIGHEST WIND SPEED/DIRECTION    20/040    DATE  10/22
HIGHEST GUST SPEED/DIRECTION    26/160    DATE  10/13

SKY COVER
POSSIBLE SUNSHINE (PERCENT)   MM
AVERAGE SKY COVER           0.30
NUMBER OF DAYS FAIR           15
NUMBER OF DAYS PC             15
NUMBER OF DAYS CLOUDY          1

AVERAGE RH (PERCENT)     75

WEATHER CONDITIONS. NUMBER OF DAYS WITH
THUNDERSTORM              2     MIXED PRECIP               0
HEAVY RAIN                2     RAIN                       1
LIGHT RAIN                8     LT FREEZING RAIN           0
HAIL                      0     LIGHT SNOW                 0
SLEET                     0     FOG                       13
FOG W/VIS <= 1/4 MILE     0     HAZE                       2

-  INDICATES NEGATIVE NUMBERS.
R  INDICATES RECORD WAS SET OR TIED.
MM INDICATES DATA IS MISSING.
T  INDICATES TRACE AMOUNT.

$$





U.S. Dept. of Commerce
NOAA National Weather Service
1325 East West Highway
Silver Spring, MD 20910
E-mail: w-nws.webmaster@noaa.gov
Page last modified: May 16, 2007
NATIONAL WEATHER SERVICE: for Safety, for Work, for Fun - FOR LIFE