235
CXUS53 KUNR 011644
CLMD07


CLIMATE REPORT
NATIONAL WEATHER SERVICE RAPID CITY SD
1041 AM MDT SAT NOV 1 2014

...................................

...THE FAITH SD CLIMATE SUMMARY FOR THE MONTH OF OCTOBER 2014...

CLIMATE NORMAL PERIOD 1981 TO 2010
CLIMATE RECORD PERIOD 9999 TO 9999

WEATHER         OBSERVED          NORMAL  DEPART  LAST YEAR`S
                 VALUE   DATE(S)  VALUE   FROM    VALUE  DATE(S)
                                          NORMAL
................................................................
TEMPERATURE (F)
HIGHEST            82   10/21                         70  10/01
                        10/15
LOWEST             22   10/29                         24  10/28
                        10/28
AVG. MAXIMUM     63.4              58.5     4.9     51.3
AVG. MINIMUM     37.2              35.0     2.2     33.8
MEAN             50.3              46.8     3.5     42.6
DAYS MAX >= 90      0                                  0
DAYS MAX <= 32      0                                  2
DAYS MIN <= 32      8                                 17
DAYS MIN <= 0       0                                  0

PRECIPITATION (INCHES)
TOTALS           0.54              1.55   -1.01     2.64
DAILY AVG.       0.02              0.05   -0.03     0.09
DAYS >= .01         3                                 12
DAYS >= .10         1                                  8
DAYS >= .50         1                                  2
DAYS >= 1.00        0                                  0
GREATEST
 24 HR. TOTAL    0.52   10/12 TO 10/12              0.72
                        10/11 TO 10/12
                        10/12 TO 10/12

DEGREE_DAYS
HEATING TOTAL     447               567    -120      687
 SINCE 7/1        695               799    -104      782
COOLING TOTAL       0                 1      -1        0
 SINCE 1/1        445               635    -190      720
.................................................................

WIND (MPH)
AVERAGE WIND SPEED              14.6
HIGHEST WIND SPEED/DIRECTION    45/320    DATE  10/05
HIGHEST GUST SPEED/DIRECTION    55/320    DATE  10/05

AVERAGE RH (PERCENT)     59


-  INDICATES NEGATIVE NUMBERS.
R  INDICATES RECORD WAS SET OR TIED.
MM INDICATES DATA IS MISSING.
T  INDICATES TRACE AMOUNT.

$$




U.S. Dept. of Commerce
NOAA National Weather Service
1325 East West Highway
Silver Spring, MD 20910
E-mail: w-nws.webmaster@noaa.gov
Page last modified: May 16, 2007
NATIONAL WEATHER SERVICE: for Safety, for Work, for Fun - FOR LIFE