197
CXUS53 KUNR 011614
CLMD07


CLIMATE REPORT
NATIONAL WEATHER SERVICE RAPID CITY SD
914 AM MST MON DEC 1 2014

...................................

...THE FAITH SD CLIMATE SUMMARY FOR THE MONTH OF NOVEMBER 2014...

CLIMATE NORMAL PERIOD 1981 TO 2010
CLIMATE RECORD PERIOD 9999 TO 9999

WEATHER         OBSERVED          NORMAL  DEPART  LAST YEAR`S
                 VALUE   DATE(S)  VALUE   FROM    VALUE  DATE(S)
                                          NORMAL
................................................................
TEMPERATURE (F)
HIGHEST            65   11/02                         59  11/13
LOWEST             -9R  11/14                          6  11/22
AVG. MAXIMUM     36.2              42.7    -6.5     43.8
AVG. MINIMUM     14.6              21.7    -7.1     21.1
MEAN             25.4              32.2    -6.8     32.4
DAYS MAX >= 90      0                                  0
DAYS MAX <= 32     14                                  5
DAYS MIN <= 32     26                                 28
DAYS MIN <= 0       6                                  0

PRECIPITATION (INCHES)
TOTALS           0.35              0.53   -0.18     0.22
DAILY AVG.       0.01              0.02   -0.01     0.01
DAYS >= .01        11                                  4
DAYS >= .10         1                                  1
DAYS >= .50         0                                  0
DAYS >= 1.00        0                                  0
GREATEST
 24 HR. TOTAL    0.15   11/09 TO 11/10              0.14

DEGREE_DAYS
HEATING TOTAL    1181               984     197      968
 SINCE 7/1       1876              1783      93     1750
COOLING TOTAL       0                 0       0        0
 SINCE 1/1        445               635    -190      720
.................................................................

WIND (MPH)
AVERAGE WIND SPEED              14.9
HIGHEST WIND SPEED/DIRECTION    45/320    DATE  11/16
HIGHEST GUST SPEED/DIRECTION    58/320    DATE  11/07

AVERAGE RH (PERCENT)     69


-  INDICATES NEGATIVE NUMBERS.
R  INDICATES RECORD WAS SET OR TIED.
MM INDICATES DATA IS MISSING.
T  INDICATES TRACE AMOUNT.

$$




U.S. Dept. of Commerce
NOAA National Weather Service
1325 East West Highway
Silver Spring, MD 20910
E-mail: w-nws.webmaster@noaa.gov
Page last modified: May 16, 2007
NATIONAL WEATHER SERVICE: for Safety, for Work, for Fun - FOR LIFE