883
CXUS53 KUNR 011602
CLMD07


CLIMATE REPORT
NATIONAL WEATHER SERVICE RAPID CITY SD
902 AM MST THU JAN 1 2015

...................................

...THE FAITH SD CLIMATE SUMMARY FOR THE MONTH OF DECEMBER 2014...

CLIMATE NORMAL PERIOD 1981 TO 2010
CLIMATE RECORD PERIOD 9999 TO 9999

WEATHER         OBSERVED          NORMAL  DEPART  LAST YEAR`S
                 VALUE   DATE(S)  VALUE   FROM    VALUE  DATE(S)
                                          NORMAL
................................................................
TEMPERATURE (F)
HIGHEST            60   12/12                         53  12/01
LOWEST            -13   12/30                        -22  12/07
AVG. MAXIMUM     35.5              30.7     4.8     24.2
AVG. MINIMUM     15.5              11.5     4.0      4.1
MEAN             25.5              21.1     4.4     14.1
DAYS MAX >= 90      0                                  0
DAYS MAX <= 32     13                                 19
DAYS MIN <= 32     31                                 31
DAYS MIN <= 0       4                                 16

PRECIPITATION (INCHES)
TOTALS           0.28              0.40   -0.12     0.90
DAILY AVG.       0.01              0.01    0.00     0.03
DAYS >= .01         8                                 13
DAYS >= .10         1                                  4
DAYS >= .50         0                                  0
DAYS >= 1.00        0                                  0
GREATEST
 24 HR. TOTAL    0.12   12/21 TO 12/22              0.24

DEGREE_DAYS
HEATING TOTAL    1217              1360    -143     1570
 SINCE 7/1       3093              3143     -50     3320
COOLING TOTAL       0                 0       0        0
 SINCE 1/1        445               635    -190      720
.................................................................

WIND (MPH)
AVERAGE WIND SPEED              13.3
HIGHEST WIND SPEED/DIRECTION    40/300    DATE  12/07
HIGHEST GUST SPEED/DIRECTION    50/290    DATE  12/07

AVERAGE RH (PERCENT)     71


-  INDICATES NEGATIVE NUMBERS.
R  INDICATES RECORD WAS SET OR TIED.
MM INDICATES DATA IS MISSING.
T  INDICATES TRACE AMOUNT.

$$




U.S. Dept. of Commerce
NOAA National Weather Service
1325 East West Highway
Silver Spring, MD 20910
E-mail: w-nws.webmaster@noaa.gov
Page last modified: May 16, 2007
NATIONAL WEATHER SERVICE: for Safety, for Work, for Fun - FOR LIFE