403
CXUS53 KUNR 011604
CLMD07


CLIMATE REPORT
NATIONAL WEATHER SERVICE RAPID CITY SD
1004 AM MDT TUE JUL 1 2014

...................................

...THE FAITH SD CLIMATE SUMMARY FOR THE MONTH OF JUNE 2014...

CLIMATE NORMAL PERIOD 1981 TO 2010
CLIMATE RECORD PERIOD 9999 TO 9999

WEATHER         OBSERVED          NORMAL  DEPART  LAST YEAR`S
                 VALUE   DATE(S)  VALUE   FROM    VALUE  DATE(S)
                                          NORMAL
................................................................
TEMPERATURE (F)
HIGHEST            84   06/21                         89  06/26
LOWEST             42R  06/12                         42  06/06
                                                          06/02
AVG. MAXIMUM     72.5              77.4    -4.9     76.8
AVG. MINIMUM     51.5              52.5    -1.0     53.3
MEAN             62.0              65.0    -3.0     65.1
DAYS MAX >= 90      0                                  0
DAYS MAX <= 32      0                                  0
DAYS MIN <= 32      0                                  0
DAYS MIN <= 0       0                                  0

PRECIPITATION (INCHES)
TOTALS           5.93              3.09    2.84     1.26
DAILY AVG.       0.20              0.10    0.10     0.04
DAYS >= .01        17                                  9
DAYS >= .10        14                                  3
DAYS >= .50         5                                  0
DAYS >= 1.00        0                                  0
GREATEST
 24 HR. TOTAL    1.09   06/27 TO 06/28              0.58

DEGREE_DAYS
HEATING TOTAL     105                90      15       73
 SINCE 7/1       8258              7709     549     7607
COOLING TOTAL      22                88     -66       82
 SINCE 1/1         52               100     -48       95
.................................................................

WIND (MPH)
AVERAGE WIND SPEED              11.8
HIGHEST WIND SPEED/DIRECTION    51/260    DATE  06/13
HIGHEST GUST SPEED/DIRECTION    69/250    DATE  06/13

AVERAGE RH (PERCENT)     76


-  INDICATES NEGATIVE NUMBERS.
R  INDICATES RECORD WAS SET OR TIED.
MM INDICATES DATA IS MISSING.
T  INDICATES TRACE AMOUNT.

$$




U.S. Dept. of Commerce
NOAA National Weather Service
1325 East West Highway
Silver Spring, MD 20910
E-mail: w-nws.webmaster@noaa.gov
Page last modified: May 16, 2007
NATIONAL WEATHER SERVICE: for Safety, for Work, for Fun - FOR LIFE