598
CXUS56 KSGX 011754
CLMCZZ


CLIMATE REPORT
NATIONAL WEATHER SERVICE SAN DIEGO, CA
1054 AM PDT TUE JUL 1 2014

...................................

...THE CAMPO ASOS CA CLIMATE SUMMARY FOR THE MONTH OF JUNE 2014...

CLIMATE NORMAL PERIOD 1981 TO 2010
CLIMATE RECORD PERIOD 1948 TO 2014

WEATHER         OBSERVED          NORMAL  DEPART  LAST YEAR`S
                 VALUE   DATE(S)  VALUE   FROM    VALUE  DATE(S)
                                          NORMAL
................................................................
TEMPERATURE (F)
RECORD
 HIGH             107   06/26/1994
 LOW               13   06/21/2010
HIGHEST           100   06/09        87      13      106  06/29
LOWEST             36   06/14        45      -9       37  06/04
AVG. MAXIMUM     87.3              87.3     0.0     88.5
AVG. MINIMUM     44.4              45.1    -0.7     46.1
MEAN             65.8              66.2    -0.4     67.3
DAYS MAX >= 90      9              13.0    -4.0        9
DAYS MAX <= 32      0               0.0     0.0        0
DAYS MAX >= 100     1                                  3
DAYS MIN <= 32      0               0.1    -0.1        0
DAYS MIN <= 0       0               0.0     0.0        0

PRECIPITATION (INCHES)
RECORD
 MAXIMUM         0.55   1984
 MINIMUM         0.00   2013
                        2012
                        2011
TOTALS           0.00R             0.11   -0.11     0.00
DAILY AVG.       0.00              0.00    0.00     0.00
DAYS >= .01         0               0.7    -0.7        0
DAYS >= .10         0               0.3    -0.3        0
DAYS >= .50         0               0.0     0.0        0
DAYS >= 1.00        0               0.0     0.0        0
DAYS >= 1.50        0                                  0
DAYS >= 2.00        0                                  0
GREATEST
 24 HR. TOTAL    0.00   06/30 TO 06/30           06/30 TO 06/30
                                                          06/30 TO 06/30
                                                          06/30 TO 06/30
 STORM TOTAL       MM                                 MM
 (MM/DD(HH))            MM                    06/30(00) TO 06/30(00)
                                                 06/30(00) TO 06/30(00)0
                                                 06/30(00) TO 06/30(00)0

SNOWFALL (INCHES)
TOTALS            0.0
SINCE 7/1         0.0

DEGREE_DAYS
HEATING TOTAL      28                56     -28       28
 SINCE 7/1       2659              2983    -324     3005
COOLING TOTAL      60                92     -32      107
 SINCE 1/1        112               122     -10      134

FREEZE DATES
RECORD
 EARLIEST     08/25/1978
 LATEST       06/23/1991
EARLIEST      10/30             10/16
LATEST        02/24             05/19
.................................................

WIND (MPH)
AVERAGE WIND SPEED              9.2
RESULTANT WIND SPEED/DIRECTION   5/219
HIGHEST WIND SPEED/DIRECTION    25/220    DATE  06/17
HIGHEST GUST SPEED/DIRECTION    36/220    DATE  06/20

AVERAGE RH (PERCENT)     44


-  INDICATES NEGATIVE NUMBERS.
R  INDICATES RECORD WAS SET OR TIED.
MM INDICATES DATA IS MISSING.
T  INDICATES TRACE AMOUNT.

$$




U.S. Dept. of Commerce
NOAA National Weather Service
1325 East West Highway
Silver Spring, MD 20910
E-mail: w-nws.webmaster@noaa.gov
Page last modified: May 16, 2007
NATIONAL WEATHER SERVICE: for Safety, for Work, for Fun - FOR LIFE