689
CXUS56 KSGX 011518
CLMCZZ


CLIMATE REPORT
NATIONAL WEATHER SERVICE SAN DIEGO, CA
818 AM PDT SAT NOV 1 2014

...................................

...THE CAMPO ASOS CA CLIMATE SUMMARY FOR THE MONTH OF OCTOBER 2014...

CLIMATE NORMAL PERIOD 1981 TO 2010
CLIMATE RECORD PERIOD 1948 TO 2014

WEATHER         OBSERVED          NORMAL  DEPART  LAST YEAR`S
                 VALUE   DATE(S)  VALUE   FROM    VALUE  DATE(S)
                                          NORMAL
................................................................
TEMPERATURE (F)
RECORD
 HIGH             103   10/03/1980
 LOW               22   10/29/1971
HIGHEST            93   10/05        79      14       85  10/25
                                                          10/01
LOWEST             37   10/27        42      -5       31  10/31
AVG. MAXIMUM     82.4              79.4     3.0     74.5
AVG. MINIMUM     44.9              42.1     2.8     39.6
MEAN             63.7              60.7     3.0     57.0
DAYS MAX >= 90      4               4.3    -0.3        0
DAYS MAX <= 32      0               0.0     0.0        0
DAYS MAX >= 100     0                                  0
DAYS MIN <= 32      0               1.5    -1.5        2
DAYS MIN <= 0       0               0.0     0.0        0

PRECIPITATION (INCHES)
RECORD
 MAXIMUM         3.13   1987
 MINIMUM         0.00   2003
                        2001
TOTALS           0.00R             0.82   -0.82     0.90
DAILY AVG.       0.00              0.03   -0.03     0.03
DAYS >= .01         0               2.7    -2.7        3
DAYS >= .10         0               1.3    -1.3        1
DAYS >= .50         0               0.5    -0.5        1
DAYS >= 1.00        0               0.2    -0.2        0
DAYS >= 1.50        0                                  0
DAYS >= 2.00        0                                  0
GREATEST
 24 HR. TOTAL    0.00   10/31 TO 10/31           10/09 TO 10/09
                                                          10/31 TO 10/31
                                                          10/31 TO 10/31
 STORM TOTAL       MM                                 MM
 (MM/DD(HH))            MM                    10/09(00) TO 10/09(00)
                                                 10/31(00) TO 10/31(00)1
                                                 10/31(00) TO 10/31(00)1

SNOWFALL (INCHES)
TOTALS            0.0
SINCE 7/1         0.0

DEGREE_DAYS
HEATING TOTAL      71               160     -89      240
 SINCE 7/1         88               210    -122      283
COOLING TOTAL      38                28      10        2
 SINCE 1/1        900               839      61      909

FREEZE DATES
RECORD
 EARLIEST     08/25/1978
 LATEST       06/23/1991
EARLIEST                        10/16
LATEST                          05/19
..................................................

WIND (MPH)
AVERAGE WIND SPEED              7.3
RESULTANT WIND SPEED/DIRECTION   1/083
HIGHEST WIND SPEED/DIRECTION    29/050    DATE  10/02
HIGHEST GUST SPEED/DIRECTION    35/050    DATE  10/02

AVERAGE RH (PERCENT)     48


-  INDICATES NEGATIVE NUMBERS.
R  INDICATES RECORD WAS SET OR TIED.
MM INDICATES DATA IS MISSING.
T  INDICATES TRACE AMOUNT.

$$




U.S. Dept. of Commerce
NOAA National Weather Service
1325 East West Highway
Silver Spring, MD 20910
E-mail: w-nws.webmaster@noaa.gov
Page last modified: May 16, 2007
NATIONAL WEATHER SERVICE: for Safety, for Work, for Fun - FOR LIFE