426
CXUS56 KSGX 012001
CLMCZZ


CLIMATE REPORT
NATIONAL WEATHER SERVICE SAN DIEGO, CA
1201 PM PST THU JAN 1 2015

...................................

...THE CAMPO ASOS CA CLIMATE SUMMARY FOR THE MONTH OF DECEMBER 2014...

CLIMATE NORMAL PERIOD 1981 TO 2010
CLIMATE RECORD PERIOD 1948 TO 2014

WEATHER         OBSERVED          NORMAL  DEPART  LAST YEAR`S
                 VALUE   DATE(S)  VALUE   FROM    VALUE  DATE(S)
                                          NORMAL
................................................................
TEMPERATURE (F)
RECORD
 HIGH              86   12/05/1989
                        12/11/1950
 LOW               12   12/26/1974
HIGHEST            75   12/22        63      12       77  12/17
LOWEST             20   12/29        33     -13       23  12/13
AVG. MAXIMUM     60.4              62.8    -2.4     61.2
AVG. MINIMUM     36.1              32.6     3.5     36.5
MEAN             48.3              47.7     0.6     48.8
DAYS MAX >= 90      0               0.0     0.0        0
DAYS MAX <= 32      0               0.0     0.0        0
DAYS MAX >= 100     0                                  0
DAYS MIN <= 32      9              15.9    -6.9       14
DAYS MIN <= 0       0               0.0     0.0        0

PRECIPITATION (INCHES)
RECORD
 MAXIMUM         7.19   1951
 MINIMUM         0.03   1981
TOTALS           3.61              2.27    1.34     0.55
DAILY AVG.       0.12              0.07    0.05     0.02
DAYS >= .01        10               6.8     3.2        5
DAYS >= .10         8               4.3     3.7        1
DAYS >= .50         1               1.3    -0.3        0
DAYS >= 1.00        1               0.7     0.3        0
DAYS >= 1.50        0                                  0
DAYS >= 2.00        0                                  0
GREATEST
 24 HR. TOTAL    1.39   12/02 TO 12/03           12/19 TO 12/19
                                                          12/31 TO 12/31
                                                          12/31 TO 12/31
 STORM TOTAL       MM                                 MM
 (MM/DD(HH))            MM                    12/19(00) TO 12/19(00)
                                                 12/31(00) TO 12/31(00)1
                                                 12/31(00) TO 12/31(00)1

SNOWFALL (INCHES)
TOTALS            0.0
SINCE 7/1         0.0

DEGREE_DAYS
HEATING TOTAL     510               536     -26      494
 SINCE 7/1        891              1106    -215     1123
COOLING TOTAL       0                 0       0        2
 SINCE 1/1        900               841      59      911

FREEZE DATES
RECORD
 EARLIEST     08/25/1978
 LATEST       06/23/1991
EARLIEST                        10/16
LATEST                          05/19
..................................................

WIND (MPH)
AVERAGE WIND SPEED              6.7
RESULTANT WIND SPEED/DIRECTION   1/062
HIGHEST WIND SPEED/DIRECTION    35/050    DATE  12/27
HIGHEST GUST SPEED/DIRECTION    44/050    DATE  12/27

AVERAGE RH (PERCENT)     67


-  INDICATES NEGATIVE NUMBERS.
R  INDICATES RECORD WAS SET OR TIED.
MM INDICATES DATA IS MISSING.
T  INDICATES TRACE AMOUNT.

$$




U.S. Dept. of Commerce
NOAA National Weather Service
1325 East West Highway
Silver Spring, MD 20910
E-mail: w-nws.webmaster@noaa.gov
Page last modified: May 16, 2007
NATIONAL WEATHER SERVICE: for Safety, for Work, for Fun - FOR LIFE