197
CXUS56 KSGX 011429
CLMCZZ


CLIMATE REPORT
NATIONAL WEATHER SERVICE SAN DIEGO, CA
729 AM PDT FRI AUG 1 2014

...................................

...THE CAMPO ASOS CA CLIMATE SUMMARY FOR THE MONTH OF JULY 2014...

CLIMATE NORMAL PERIOD 1981 TO 2010
CLIMATE RECORD PERIOD 1948 TO 2014

WEATHER         OBSERVED          NORMAL  DEPART  LAST YEAR`S
                 VALUE   DATE(S)  VALUE   FROM    VALUE  DATE(S)
                                          NORMAL
................................................................
TEMPERATURE (F)
RECORD
 HIGH             111   07/27/1995
 LOW               34   07/04/2000
                        07/21/1973
                        07/03/1956
HIGHEST           105   07/24        94      11      102  07/08
LOWEST             46   07/22        51      -5       46  07/17
AVG. MAXIMUM     91.9              93.8    -1.9     92.1
AVG. MINIMUM     55.9              51.9     4.0     57.6
MEAN             73.9              72.8     1.1     74.9
DAYS MAX >= 90     21              23.5    -2.5       21
DAYS MAX <= 32      0               0.0     0.0        0
DAYS MAX >= 100     2                                  1
DAYS MIN <= 32      0               0.0     0.0        0
DAYS MIN <= 0       0               0.0     0.0        0

PRECIPITATION (INCHES)
RECORD
 MAXIMUM         1.88   1968
 MINIMUM         0.00   2009
                        2008
                        2000
TOTALS           0.14              0.32   -0.18     0.24
DAILY AVG.       0.00              0.01   -0.01     0.01
DAYS >= .01         2               2.0     0.0        2
DAYS >= .10         1               0.8     0.2        1
DAYS >= .50         0               0.1    -0.1        0
DAYS >= 1.00        0               0.1    -0.1        0
DAYS >= 1.50        0                                  0
DAYS >= 2.00        0                                  0
GREATEST
 24 HR. TOTAL    0.13   07/04 TO 07/04           07/21 TO 07/21
                        07/03 TO 07/04                    07/31 TO 07/31
                        07/04 TO 07/04                    07/31 TO 07/31
 STORM TOTAL       MM                                 MM
 (MM/DD(HH))            MM                    07/21(00) TO 07/21(00)
                                                 07/31(00) TO 07/31(00)1
                                                 07/31(00) TO 07/31(00)1

SNOWFALL (INCHES)
TOTALS            0.0
SINCE 7/1         0.0

DEGREE_DAYS
HEATING TOTAL       0                 7      -7        0
 SINCE 7/1          0                 7      -7        0
COOLING TOTAL     286               250      36      313
 SINCE 1/1        398               372      26      447

FREEZE DATES
RECORD
 EARLIEST     08/25/1978
 LATEST       06/23/1991
EARLIEST                        10/16
LATEST                          05/19
..................................................

WIND (MPH)
AVERAGE WIND SPEED              8.0
RESULTANT WIND SPEED/DIRECTION   4/226
HIGHEST WIND SPEED/DIRECTION    26/030    DATE  07/14
HIGHEST GUST SPEED/DIRECTION    35/040    DATE  07/14

AVERAGE RH (PERCENT)     48


-  INDICATES NEGATIVE NUMBERS.
R  INDICATES RECORD WAS SET OR TIED.
MM INDICATES DATA IS MISSING.
T  INDICATES TRACE AMOUNT.

$$




U.S. Dept. of Commerce
NOAA National Weather Service
1325 East West Highway
Silver Spring, MD 20910
E-mail: w-nws.webmaster@noaa.gov
Page last modified: May 16, 2007
NATIONAL WEATHER SERVICE: for Safety, for Work, for Fun - FOR LIFE