653
CXUS56 KSGX 011433
CLMCZZ


CLIMATE REPORT
NATIONAL WEATHER SERVICE SAN DIEGO, CA
732 AM PDT TUE APR 1 2014

...................................

...THE CAMPO ASOS CA CLIMATE SUMMARY FOR THE MONTH OF MARCH 2014...

CLIMATE NORMAL PERIOD 1981 TO 2010
CLIMATE RECORD PERIOD 1948 TO 2014

WEATHER         OBSERVED          NORMAL  DEPART  LAST YEAR`S
                 VALUE   DATE(S)  VALUE   FROM    VALUE  DATE(S)
                                          NORMAL
................................................................
TEMPERATURE (F)
RECORD
 HIGH              92   03/20/1997
 LOW               15   03/15/1977
HIGHEST            80   03/29        66      14       84  03/14
                        03/16
LOWEST             27   03/31        36      -9       29  03/11
                        03/21
AVG. MAXIMUM     69.2              67.1     2.1     70.2
AVG. MINIMUM     36.4              36.0     0.4     35.4
MEAN             52.8              51.6     1.2     52.8
DAYS MAX >= 90      0               0.0     0.0        0
DAYS MAX <= 32      0               0.0     0.0        0
DAYS MAX >= 100     0                                  0
DAYS MIN <= 32      4               8.3    -4.3        7
DAYS MIN <= 0       0               0.0     0.0        0

PRECIPITATION (INCHES)
RECORD
 MAXIMUM         9.92   1983
 MINIMUM         0.00   1991
TOTALS           0.75              2.69   -1.94     1.43
DAILY AVG.       0.02              0.09   -0.07     0.05
DAYS >= .01         4               6.9    -2.9        3
DAYS >= .10         1               4.7    -3.7        2
DAYS >= .50         1               1.8    -0.8        1
DAYS >= 1.00        0               0.7    -0.7        1
DAYS >= 1.50        0                                  0
DAYS >= 2.00        0                                  0
GREATEST
 24 HR. TOTAL    0.62   03/01 TO 03/01           03/08 TO 03/08
                                                          03/31 TO 03/31
                                                          03/31 TO 03/31
 STORM TOTAL       MM                                 MM
 (MM/DD(HH))            MM                    03/08(00) TO 03/08(00)
                                                 03/31(00) TO 03/31(00)1
                                                 03/31(00) TO 03/31(00)1

SNOWFALL (INCHES)
TOTALS            0.0
SINCE 7/1         0.0

DEGREE_DAYS
HEATING TOTAL     372               417     -45      372
 SINCE 7/1       2242              2468    -226     2516
COOLING TOTAL       0                 0       0        0
 SINCE 1/1          0                 0       0        0

FREEZE DATES
RECORD
 EARLIEST     08/25/1978
 LATEST       06/23/1991
EARLIEST                        10/16
LATEST                          05/19
..................................................

WIND (MPH)
AVERAGE WIND SPEED              9.6
RESULTANT WIND SPEED/DIRECTION   1/034
HIGHEST WIND SPEED/DIRECTION    45/060    DATE  03/09
HIGHEST GUST SPEED/DIRECTION    53/050    DATE  03/09

AVERAGE RH (PERCENT)     56


-  INDICATES NEGATIVE NUMBERS.
R  INDICATES RECORD WAS SET OR TIED.
MM INDICATES DATA IS MISSING.
T  INDICATES TRACE AMOUNT.

$$




U.S. Dept. of Commerce
NOAA National Weather Service
1325 East West Highway
Silver Spring, MD 20910
E-mail: w-nws.webmaster@noaa.gov
Page last modified: May 16, 2007
NATIONAL WEATHER SERVICE: for Safety, for Work, for Fun - FOR LIFE