353
CXUS55 KCYS 031854
CLMCYS


CLIMATE REPORT
NATIONAL WEATHER SERVICE CHEYENNE WY
1254 PM MDT THU JUL 3 2014

...................................

...THE CHEYENNE WY CLIMATE SUMMARY FOR THE MONTH OF JUNE 2014...

CLIMATE NORMAL PERIOD 1981 TO 2010
CLIMATE RECORD PERIOD 1871 TO 2014

WEATHER         OBSERVED          NORMAL  DEPART  LAST YEAR`S
                 VALUE   DATE(S)  VALUE   FROM    VALUE  DATE(S)
                                          NORMAL
................................................................
TEMPERATURE (F)
RECORD
 HIGH             100   06/23/1954
 LOW               25   06/02/1951
HIGHEST            87   06/13        74      13       94
LOWEST             36   06/15        48     -12       38
AVG. MAXIMUM     75.3              75.3     0.0     82.3
AVG. MINIMUM     46.8              48.9    -2.1     50.8
MEAN             61.1              62.1    -1.0     66.6
DAYS MAX >= 90      0               1.2                6
DAYS MAX <= 32      0               0.0                0
DAYS MIN <= 32      0               0.1                0
DAYS MIN <= 0       0               0.0                0

PRECIPITATION (INCHES)
RECORD
 MAXIMUM         5.32   1955
 MINIMUM         0.07   1980
                        1879
TOTALS           1.98              2.34   -0.36     0.15
DAYS >= .01        11              11.4    -0.4        3
DAYS >= .10         4               5.5    -1.5        1
DAYS >= .50         2               1.5     0.5        0
DAYS >= 1.00        0               0.4    -0.4        0
GREATEST
 24 HR. TOTAL    0.86   06/24 TO 06/24

SNOWFALL (INCHES)
RECORDS
 TOTAL            8.7   MM
TOTALS            0.0                 T     0.0      0.0
SINCE 7/1        91.6              60.3    31.3     87.1
SNOWDEPTH AVG.      0
DAYS >= TRACE       0               0.1    -0.1        0
DAYS >= 1.0         0               0.0     0.0        0
GREATEST
 SNOW DEPTH         0   MM                             0  MM
 24 HR TOTAL      0.0   06/30 TO 06/30           06/30 TO 06/30
                                                          06/30 TO 06/30
                                                          06/30 TO 06/30

DEGREE_DAYS
HEATING TOTAL     126               134      -8       62
 SINCE 7/1       7236              7111     125     7184
COOLING TOTAL      14                47     -33      117
 SINCE 1/1         15                50     -35      123
.................................................

WIND (MPH)
AVERAGE WIND SPEED              10.7
HIGHEST WIND SPEED/DIRECTION    38/220    DATE  06/24
HIGHEST GUST SPEED/DIRECTION    46/220    DATE  06/24

SKY COVER
POSSIBLE SUNSHINE (PERCENT)   MM
AVERAGE SKY COVER           0.20
NUMBER OF DAYS FAIR           24
NUMBER OF DAYS PC              5
NUMBER OF DAYS CLOUDY          1

AVERAGE RH (PERCENT)     56

WEATHER CONDITIONS. NUMBER OF DAYS WITH
THUNDERSTORM              0     MIXED PRECIP               0
HEAVY RAIN                4     RAIN                       5
LIGHT RAIN               14     FREEZING RAIN              0
LT FREEZING RAIN          0     HAIL                       1
HEAVY SNOW                0     SNOW                       0
LIGHT SNOW                0     SLEET                      0
FOG                      10     FOG W/VIS <= 1/4 MILE      5
HAZE                      1

-  INDICATES NEGATIVE NUMBERS.
R  INDICATES RECORD WAS SET OR TIED.
MM INDICATES DATA IS MISSING.
T  INDICATES TRACE AMOUNT.

$$




U.S. Dept. of Commerce
NOAA National Weather Service
1325 East West Highway
Silver Spring, MD 20910
E-mail: w-nws.webmaster@noaa.gov
Page last modified: May 16, 2007
NATIONAL WEATHER SERVICE: for Safety, for Work, for Fun - FOR LIFE