313
CXUS52 KCHS 010915
CLMCXM

CLIMATE REPORT
NATIONAL WEATHER SERVICE CHARLESTON SC
457 AM EDT FRI AUG 1 2014

...................................

...THE DOWNTOWN CHARLESTON SC CLIMATE SUMMARY FOR THE MONTH OF JULY 2014...

CLIMATE NORMAL PERIOD 1981 TO 2010
CLIMATE RECORD PERIOD 1870 TO 2014

WEATHER         OBSERVED          NORMAL  DEPART
                 VALUE   DATE(S)  VALUE   FROM
                                          NORMAL
................................................
TEMPERATURE (F)
RECORD
 HIGH             103   07/22/1977
                        07/06/1902
 LOW               61   07/04/1933
HIGHEST            94   07/28
                        07/27
LOWEST             73   07/13
AVG. MAXIMUM     87.3              87.6    -0.3
AVG. MINIMUM     76.9              76.9     0.0
MEAN             82.1              82.2    -0.1
DAYS MAX >= 90      5              10.5    -5.5
DAYS MAX <= 32      0               0.0     0.0
DAYS MIN <= 32      0               0.0     0.0
DAYS MIN <= 0       0               0.0     0.0

PRECIPITATION (INCHES)
RECORD
 MAXIMUM        23.75   1964
 MINIMUM         0.54   1986
TOTALS           4.87              5.40   -0.53
DAYS >= .01        12              11.4     0.6
DAYS >= .10         7               7.6    -0.6
DAYS >= .50         3               3.6    -0.6
DAYS >= 1.00        2               1.8     0.2
GREATEST
 24 HR. TOTAL    1.42   07/13

DEGREE_DAYS
HEATING TOTAL       0                 0       0
 SINCE 7/1          0                 0       0
COOLING TOTAL     538               535       3
 SINCE 1/1       1434              1321     113
.................................................

WIND (MPH)
AVERAGE WIND SPEED              8.2
HIGHEST WIND SPEED/DIRECTION    23/190    DATE  07/15
HIGHEST GUST SPEED/DIRECTION    33/230    DATE  07/15



-  INDICATES NEGATIVE NUMBERS.
R  INDICATES RECORD WAS SET OR TIED.
MM INDICATES DATA IS MISSING.
T  INDICATES TRACE AMOUNT.

$$








U.S. Dept. of Commerce
NOAA National Weather Service
1325 East West Highway
Silver Spring, MD 20910
E-mail: w-nws.webmaster@noaa.gov
Page last modified: May 16, 2007
NATIONAL WEATHER SERVICE: for Safety, for Work, for Fun - FOR LIFE