614
CXUS51 KILN 011219
CLMCVG


CLIMATE REPORT
NATIONAL WEATHER SERVICE WILMINGTON OH
814 AM EDT TUE APR 1 2014

...................................

...THE CINCINNATI CLIMATE SUMMARY FOR THE MONTH OF MARCH 2014...

CLIMATE NORMAL PERIOD 1981 TO 2010
CLIMATE RECORD PERIOD 1869 TO 2014

WEATHER         OBSERVED          NORMAL  DEPART  LAST YEAR`S
                 VALUE   DATE(S)  VALUE   FROM    VALUE  DATE(S)
                                          NORMAL
................................................................
TEMPERATURE (F)
RECORD
 HIGH              88   03/25/1929
 LOW              -11   03/03/1980
HIGHEST            74   03/11        52      22       68  03/10
LOWEST              9   03/04        33     -24       17  03/22
                                                          03/04
AVG. MAXIMUM     50.9              53.2    -2.3     45.3
AVG. MINIMUM     28.1              34.0    -5.9     29.1
MEAN             39.5              43.6    -4.1     37.2
DAYS MAX >= 90      0               0.0     0.0        0
DAYS MAX <= 32      1               1.1    -0.1        2
DAYS MIN <= 32     22              13.7     8.3       23
DAYS MIN <= 0       0               0.0     0.0        0

PRECIPITATION (INCHES)
TOTALS           2.41              3.96   -1.55     3.91
DAILY AVG.       0.08              0.13   -0.05     0.13
DAYS >= .01         8              12.5    -4.5       14
DAYS >= .10         5               8.2    -3.2        8
DAYS >= .50         2               2.4    -0.4        3
DAYS >= 1.00        0               0.9    -0.9        1
GREATEST
 24 HR. TOTAL    0.88   03/29 TO 03/29

SNOWFALL (INCHES)
TOTALS            3.3               3.0     0.3      8.8
SINCE 7/1        46.9              21.6    25.3     25.2
DAYS >= TRACE       6               2.4     3.6       15
DAYS >= 1.0         1               0.9     0.1        4
GREATEST
 24 HR TOTAL      2.2   03/02 TO 03/03

DEGREE_DAYS
HEATING TOTAL     782               666     116      855
 SINCE 7/1       5026              4493     533     4565
COOLING TOTAL       0                 0       0        0
 SINCE 1/1          0                 0       0        0
......................................................

WIND (MPH)
AVERAGE WIND SPEED              10.0
RESULTANT WIND SPEED/DIRECTION   2/316
HIGHEST WIND SPEED/DIRECTION    35/330    DATE  03/12
HIGHEST GUST SPEED/DIRECTION    51/200    DATE  03/28

SKY COVER
AVERAGE SKY COVER           0.60

AVERAGE RH (PERCENT)     60

WEATHER CONDITIONS. NUMBER OF DAYS WITH
THUNDERSTORM              0     MIXED PRECIP               1
HEAVY RAIN                2     RAIN                       3
LIGHT RAIN               11     FREEZING RAIN              0
LT FREEZING RAIN          2     HAIL                       0
HEAVY SNOW                2     SNOW                       2
LIGHT SNOW                6     SLEET                      1
FOG                      10     FOG W/VIS <= 1/4 MILE      1
HAZE                     11

-  INDICATES NEGATIVE NUMBERS.
R  INDICATES RECORD WAS SET OR TIED.
MM INDICATES DATA IS MISSING.
T  INDICATES TRACE AMOUNT.

$$





U.S. Dept. of Commerce
NOAA National Weather Service
1325 East West Highway
Silver Spring, MD 20910
E-mail: w-nws.webmaster@noaa.gov
Page last modified: May 16, 2007
NATIONAL WEATHER SERVICE: for Safety, for Work, for Fun - FOR LIFE