355
CXUS51 KILN 011223
CLMCVG


CLIMATE REPORT
NATIONAL WEATHER SERVICE WILMINGTON OH
820 AM EDT FRI AUG 1 2014

...................................

...THE CINCINNATI CLIMATE SUMMARY FOR THE MONTH OF JULY 2014...

CLIMATE NORMAL PERIOD 1981 TO 2010
CLIMATE RECORD PERIOD 1869 TO 2014

WEATHER         OBSERVED          NORMAL  DEPART  LAST YEAR`S
                 VALUE   DATE(S)  VALUE   FROM    VALUE  DATE(S)
                                          NORMAL
................................................................
TEMPERATURE (F)
RECORD
 HIGH             108   07/22/1934
                        07/21/1934
 LOW               47   07/11/1963
HIGHEST            91   07/22        86       5       93  07/18
                                                          07/17
                                                          07/16
LOWEST             50   07/29        65     -15       53  07/28
AVG. MAXIMUM     81.4              85.6    -4.2     83.0
AVG. MINIMUM     61.8              66.1    -4.3     66.0
MEAN             71.6              75.9    -4.3     74.5
DAYS MAX >= 90      1               6.2    -5.2        4
DAYS MAX <= 32      0               0.0     0.0        0
DAYS MIN <= 32      0               0.0     0.0        0
DAYS MIN <= 0       0               0.0     0.0        0

PRECIPITATION (INCHES)
TOTALS           2.83              3.76   -0.93     5.46
DAILY AVG.       0.09              0.12   -0.03     0.18
DAYS >= .01        10              10.6    -0.6       12
DAYS >= .10         7               6.9     0.1        9
DAYS >= .50         2               2.6    -0.6        4
DAYS >= 1.00        0               0.9    -0.9        2
GREATEST
 24 HR. TOTAL    0.84   07/13 TO 07/14

SNOWFALL (INCHES)
TOTALS            0.0               0.0     0.0      0.0
SINCE 7/1         0.0               0.0     0.0      0.0
DAYS >= TRACE       0               0.0     0.0        0
DAYS >= 1.0         0               0.0     0.0        0
GREATEST
 24 HR TOTAL      0.0

DEGREE_DAYS
HEATING TOTAL       5                 0       5        2
 SINCE 7/1          5                 0       5        2
COOLING TOTAL     217               339    -122      304
 SINCE 1/1        625               659     -34      682
..................................................

WIND (MPH)
AVERAGE WIND SPEED              6.7
RESULTANT WIND SPEED/DIRECTION   3/260
HIGHEST WIND SPEED/DIRECTION    38/280    DATE  07/01
HIGHEST GUST SPEED/DIRECTION    47/280    DATE  07/01

SKY COVER
AVERAGE SKY COVER           0.50

AVERAGE RH (PERCENT)     69

WEATHER CONDITIONS. NUMBER OF DAYS WITH
THUNDERSTORM              0     MIXED PRECIP               0
HEAVY RAIN                5     RAIN                       5
LIGHT RAIN               14     FREEZING RAIN              0
LT FREEZING RAIN          0     HAIL                       0
HEAVY SNOW                0     SNOW                       0
LIGHT SNOW                0     SLEET                      0
FOG                      19     FOG W/VIS <= 1/4 MILE      1
HAZE                     11

-  INDICATES NEGATIVE NUMBERS.
R  INDICATES RECORD WAS SET OR TIED.
MM INDICATES DATA IS MISSING.
T  INDICATES TRACE AMOUNT.

$$





U.S. Dept. of Commerce
NOAA National Weather Service
1325 East West Highway
Silver Spring, MD 20910
E-mail: w-nws.webmaster@noaa.gov
Page last modified: May 16, 2007
NATIONAL WEATHER SERVICE: for Safety, for Work, for Fun - FOR LIFE