041
CXUS51 KILN 011204
CLMCVG


CLIMATE REPORT
NATIONAL WEATHER SERVICE WILMINGTON OH
755 AM EDT WED OCT 1 2014

...................................

...THE CINCINNATI CLIMATE SUMMARY FOR THE MONTH OF SEPTEMBER 2014...

CLIMATE NORMAL PERIOD 1981 TO 2010
CLIMATE RECORD PERIOD 1869 TO 2014

WEATHER         OBSERVED          NORMAL  DEPART  LAST YEAR`S
                 VALUE   DATE(S)  VALUE   FROM    VALUE  DATE(S)
                                          NORMAL
................................................................
TEMPERATURE (F)
RECORD
 HIGH             102   09/02/1953
                        09/01/1953
 LOW               31   09/30/1993
HIGHEST            89   09/05        78      11       92  09/10
LOWEST             45   09/23        56     -11       48  09/15
AVG. MAXIMUM     77.5              78.1    -0.6     78.9
AVG. MINIMUM     56.4              57.0    -0.6     58.6
MEAN             66.9              67.6    -0.7     68.7
DAYS MAX >= 90      0               1.6    -1.6        2
DAYS MAX <= 32      0               0.0     0.0        0
DAYS MIN <= 32      0               0.0     0.0        0
DAYS MIN <= 0       0               0.0     0.0        0

PRECIPITATION (INCHES)
TOTALS           3.20              2.63    0.57     3.65
DAILY AVG.       0.11              0.09    0.02     0.12
DAYS >= .01         6               7.7    -1.7        9
DAYS >= .10         5               4.5     0.5        4
DAYS >= .50         3               1.7     1.3        2
DAYS >= 1.00        1               0.7     0.3        1
GREATEST
 24 HR. TOTAL    1.68   09/10 TO 09/11           09/20 TO 09/20
                                                          09/30 TO 09/30
                                                          09/30 TO 09/30
 STORM TOTAL       MM                                 MM
 (MM/DD(HH))            MM                    09/20(00) TO 09/20(00)
                                                 09/30(00) TO 09/30(00)0
                                                 09/30(00) TO 09/30(00)0

SNOWFALL (INCHES)
TOTALS            0.0               0.0     0.0      0.0
SINCE 7/1         0.0               0.0     0.0      0.0
DAYS >= TRACE       0               0.0     0.0        0
DAYS >= 1.0         0               0.0     0.0        0
GREATEST
 24 HR TOTAL      0.0   09/30 TO 09/30           09/30 TO 09/30
                                                          09/30 TO 09/30
                                                          09/30 TO 09/30
 STORM TOTAL       MM                                 MM
 (MM/DD(HH))            MM                    09/30(00) TO 09/30(00)
                                                 09/30(00) TO 09/30(00)0
                                                 09/30(00) TO 09/30(00)0

DEGREE_DAYS
HEATING TOTAL      51                58      -7       26
 SINCE 7/1         56                58      -2       30
COOLING TOTAL     118               137     -19      144
 SINCE 1/1       1064              1105     -41     1120
.................................................

WIND (MPH)
AVERAGE WIND SPEED              5.8
RESULTANT WIND SPEED/DIRECTION   1/017
HIGHEST WIND SPEED/DIRECTION    38/280    DATE  09/10
HIGHEST GUST SPEED/DIRECTION    46/280    DATE  09/10

SKY COVER
AVERAGE SKY COVER           0.40

AVERAGE RH (PERCENT)     68

WEATHER CONDITIONS. NUMBER OF DAYS WITH
THUNDERSTORM              0     MIXED PRECIP               0
HEAVY RAIN                4     RAIN                       4
LIGHT RAIN                6     FREEZING RAIN              0
LT FREEZING RAIN          0     HAIL                       0
HEAVY SNOW                0     SNOW                       0
LIGHT SNOW                0     SLEET                      0
FOG                      19     FOG W/VIS <= 1/4 MILE      2
HAZE                      9

-  INDICATES NEGATIVE NUMBERS.
R  INDICATES RECORD WAS SET OR TIED.
MM INDICATES DATA IS MISSING.
T  INDICATES TRACE AMOUNT.

$$





U.S. Dept. of Commerce
NOAA National Weather Service
1325 East West Highway
Silver Spring, MD 20910
E-mail: w-nws.webmaster@noaa.gov
Page last modified: May 16, 2007
NATIONAL WEATHER SERVICE: for Safety, for Work, for Fun - FOR LIFE