041
CXUS51 KILN 011140
CLMCVG


CLIMATE REPORT
NATIONAL WEATHER SERVICE WILMINGTON OH
739 AM EDT TUE JUL 1 2014

...................................

...THE CINCINNATI CLIMATE SUMMARY FOR THE MONTH OF JUNE 2014...

CLIMATE NORMAL PERIOD 1981 TO 2010
CLIMATE RECORD PERIOD 1869 TO 2014

WEATHER         OBSERVED          NORMAL  DEPART  LAST YEAR`S
                 VALUE   DATE(S)  VALUE   FROM    VALUE  DATE(S)
                                          NORMAL
................................................................
TEMPERATURE (F)
RECORD
 HIGH             102   06/25/1988
                        06/28/1944
                        06/27/1944
 LOW               39   06/11/1972
HIGHEST            90   06/23        82       8       91  06/12
                        06/19
LOWEST             47   06/14        61     -14       55  06/04
AVG. MAXIMUM     83.2              82.1     1.1     82.3
AVG. MINIMUM     64.3              62.0     2.3     63.0
MEAN             73.8              72.1     1.7     72.7
DAYS MAX >= 90      2               2.6    -0.6        2
DAYS MAX <= 32      0               0.0     0.0        0
DAYS MIN <= 32      0               0.0     0.0        0
DAYS MIN <= 0       0               0.0     0.0        0

PRECIPITATION (INCHES)
TOTALS           6.22              4.03    2.19     6.02
DAILY AVG.       0.21              0.13    0.08     0.20
DAYS >= .01        12              11.5     0.5       12
DAYS >= .10        10               7.4     2.6        7
DAYS >= .50         4               2.7     1.3        4
DAYS >= 1.00        2               0.9     1.1        2
GREATEST
 24 HR. TOTAL    2.21   06/24 TO 06/24           06/26 TO 06/26
                        06/23 TO 06/24                    06/30 TO 06/30
                        06/24 TO 06/24                    06/30 TO 06/30
 STORM TOTAL       MM                                 MM
 (MM/DD(HH))            MM                    06/26(00) TO 06/26(00)
                                                 06/30(00) TO 06/30(00)0
                                                 06/30(00) TO 06/30(00)0

SNOWFALL (INCHES)
TOTALS            0.0               0.0     0.0      0.0
SINCE 7/1        47.5              22.1    25.4     25.2
DAYS >= TRACE       0               0.0     0.0        0
DAYS >= 1.0         0               0.0     0.0        0
GREATEST
 24 HR TOTAL      0.0   06/30 TO 06/30           06/30 TO 06/30
                                                          06/30 TO 06/30
                                                          06/30 TO 06/30
 STORM TOTAL       MM                                 MM
 (MM/DD(HH))            MM                    06/30(00) TO 06/30(00)
                                                 06/30(00) TO 06/30(00)0
                                                 06/30(00) TO 06/30(00)0

DEGREE_DAYS
HEATING TOTAL       3                15     -12        1
 SINCE 7/1       5409              4975     434     4981
COOLING TOTAL     274               226      48      239
 SINCE 1/1        408               320      88      378
.................................................

WIND (MPH)
AVERAGE WIND SPEED              6.9
RESULTANT WIND SPEED/DIRECTION   3/200
HIGHEST WIND SPEED/DIRECTION    31/180    DATE  06/01
HIGHEST GUST SPEED/DIRECTION    40/180    DATE  06/01

SKY COVER
AVERAGE SKY COVER           0.70

AVERAGE RH (PERCENT)     70

WEATHER CONDITIONS. NUMBER OF DAYS WITH
THUNDERSTORM              0     MIXED PRECIP               0
HEAVY RAIN                5     RAIN                       6
LIGHT RAIN               15     FREEZING RAIN              0
LT FREEZING RAIN          0     HAIL                       0
HEAVY SNOW                0     SNOW                       0
LIGHT SNOW                0     SLEET                      0
FOG                      20     FOG W/VIS <= 1/4 MILE      2
HAZE                     11

-  INDICATES NEGATIVE NUMBERS.
R  INDICATES RECORD WAS SET OR TIED.
MM INDICATES DATA IS MISSING.
T  INDICATES TRACE AMOUNT.

$$





U.S. Dept. of Commerce
NOAA National Weather Service
1325 East West Highway
Silver Spring, MD 20910
E-mail: w-nws.webmaster@noaa.gov
Page last modified: May 16, 2007
NATIONAL WEATHER SERVICE: for Safety, for Work, for Fun - FOR LIFE