345
CXUS51 KILN 011255
CLMCVG


CLIMATE REPORT
NATIONAL WEATHER SERVICE WILMINGTON OH
732 AM EST MON DEC 1 2014

...................................

...THE CINCINNATI CLIMATE SUMMARY FOR THE MONTH OF NOVEMBER 2014...

CLIMATE NORMAL PERIOD 1981 TO 2010
CLIMATE RECORD PERIOD 1869 TO 2014

WEATHER         OBSERVED          NORMAL  DEPART  LAST YEAR`S
                 VALUE   DATE(S)  VALUE   FROM    VALUE  DATE(S)
                                          NORMAL
................................................................
TEMPERATURE (F)
RECORD
 HIGH              81   11/02/1987
                        11/17/1958
                        11/03/1946
 LOW                0   11/25/1950
HIGHEST            67   11/30        53      14       66  11/17
                        11/11                             11/06
                        11/04
LOWEST             11   11/21        35     -24       15  11/24
                        11/19
AVG. MAXIMUM     47.5              54.0    -6.5     50.4
AVG. MINIMUM     29.8              36.2    -6.4     32.2
MEAN             38.7              45.1    -6.4     41.3
DAYS MAX >= 90      0               0.0     0.0        0
DAYS MAX <= 32      3               0.5     2.5        1
DAYS MIN <= 32     20              11.0     9.0       16
DAYS MIN <= 0       0               0.0     0.0        0

PRECIPITATION (INCHES)
TOTALS           1.77              3.43   -1.66     2.19
DAILY AVG.       0.06              0.11   -0.05     0.07
DAYS >= .01         9              10.6    -1.6       11
DAYS >= .10         6               6.7    -0.7        3
DAYS >= .50         1               2.5    -1.5        1
DAYS >= 1.00        0               0.7    -0.7        1
GREATEST
 24 HR. TOTAL    0.88   11/23 TO 11/24           11/17 TO 11/17
                                                          12/26 TO 12/26
                                                          12/26 TO 12/26
 STORM TOTAL       MM                                 MM
 (MM/DD(HH))            MM                    11/17(00) TO 11/17(00)
                                                 12/26(00) TO 12/26(00)6
                                                 12/26(00) TO 12/26(00)6

SNOWFALL (INCHES)
TOTALS            5.1               0.4     4.7      2.4
SINCE 7/1         5.1               0.8     4.3      2.4
DAYS >= TRACE      10               0.8     9.2        7
DAYS >= 1.0         1               0.1     0.9        1
GREATEST
 24 HR TOTAL      4.9   MM                       12/26 TO 12/26
                                                          12/26 TO 12/26
                                                          12/26 TO 12/26
 STORM TOTAL       MM                                 MM
 (MM/DD(HH))            MM                    12/26(00) TO 12/26(00)
                                                 12/26(00) TO 12/26(00)6
                                                 12/26(00) TO 12/26(00)6

DEGREE_DAYS
HEATING TOTAL     782               598     184      703
 SINCE 7/1       1138               960     178     1036
COOLING TOTAL       0                 0       0        0
 SINCE 1/1       1077              1121     -44     1150
.......................................................

WIND (MPH)
AVERAGE WIND SPEED              9.5
RESULTANT WIND SPEED/DIRECTION   5/233
HIGHEST WIND SPEED/DIRECTION    31/220    DATE  11/24
HIGHEST GUST SPEED/DIRECTION    46/240    DATE  11/24

SKY COVER
AVERAGE SKY COVER           0.70

AVERAGE RH (PERCENT)     62

WEATHER CONDITIONS. NUMBER OF DAYS WITH
THUNDERSTORM              0     MIXED PRECIP               0
HEAVY RAIN                3     RAIN                       3
LIGHT RAIN                9     FREEZING RAIN              0
LT FREEZING RAIN          0     HAIL                       0
HEAVY SNOW                1     SNOW                       0
LIGHT SNOW                9     SLEET                      0
FOG                      13     FOG W/VIS <= 1/4 MILE      1
HAZE                     11

-  INDICATES NEGATIVE NUMBERS.
R  INDICATES RECORD WAS SET OR TIED.
MM INDICATES DATA IS MISSING.
T  INDICATES TRACE AMOUNT.

RECORD LOW OF 12 DEGREES TIED ON NOV 18TH - OLD RECORD 12 DEGREES SET IN 1880
RECORD LOW OF 11 DEGREES TIED ON NOV 21ST - OLD RECORD 11 DEGREES SET IN 1964
RECORD HIGH MINIMUM SET ON NOV 30TH - OLD RECORD 55 DEGREES SET IN 1998,1913
NOVEMBER 2014 WAS THE 7TH COLDEST NOVEMBER ON RECORD. HERE IS THE TOP 6 COLDEST -
1976 - 34.9, 1880 - 37.2, 1995 - 37.5, 1951 - 37.6, 1996 - 37.8, 1950 - 37.8



$$





U.S. Dept. of Commerce
NOAA National Weather Service
1325 East West Highway
Silver Spring, MD 20910
E-mail: w-nws.webmaster@noaa.gov
Page last modified: May 16, 2007
NATIONAL WEATHER SERVICE: for Safety, for Work, for Fun - FOR LIFE