715
CXUS53 KUNR 011621
CLMCUT


CLIMATE REPORT
NATIONAL WEATHER SERVICE RAPID CITY SD
1020 AM MDT MON SEP 1 2014

...................................

...THE CUSTER COUNTY AIRPORT SD CLIMATE SUMMARY FOR THE MONTH OF AUGUST 2014...

CLIMATE NORMAL PERIOD 1981 TO 2010
CLIMATE RECORD PERIOD 9999 TO 9999

WEATHER         OBSERVED          NORMAL  DEPART  LAST YEAR`S
                 VALUE   DATE(S)  VALUE   FROM    VALUE  DATE(S)
                                          NORMAL
................................................................
TEMPERATURE (F)
HIGHEST            88   08/13                         88  08/30
LOWEST             46   08/31                         47  08/12
                        08/30                             08/03
                        08/25
AVG. MAXIMUM     77.1              77.7    -0.6     78.1
AVG. MINIMUM     51.9              50.1     1.8     52.8
MEAN             64.5              63.9     0.6     65.4
DAYS MAX >= 90      0                                  0
DAYS MAX <= 32      0                                  0
DAYS MIN <= 32      0                                  0
DAYS MIN <= 0       0                                  0

PRECIPITATION (INCHES)
TOTALS           1.90              2.15   -0.25     3.95
DAILY AVG.       0.06              0.07   -0.01     0.13
DAYS >= .01        11                                 16
DAYS >= .10         3                                  9
DAYS >= .50         1                                  2
DAYS >= 1.00        1                                  2
GREATEST
 24 HR. TOTAL    1.23   08/06 TO 08/06              1.38

DEGREE_DAYS
HEATING TOTAL      52                93     -41       55
 SINCE 7/1        131               154     -23       97
COOLING TOTAL      44                59     -15       75
 SINCE 1/1        134               166     -32      149
.................................................................

WIND (MPH)
AVERAGE WIND SPEED              6.2
HIGHEST WIND SPEED/DIRECTION    30/270    DATE  08/24
HIGHEST GUST SPEED/DIRECTION    43/280    DATE  08/24

AVERAGE RH (PERCENT)     62

WEATHER CONDITIONS. NUMBER OF DAYS WITH
THUNDERSTORM              0     MIXED PRECIP               0
HEAVY RAIN                1     RAIN                       3
LIGHT RAIN               19     FREEZING RAIN              0
LT FREEZING RAIN          0     HAIL                       0
HEAVY SNOW                0     SNOW                       0
LIGHT SNOW                0     SLEET                      0
FOG                      10     FOG W/VIS <= 1/4 MILE      1
HAZE                      1

-  INDICATES NEGATIVE NUMBERS.
R  INDICATES RECORD WAS SET OR TIED.
MM INDICATES DATA IS MISSING.
T  INDICATES TRACE AMOUNT.

$$




U.S. Dept. of Commerce
NOAA National Weather Service
1325 East West Highway
Silver Spring, MD 20910
E-mail: w-nws.webmaster@noaa.gov
Page last modified: May 16, 2007
NATIONAL WEATHER SERVICE: for Safety, for Work, for Fun - FOR LIFE