108
CXUS53 KUNR 011624
CLMCUT


CLIMATE REPORT
NATIONAL WEATHER SERVICE RAPID CITY SD
1007 AM MDT TUE APR 1 2014

...................................

...THE CUSTER COUNTY AIRPORT SD CLIMATE SUMMARY FOR THE MONTH OF MARCH 2014...

CLIMATE NORMAL PERIOD 1981 TO 2010
CLIMATE RECORD PERIOD 9999 TO 9999

WEATHER         OBSERVED          NORMAL  DEPART  LAST YEAR`S
                 VALUE   DATE(S)  VALUE   FROM    VALUE  DATE(S)
                                          NORMAL
................................................................
TEMPERATURE (F)
HIGHEST            60   03/29                         61  03/15
                                                          03/14
LOWEST            -16R  03/02                         -5  03/25
AVG. MAXIMUM     41.8              41.8     0.0     42.0
AVG. MINIMUM     19.7              21.1    -1.4     17.5
MEAN             30.8              31.5    -0.7     29.8
DAYS MAX >= 90      0                                  0
DAYS MAX <= 32      5                                  6
DAYS MIN <= 32     30                                 28
DAYS MIN <= 0       2                                  1

PRECIPITATION (INCHES)
TOTALS           1.20              1.01    0.19     0.74
DAILY AVG.       0.04              0.03    0.01     0.02
DAYS >= .01        11                                  4
DAYS >= .10         5                                  2
DAYS >= .50         0                                  0
DAYS >= 1.00        0                                  0
GREATEST
 24 HR. TOTAL    0.30   03/01 TO 03/01              0.34

DEGREE_DAYS
HEATING TOTAL    1052              1040      12     1085
 SINCE 7/1       6910              6875      35     6627
COOLING TOTAL       0                 0       0        0
 SINCE 1/1          0                 0       0        0
.................................................................

WIND (MPH)
AVERAGE WIND SPEED              8.0
HIGHEST WIND SPEED/DIRECTION    31/260    DATE  03/29
HIGHEST GUST SPEED/DIRECTION    43/250    DATE  03/29

AVERAGE RH (PERCENT)     63

WEATHER CONDITIONS. NUMBER OF DAYS WITH
THUNDERSTORM              0     MIXED PRECIP               0
HEAVY RAIN                1     RAIN                       0
LIGHT RAIN                4     FREEZING RAIN              0
LT FREEZING RAIN          2     HAIL                       0
HEAVY SNOW                3     SNOW                       4
LIGHT SNOW               13     SLEET                      0
FOG                      14     FOG W/VIS <= 1/4 MILE      7
HAZE                      2

-  INDICATES NEGATIVE NUMBERS.
R  INDICATES RECORD WAS SET OR TIED.
MM INDICATES DATA IS MISSING.
T  INDICATES TRACE AMOUNT.

$$




U.S. Dept. of Commerce
NOAA National Weather Service
1325 East West Highway
Silver Spring, MD 20910
E-mail: w-nws.webmaster@noaa.gov
Page last modified: May 16, 2007
NATIONAL WEATHER SERVICE: for Safety, for Work, for Fun - FOR LIFE