129
CXUS53 KUNR 011614
CLMCUT


CLIMATE REPORT
NATIONAL WEATHER SERVICE RAPID CITY SD
914 AM MST MON DEC 1 2014

...................................

...THE CUSTER COUNTY AIRPORT SD CLIMATE SUMMARY FOR THE MONTH OF NOVEMBER 2014...

CLIMATE NORMAL PERIOD 1981 TO 2010
CLIMATE RECORD PERIOD 9999 TO 9999

WEATHER         OBSERVED          NORMAL  DEPART  LAST YEAR`S
                 VALUE   DATE(S)  VALUE   FROM    VALUE  DATE(S)
                                          NORMAL
................................................................
TEMPERATURE (F)
HIGHEST            68   11/01                         59  11/13
LOWEST            -14R  11/13                         -1  11/22
                                                          11/21
AVG. MAXIMUM     37.8              42.1    -4.3     43.0
AVG. MINIMUM     16.2              21.1    -4.9     20.9
MEAN             27.0              31.6    -4.6     31.9
DAYS MAX >= 90      0                                  0
DAYS MAX <= 32     12                                  3
DAYS MIN <= 32     25                                 28
DAYS MIN <= 0       7                                  2

PRECIPITATION (INCHES)
TOTALS           0.91              0.61    0.30     0.61
DAILY AVG.       0.03              0.02    0.01     0.02
DAYS >= .01         9                                  9
DAYS >= .10         3                                  2
DAYS >= .50         0                                  0
DAYS >= 1.00        0                                  0
GREATEST
 24 HR. TOTAL    0.38   11/10 TO 11/10              0.38

DEGREE_DAYS
HEATING TOTAL    1132              1002     130      984
 SINCE 7/1       2088              2181     -93     2112
COOLING TOTAL       0                 0       0        0
 SINCE 1/1        152               177     -25      187
.................................................................

WIND (MPH)
AVERAGE WIND SPEED              7.6
HIGHEST WIND SPEED/DIRECTION    29/280    DATE  11/29
HIGHEST GUST SPEED/DIRECTION    47/290    DATE  11/23

AVERAGE RH (PERCENT)     59

WEATHER CONDITIONS. NUMBER OF DAYS WITH
THUNDERSTORM              0     MIXED PRECIP               0
HEAVY RAIN                0     RAIN                       0
LIGHT RAIN                3     FREEZING RAIN              0
LT FREEZING RAIN          0     HAIL                       0
HEAVY SNOW                2     SNOW                       3
LIGHT SNOW               11     SLEET                      0
FOG                       8     FOG W/VIS <= 1/4 MILE      2
HAZE                      7

-  INDICATES NEGATIVE NUMBERS.
R  INDICATES RECORD WAS SET OR TIED.
MM INDICATES DATA IS MISSING.
T  INDICATES TRACE AMOUNT.

$$




U.S. Dept. of Commerce
NOAA National Weather Service
1325 East West Highway
Silver Spring, MD 20910
E-mail: w-nws.webmaster@noaa.gov
Page last modified: May 16, 2007
NATIONAL WEATHER SERVICE: for Safety, for Work, for Fun - FOR LIFE