850
CXUS53 KUNR 011644
CLMCUT


CLIMATE REPORT
NATIONAL WEATHER SERVICE RAPID CITY SD
1041 AM MDT SAT NOV 1 2014

...................................

...THE CUSTER COUNTY AIRPORT SD CLIMATE SUMMARY FOR THE MONTH OF OCTOBER 2014...

CLIMATE NORMAL PERIOD 1981 TO 2010
CLIMATE RECORD PERIOD 9999 TO 9999

WEATHER         OBSERVED          NORMAL  DEPART  LAST YEAR`S
                 VALUE   DATE(S)  VALUE   FROM    VALUE  DATE(S)
                                          NORMAL
................................................................
TEMPERATURE (F)
HIGHEST            72   10/21                         66  10/25
                        10/15
                        10/08
LOWEST             24   10/03                         20  10/29
                                                          10/28
AVG. MAXIMUM     59.9              54.4     5.5     48.0
AVG. MINIMUM     34.8              30.9     3.9     29.2
MEAN             47.4              42.7     4.7     38.6
DAYS MAX >= 90      0                                  0
DAYS MAX <= 32      0                                  3
DAYS MIN <= 32     15                                 23
DAYS MIN <= 0       0                                  0

PRECIPITATION (INCHES)
TOTALS           0.21              1.47   -1.26     3.56
DAILY AVG.       0.01              0.05   -0.04     0.11
DAYS >= .01         3                                 11
DAYS >= .10         1                                  5
DAYS >= .50         0                                  3
DAYS >= 1.00        0                                  1
GREATEST
 24 HR. TOTAL    0.12   10/12 TO 10/12              1.37

DEGREE_DAYS
HEATING TOTAL     540               693    -153      809
 SINCE 7/1        956              1179    -223     1128
COOLING TOTAL       0                 0       0        0
 SINCE 1/1        152               177     -25      187
.................................................................

WIND (MPH)
AVERAGE WIND SPEED              7.1
HIGHEST WIND SPEED/DIRECTION    33/290    DATE  10/06
HIGHEST GUST SPEED/DIRECTION    46/300    DATE  10/06

AVERAGE RH (PERCENT)     55

WEATHER CONDITIONS. NUMBER OF DAYS WITH
THUNDERSTORM              0     MIXED PRECIP               0
HEAVY RAIN                0     RAIN                       1
LIGHT RAIN                8     FREEZING RAIN              0
LT FREEZING RAIN          0     HAIL                       0
HEAVY SNOW                0     SNOW                       0
LIGHT SNOW                1     SLEET                      0
FOG                       7     FOG W/VIS <= 1/4 MILE      3
HAZE                      0

-  INDICATES NEGATIVE NUMBERS.
R  INDICATES RECORD WAS SET OR TIED.
MM INDICATES DATA IS MISSING.
T  INDICATES TRACE AMOUNT.

$$




U.S. Dept. of Commerce
NOAA National Weather Service
1325 East West Highway
Silver Spring, MD 20910
E-mail: w-nws.webmaster@noaa.gov
Page last modified: May 16, 2007
NATIONAL WEATHER SERVICE: for Safety, for Work, for Fun - FOR LIFE