402
CXUS53 KUNR 011604
CLMCUT


CLIMATE REPORT
NATIONAL WEATHER SERVICE RAPID CITY SD
1004 AM MDT TUE JUL 1 2014

...................................

...THE CUSTER COUNTY AIRPORT SD CLIMATE SUMMARY FOR THE MONTH OF JUNE 2014...

CLIMATE NORMAL PERIOD 1981 TO 2010
CLIMATE RECORD PERIOD 9999 TO 9999

WEATHER         OBSERVED          NORMAL  DEPART  LAST YEAR`S
                 VALUE   DATE(S)  VALUE   FROM    VALUE  DATE(S)
                                          NORMAL
................................................................
TEMPERATURE (F)
HIGHEST            82   06/21                         85  06/26
LOWEST             34   06/12                         30  06/05
AVG. MAXIMUM     67.0              70.7    -3.7     72.0
AVG. MINIMUM     44.4              46.3    -1.9     45.3
MEAN             55.7              58.5    -2.8     58.7
DAYS MAX >= 90      0                                  0
DAYS MAX <= 32      0                                  0
DAYS MIN <= 32      0                                  2
DAYS MIN <= 0       0                                  0

PRECIPITATION (INCHES)
TOTALS           3.39              3.22    0.17     1.65
DAILY AVG.       0.12              0.11    0.01     0.05
DAYS >= .01        17                                  7
DAYS >= .10        10                                  6
DAYS >= .50         3                                  1
DAYS >= 1.00        0                                  0
GREATEST
 24 HR. TOTAL    0.69   06/21 TO 06/22              0.50

DEGREE_DAYS
HEATING TOTAL     273               220      53      193
 SINCE 7/1       8433              8389      44     8273
COOLING TOTAL       1                25     -24        9
 SINCE 1/1          5                26     -21       11
.................................................................

WIND (MPH)
AVERAGE WIND SPEED              6.9
HIGHEST WIND SPEED/DIRECTION    37/280    DATE  06/30
HIGHEST GUST SPEED/DIRECTION    54/280    DATE  06/30

AVERAGE RH (PERCENT)     67

WEATHER CONDITIONS. NUMBER OF DAYS WITH
THUNDERSTORM              0     MIXED PRECIP               0
HEAVY RAIN                7     RAIN                      10
LIGHT RAIN               20     FREEZING RAIN              0
LT FREEZING RAIN          0     HAIL                       0
HEAVY SNOW                0     SNOW                       0
LIGHT SNOW                0     SLEET                      0
FOG                      16     FOG W/VIS <= 1/4 MILE      5
HAZE                      1

-  INDICATES NEGATIVE NUMBERS.
R  INDICATES RECORD WAS SET OR TIED.
MM INDICATES DATA IS MISSING.
T  INDICATES TRACE AMOUNT.

$$




U.S. Dept. of Commerce
NOAA National Weather Service
1325 East West Highway
Silver Spring, MD 20910
E-mail: w-nws.webmaster@noaa.gov
Page last modified: May 16, 2007
NATIONAL WEATHER SERVICE: for Safety, for Work, for Fun - FOR LIFE