291
CXUS53 KUNR 011604
CLMCUT


CLIMATE REPORT
NATIONAL WEATHER SERVICE RAPID CITY SD
1003 AM MDT WED OCT 1 2014

...................................

...THE CUSTER COUNTY AIRPORT SD CLIMATE SUMMARY FOR THE MONTH OF SEPTEMBER 2014...

CLIMATE NORMAL PERIOD 1981 TO 2010
CLIMATE RECORD PERIOD 9999 TO 9999

WEATHER         OBSERVED          NORMAL  DEPART  LAST YEAR`S
                 VALUE   DATE(S)  VALUE   FROM    VALUE  DATE(S)
                                          NORMAL
................................................................
TEMPERATURE (F)
HIGHEST            87   09/26                         87  09/03
LOWEST             23R  09/12                         30  09/28
AVG. MAXIMUM     69.2              67.7     1.5     71.3
AVG. MINIMUM     42.5              40.9     1.6     46.1
MEAN             55.9              54.3     1.6     58.7
DAYS MAX >= 90      0                                  0
DAYS MAX <= 32      1                                  0
DAYS MIN <= 32      5                                  2
DAYS MIN <= 0       0                                  0

PRECIPITATION (INCHES)
TOTALS           4.42              1.57    2.85     1.30
DAILY AVG.       0.15              0.05    0.10     0.04
DAYS >= .01         7                                  6
DAYS >= .10         5                                  5
DAYS >= .50         2                                  1
DAYS >= 1.00        2                                  0
GREATEST
 24 HR. TOTAL    2.59   09/29 TO 09/30              0.64

DEGREE_DAYS
HEATING TOTAL     285               332     -47      222
 SINCE 7/1        416               486     -70      319
COOLING TOTAL      18                11       7       38
 SINCE 1/1        152               177     -25      187
.................................................................

WIND (MPH)
AVERAGE WIND SPEED              5.9
HIGHEST WIND SPEED/DIRECTION    29/280    DATE  09/30
HIGHEST GUST SPEED/DIRECTION    42/290    DATE  09/30

AVERAGE RH (PERCENT)     58

WEATHER CONDITIONS. NUMBER OF DAYS WITH
THUNDERSTORM              0     MIXED PRECIP               0
HEAVY RAIN                3     RAIN                       3
LIGHT RAIN                8     FREEZING RAIN              0
LT FREEZING RAIN          0     HAIL                       0
HEAVY SNOW                2     SNOW                       2
LIGHT SNOW                3     SLEET                      0
FOG                       8     FOG W/VIS <= 1/4 MILE      3
HAZE                      1

-  INDICATES NEGATIVE NUMBERS.
R  INDICATES RECORD WAS SET OR TIED.
MM INDICATES DATA IS MISSING.
T  INDICATES TRACE AMOUNT.

$$




U.S. Dept. of Commerce
NOAA National Weather Service
1325 East West Highway
Silver Spring, MD 20910
E-mail: w-nws.webmaster@noaa.gov
Page last modified: May 16, 2007
NATIONAL WEATHER SERVICE: for Safety, for Work, for Fun - FOR LIFE