812
CXUS42 KFFC 041915
CLMCSG


CLIMATE REPORT
NATIONAL WEATHER SERVICE PEACHTREE CITY GA
313 PM EDT FRI JUL 4 2014

...................................

...THE COLUMBUS CLIMATE SUMMARY FOR THE MONTH OF JUNE 2014...

CLIMATE NORMAL PERIOD 1981 TO 2010
CLIMATE RECORD PERIOD 1948 TO 2014

WEATHER         OBSERVED          NORMAL  DEPART  LAST YEAR`S
                 VALUE   DATE(S)  VALUE   FROM    VALUE  DATE(S)
                                          NORMAL
................................................................
TEMPERATURE (F)
RECORD
 HIGH             106   06/30/2012
 LOW               44   06/03/1956
HIGHEST            97   06/20       104      -7       95  06/13
                                                          06/12
LOWEST             67   06/12        48      19       67  06/08
                        06/02
AVG. MAXIMUM     89.8              90.0    -0.2     88.9
AVG. MINIMUM     70.2              69.7     0.5     71.2
MEAN             80.0              79.8     0.2     80.1
DAYS MAX >= 90     19              16.3     2.7       13
DAYS MAX <= 32      0               0.0     0.0        0
DAYS MIN <= 32      0               0.0     0.0        0
DAYS MIN <= 0       0               0.0     0.0        0

PRECIPITATION (INCHES)
RECORD
 MAXIMUM        10.83   1967
 MINIMUM         0.51   2000
TOTALS           4.21              3.72    0.49     7.32
DAILY AVG.       0.14              0.12    0.02     0.24
DAYS >= .01         9              10.0    -1.0       14
DAYS >= .10         5               6.6    -1.6       12
DAYS >= .50         2               2.7    -0.7        7
DAYS >= 1.00        1               0.7     0.3        2
GREATEST
 24 HR. TOTAL    2.40   06/23 TO 06/23           06/05 TO 06/06
                                                          06/30 TO 06/30
                                                          06/30 TO 06/30

DEGREE_DAYS
HEATING TOTAL       0                 0       0        0
 SINCE 7/1       2349              2120     229     1800
COOLING TOTAL     459               446      13      462
 SINCE 1/1        795               804      -9      825
.................................................

WIND (MPH)
AVERAGE WIND SPEED              4.6
HIGHEST WIND SPEED/DIRECTION    37/360    DATE  06/06
HIGHEST GUST SPEED/DIRECTION    52/330    DATE  06/08

SKY COVER
POSSIBLE SUNSHINE (PERCENT)   MM
AVERAGE SKY COVER           0.30
NUMBER OF DAYS FAIR           23
NUMBER OF DAYS PC              5
NUMBER OF DAYS CLOUDY          2

AVERAGE RH (PERCENT)     70

WEATHER CONDITIONS. NUMBER OF DAYS WITH
THUNDERSTORM              0     MIXED PRECIP               0
HEAVY RAIN                6     RAIN                       4
LIGHT RAIN               11     FREEZING RAIN              0
LT FREEZING RAIN          0     HAIL                       0
HEAVY SNOW                0     SNOW                       0
LIGHT SNOW                0     SLEET                      0
FOG                      11     FOG W/VIS <= 1/4 MILE      1
HAZE                      2

-  INDICATES NEGATIVE NUMBERS.
R  INDICATES RECORD WAS SET OR TIED.
MM INDICATES DATA IS MISSING.
T  INDICATES TRACE AMOUNT.

$$




U.S. Dept. of Commerce
NOAA National Weather Service
1325 East West Highway
Silver Spring, MD 20910
E-mail: w-nws.webmaster@noaa.gov
Page last modified: May 16, 2007
NATIONAL WEATHER SERVICE: for Safety, for Work, for Fun - FOR LIFE