122
CXUS42 KFFC 011542
CLMCSG


CLIMATE REPORT
NATIONAL WEATHER SERVICE PEACHTREE CITY GA
1041 AM EST THU JAN 1 2015

...................................

...THE COLUMBUS CLIMATE SUMMARY FOR THE MONTH OF DECEMBER 2014...

CLIMATE NORMAL PERIOD 1981 TO 2010
CLIMATE RECORD PERIOD 1948 TO 2014

WEATHER         OBSERVED          NORMAL  DEPART  LAST YEAR`S
                 VALUE   DATE(S)  VALUE   FROM    VALUE  DATE(S)
                                          NORMAL
................................................................
TEMPERATURE (F)
RECORD
 HIGH              82   12/05/1977
                        12/16/1971
 LOW                4   12/13/1962
HIGHEST            76   12/04        69       7       80  12/05
                        12/02
LOWEST             30   12/11        31      -1       26  12/13
AVG. MAXIMUM     62.3              59.3     3.0     61.0
AVG. MINIMUM     42.0              38.9     3.1     42.0
MEAN             52.1              49.1     3.0     51.5
DAYS MAX >= 90      0               0.0     0.0        0
DAYS MAX <= 32      0               0.1    -0.1        0
DAYS MIN <= 32      3               8.0    -5.0        7
DAYS MIN <= 0       0               0.0     0.0        0

PRECIPITATION (INCHES)
RECORD
 MAXIMUM        13.62   2009
 MINIMUM         0.43   1955
TOTALS           4.62              4.27    0.35     8.87
DAILY AVG.       0.15              0.14    0.01     0.29
DAYS >= .01        10               9.2     0.8       16
DAYS >= .10         6               6.3    -0.3        9
DAYS >= .50         3               2.9     0.1        4
DAYS >= 1.00        2               1.3     0.7        3
GREATEST
 24 HR. TOTAL    2.88   12/23 TO 12/24           12/22 TO 12/23
                                                          12/31 TO 12/31
                                                          12/31 TO 12/31

SNOWFALL (INCHES)
RECORDS
 TOTAL            9.0   2004
 24 HR TOTAL      9.0   12/22/2004 TO 12/22/2004
TOTALS            0.0               0.1    -0.1      0.0
SINCE 7/1         0.0               0.1    -0.1      0.0
SNOWDEPTH AVG.      0                MM      MM        0
DAYS >= TRACE       0               0.2    -0.2        0
DAYS >= 1.0         0               0.1    -0.1        0
GREATEST
 24 HR TOTAL      0.0   12/31 TO 12/31           12/31 TO 12/31
                                                          12/31 TO 12/31
                                                          12/31 TO 12/31

DEGREE_DAYS
HEATING TOTAL     395               497    -102      428
 SINCE 7/1        863               829      34      776
COOLING TOTAL       1                 4      -3       17
 SINCE 1/1       2314              2368     -54     2364
..................................................

WIND (MPH)
AVERAGE WIND SPEED              4.8
HIGHEST WIND SPEED/DIRECTION    21/290    DATE  12/24
HIGHEST GUST SPEED/DIRECTION    29/020    DATE  12/29

SKY COVER
POSSIBLE SUNSHINE (PERCENT)    0
AVERAGE SKY COVER           0.40
NUMBER OF DAYS FAIR           16
NUMBER OF DAYS PC              9
NUMBER OF DAYS CLOUDY          6

AVERAGE RH (PERCENT)     69

WEATHER CONDITIONS. NUMBER OF DAYS WITH
THUNDERSTORM              0     MIXED PRECIP               0
HEAVY RAIN                3     RAIN                       5
LIGHT RAIN               11     FREEZING RAIN              0
LT FREEZING RAIN          0     HAIL                       0
HEAVY SNOW                0     SNOW                       0
LIGHT SNOW                0     SLEET                      0
FOG                      14     FOG W/VIS <= 1/4 MILE      1
HAZE                      4

-  INDICATES NEGATIVE NUMBERS.
R  INDICATES RECORD WAS SET OR TIED.
MM INDICATES DATA IS MISSING.
T  INDICATES TRACE AMOUNT.

$$




U.S. Dept. of Commerce
NOAA National Weather Service
1325 East West Highway
Silver Spring, MD 20910
E-mail: w-nws.webmaster@noaa.gov
Page last modified: May 16, 2007
NATIONAL WEATHER SERVICE: for Safety, for Work, for Fun - FOR LIFE