541
CXUS42 KFFC 062056
CLMCSG


CLIMATE REPORT
NATIONAL WEATHER SERVICE PEACHTREE CITY GA
454 PM EDT WED AUG 6 2014

...................................

...THE COLUMBUS CLIMATE SUMMARY FOR THE MONTH OF JULY 2014...

CLIMATE NORMAL PERIOD 1981 TO 2010
CLIMATE RECORD PERIOD 1948 TO 2014

WEATHER         OBSERVED          NORMAL  DEPART  LAST YEAR`S
                 VALUE   DATE(S)  VALUE   FROM    VALUE  DATE(S)
                                          NORMAL
................................................................
TEMPERATURE (F)
RECORD
 HIGH             105   07/01/2012
 LOW               59   07/15/1967
                        07/01/1958
                        07/02/1950
HIGHEST            96   07/28        MM      MM       95  07/17
LOWEST             63   07/30        MM      MM       70  07/28
                                                          07/24
                                                          07/13
AVG. MAXIMUM     89.9              92.2    -2.3     88.0
AVG. MINIMUM     70.8              72.9    -2.1     72.2
MEAN             80.3              82.5    -2.2     80.1
DAYS MAX >= 90     17              22.5    -5.5       13
DAYS MAX <= 32      0               0.0     0.0        0
DAYS MIN <= 32      0               0.0     0.0        0
DAYS MIN <= 0       0               0.0     0.0        0

PRECIPITATION (INCHES)
RECORD
 MAXIMUM        13.24   1971
 MINIMUM         1.74   1957
TOTALS           4.49              4.76   -0.27     8.81
DAILY AVG.       0.14              0.15   -0.01     0.28
DAYS >= .01         9              11.7    -2.7       13
DAYS >= .10         6               7.7    -1.7       12
DAYS >= .50         4               3.3     0.7        6
DAYS >= 1.00        2               1.1     0.9        3
GREATEST
 24 HR. TOTAL    1.22   07/22 TO 07/22           07/23 TO 07/24
                        07/21 TO 07/22                    07/31 TO 07/31
                        07/22 TO 07/22                    07/31 TO 07/31

DEGREE_DAYS
HEATING TOTAL       0                 0       0        0
 SINCE 7/1          0                 0       0        0
COOLING TOTAL     482               544     -62      474
 SINCE 1/1       1277              1348     -71     1299
..................................................

WIND (MPH)
AVERAGE WIND SPEED              4.7
HIGHEST WIND SPEED/DIRECTION    30/310    DATE  07/09
HIGHEST GUST SPEED/DIRECTION    37/290    DATE  07/09

SKY COVER
POSSIBLE SUNSHINE (PERCENT)   MM
AVERAGE SKY COVER           0.30
NUMBER OF DAYS FAIR           22
NUMBER OF DAYS PC              7
NUMBER OF DAYS CLOUDY          2

AVERAGE RH (PERCENT)     68

WEATHER CONDITIONS. NUMBER OF DAYS WITH
THUNDERSTORM              0     MIXED PRECIP               0
HEAVY RAIN                6     RAIN                       7
LIGHT RAIN                9     FREEZING RAIN              0
LT FREEZING RAIN          0     HAIL                       0
HEAVY SNOW                0     SNOW                       0
LIGHT SNOW                0     SLEET                      0
FOG                      11     FOG W/VIS <= 1/4 MILE      1
HAZE                      5

-  INDICATES NEGATIVE NUMBERS.
R  INDICATES RECORD WAS SET OR TIED.
MM INDICATES DATA IS MISSING.
T  INDICATES TRACE AMOUNT.

$$




U.S. Dept. of Commerce
NOAA National Weather Service
1325 East West Highway
Silver Spring, MD 20910
E-mail: w-nws.webmaster@noaa.gov
Page last modified: May 16, 2007
NATIONAL WEATHER SERVICE: for Safety, for Work, for Fun - FOR LIFE