445
CXUS42 KFFC 011423
CLMCSG


CLIMATE REPORT
NATIONAL WEATHER SERVICE PEACHTREE CITY GA
1021 AM EDT SAT NOV 1 2014

...................................

...THE COLUMBUS CLIMATE SUMMARY FOR THE MONTH OF OCTOBER 2014...

CLIMATE NORMAL PERIOD 1981 TO 2010
CLIMATE RECORD PERIOD 1948 TO 2014

WEATHER         OBSERVED          NORMAL  DEPART  LAST YEAR`S
                 VALUE   DATE(S)  VALUE   FROM    VALUE  DATE(S)
                                          NORMAL
................................................................
TEMPERATURE (F)
RECORD
 HIGH              96   10/05/1954
 LOW               24   10/30/1952
HIGHEST            90   10/09        85       5       MM  MM
                        10/08
LOWEST             44   10/31        60     -16       MM  MM
                        10/05
AVG. MAXIMUM     79.9              77.3     2.6       MM
AVG. MINIMUM     55.0              55.6    -0.6       MM
MEAN             67.5              66.5     1.0       MM
DAYS MAX >= 90      2               0.6     1.4       MM
DAYS MAX <= 32      0               0.0     0.0       MM
DAYS MIN <= 32      0               0.0     0.0       MM
DAYS MIN <= 0       0               0.0     0.0       MM

PRECIPITATION (INCHES)
RECORD
 MAXIMUM         8.41   1995
 MINIMUM         0.00   1963
TOTALS           4.26              2.58    1.68       MM
DAILY AVG.       0.14              0.08    0.06       MM
DAYS >= .01         2               6.5    -4.5       MM
DAYS >= .10         2               4.0    -2.0       MM
DAYS >= .50         1               1.6    -0.6       MM
DAYS >= 1.00        1               0.8     0.2       MM
GREATEST
 24 HR. TOTAL    3.91   10/14 TO 10/14                MM

DEGREE_DAYS
HEATING TOTAL      44                73     -29       MM
 SINCE 7/1         44                76     -32       MM
COOLING TOTAL     128               118      10       MM
 SINCE 1/1       2309              2340     -31       MM
.................................................................

WIND (MPH)
AVERAGE WIND SPEED              4.0
HIGHEST WIND SPEED/DIRECTION    29/240    DATE  10/14
HIGHEST GUST SPEED/DIRECTION    37/320    DATE  10/31

SKY COVER
POSSIBLE SUNSHINE (PERCENT)   MM
AVERAGE SKY COVER           0.10
NUMBER OF DAYS FAIR           26
NUMBER OF DAYS PC              5
NUMBER OF DAYS CLOUDY          0

AVERAGE RH (PERCENT)     65

WEATHER CONDITIONS. NUMBER OF DAYS WITH
THUNDERSTORM              0     MIXED PRECIP               0
HEAVY RAIN                2     RAIN                       2
LIGHT RAIN                3     FREEZING RAIN              0
LT FREEZING RAIN          0     HAIL                       0
HEAVY SNOW                0     SNOW                       0
LIGHT SNOW                0     SLEET                      0
FOG                       6     FOG W/VIS <= 1/4 MILE      2
HAZE                      3

-  INDICATES NEGATIVE NUMBERS.
R  INDICATES RECORD WAS SET OR TIED.
MM INDICATES DATA IS MISSING.
T  INDICATES TRACE AMOUNT.

$$




U.S. Dept. of Commerce
NOAA National Weather Service
1325 East West Highway
Silver Spring, MD 20910
E-mail: w-nws.webmaster@noaa.gov
Page last modified: May 16, 2007
NATIONAL WEATHER SERVICE: for Safety, for Work, for Fun - FOR LIFE