955
CXUS51 KRLX 022211
CLMCRW


CLIMATE REPORT
NATIONAL WEATHER SERVICE CHARLESTON WV
510 PM EST TUE DEC 2 2014

...................................

...THE CHARLESTON CLIMATE SUMMARY FOR THE MONTH OF NOVEMBER 2014...

CLIMATE NORMAL PERIOD 1981 TO 2010
CLIMATE RECORD PERIOD 1901 TO 2014

WEATHER         OBSERVED          NORMAL  DEPART  LAST YEAR`S
                 VALUE   DATE(S)  VALUE   FROM    VALUE  DATE(S)
                                          NORMAL
................................................................
TEMPERATURE (F)
RECORD
 HIGH              87   11/23/1931
                        11/17/1931
 LOW                6   11/25/1950
                        11/30/1929
HIGHEST            75   11/11        MM      MM       77  11/06
LOWEST             12   11/19        MM      MM       16  11/25
AVG. MAXIMUM     51.5              57.0    -5.5     54.0
AVG. MINIMUM     31.0              36.9    -5.9     32.1
MEAN             41.2              47.0    -5.8     43.0
DAYS MAX >= 90      0               0.0     0.0        0
DAYS MAX <= 32      2               0.4     1.6        1
DAYS MIN <= 32     18              10.9     7.1       18
DAYS MIN <= 0       0               0.0     0.0        0

PRECIPITATION (INCHES)
RECORD
 MAXIMUM         9.12   2003
 MINIMUM         0.45   1904
TOTALS           2.24              3.73   -1.49     3.17
DAILY AVG.       0.07              0.12   -0.05     0.11
DAYS >= .01        11              11.7    -0.7        9
DAYS >= .10         6               6.8    -0.8        8
DAYS >= .50         2               2.7    -0.7        1
DAYS >= 1.00        0               0.8    -0.8        1
GREATEST
 24 HR. TOTAL    0.95   11/16 TO 11/17           11/26 TO 11/27
                                                          11/27 TO 11/27
                                                          11/27 TO 11/27

SNOWFALL (INCHES)
RECORDS
 TOTAL           25.8   1950
TOTALS            1.0               1.3    -0.3      3.5
SINCE 7/1         1.0               1.4    -0.4      3.5
SNOWDEPTH AVG.      0                MM      MM        0
DAYS >= TRACE       8
DAYS >= 1.0         0               0.4    -0.4        2
GREATEST
 SNOW DEPTH         0   MM                             2  11/27
 24 HR TOTAL      0.4R  MM                       11/27 TO 11/27
                                                          11/27 TO 11/27
                                                          11/27 TO 11/27

DEGREE_DAYS
HEATING TOTAL     706               544     162      651
 SINCE 7/1       1043               884     159      957
COOLING TOTAL       0                 2      -2        0
 SINCE 1/1       1049              1096     -47     1121
........................................................

WIND (MPH)
AVERAGE WIND SPEED              6.1
RESULTANT WIND SPEED/DIRECTION   4/242
HIGHEST WIND SPEED/DIRECTION    41/220    DATE  11/24
HIGHEST GUST SPEED/DIRECTION    56/220    DATE  11/24

SKY COVER
POSSIBLE SUNSHINE (PERCENT)   MM
AVERAGE SKY COVER           0.60
NUMBER OF DAYS FAIR            5
NUMBER OF DAYS PC             11
NUMBER OF DAYS CLOUDY         14

AVERAGE RH (PERCENT)     63

WEATHER CONDITIONS. NUMBER OF DAYS WITH
THUNDERSTORM              0     MIXED PRECIP               2
HEAVY RAIN                1     RAIN                       5
LIGHT RAIN               10     FREEZING RAIN              0
LT FREEZING RAIN          0     HAIL                       1
HEAVY SNOW                0     SNOW                       3
LIGHT SNOW                8     SLEET                      1
FOG                      14     FOG W/VIS <= 1/4 MILE      1
HAZE                      2

-  INDICATES NEGATIVE NUMBERS.
R  INDICATES RECORD WAS SET OR TIED.
MM INDICATES DATA IS MISSING.
T  INDICATES TRACE AMOUNT.

$$




U.S. Dept. of Commerce
NOAA National Weather Service
1325 East West Highway
Silver Spring, MD 20910
E-mail: w-nws.webmaster@noaa.gov
Page last modified: May 16, 2007
NATIONAL WEATHER SERVICE: for Safety, for Work, for Fun - FOR LIFE