921
CXUS54 KCRP 011346
CLMCRP

CLIMATE REPORT
NATIONAL WEATHER SERVICE CORPUS CHRISTI TX
833 AM CDT MON SEP 1 2014

...................................

...THE CORPUS CHRISTI CLIMATE SUMMARY FOR THE MONTH OF AUGUST 2014...

CLIMATE NORMAL PERIOD 1981 TO 2010
CLIMATE RECORD PERIOD 1887 TO 2014

WEATHER         OBSERVED          NORMAL  DEPART  LAST YEAR`S
                 VALUE   DATE(S)  VALUE   FROM    VALUE  DATE(S)
                                          NORMAL
................................................................
TEMPERATURE (F)
RECORD
 HIGH             107   08/30/2012
                        08/29/2012
                        08/28/2011
 LOW               64   08/13/2004
                        08/13/1967
HIGHEST           101   08/12        94       7      102  08/14
LOWEST             72   08/03        75      -3       72  08/19
AVG. MAXIMUM     96.1              94.4     1.7     96.7
AVG. MINIMUM     76.7              75.0     1.7     76.6
MEAN             86.4              84.7     1.7     86.7
DAYS MAX >= 90     29              28.2     0.8       30
DAYS MAX <= 32      0               0.0     0.0        0
DAYS MIN <= 32      0               0.0     0.0        0
DAYS MIN <= 0       0               0.0     0.0        0

PRECIPITATION (INCHES)
RECORD
 MAXIMUM        14.79   1980
 MINIMUM         0.00   1911
                        1899
TOTALS           4.59              2.92    1.67     1.21
DAILY AVG.       0.15              0.09    0.06     0.04
DAYS >= .01         7               6.5     0.5        6
DAYS >= .10         5               4.0     1.0        3
DAYS >= .50         2               1.8     0.2        1
DAYS >= 1.00        1               0.8     0.2        0
GREATEST
 24 HR. TOTAL    3.32   08/30 TO 08/31              0.60

SNOWFALL (INCHES)
RECORDS
 TOTAL            0.0   MM
 24 HR TOTAL      0.0   MM
TOTALS            0.0               0.0     0.0      0.0
SINCE 7/1         0.0               0.0     0.0      0.0
SNOWDEPTH AVG.      0                MM      MM        0
DAYS >= 1.0         0               0.0     0.0        0
GREATEST
 SNOW DEPTH         0   MM                             0
 24 HR TOTAL      0.0   08/31 TO 08/31               0.0

DEGREE_DAYS
HEATING TOTAL       0                 0       0        0
 SINCE 7/1          0                 0       0        0
COOLING TOTAL     670               611      59      680
 SINCE 1/1       2703              2561     142     3013
.................................................................

WIND (MPH)
AVERAGE WIND SPEED              11.3
HIGHEST WIND SPEED/DIRECTION    36/190    DATE  08/18
HIGHEST GUST SPEED/DIRECTION    45/190    DATE  08/18

SKY COVER
AVERAGE SKY COVER           0.50

AVERAGE RH (PERCENT)     69

WEATHER CONDITIONS. NUMBER OF DAYS WITH
THUNDERSTORM             11     MIXED PRECIP               0
HEAVY RAIN                3     RAIN                       3
LIGHT RAIN                9     FREEZING RAIN              0
LT FREEZING RAIN          0     HAIL                       0
HEAVY SNOW                0     SNOW                       0
LIGHT SNOW                0     SLEET                      0
FOG                       8     FOG W/VIS <= 1/4 MILE      0
HAZE                      2

-  INDICATES NEGATIVE NUMBERS.
R  INDICATES RECORD WAS SET OR TIED.
MM INDICATES DATA IS MISSING.
T  INDICATES TRACE AMOUNT.

$$








U.S. Dept. of Commerce
NOAA National Weather Service
1325 East West Highway
Silver Spring, MD 20910
E-mail: w-nws.webmaster@noaa.gov
Page last modified: May 16, 2007
NATIONAL WEATHER SERVICE: for Safety, for Work, for Fun - FOR LIFE