164
CXUS52 KILM 032207
CLMCRE


CLIMATE REPORT
NATIONAL WEATHER SERVICE WILMINGTON NC
601 PM EDT THU APR 3 2014

...................................

...THE NORTH MYRTLE BEACH SC CLIMATE SUMMARY FOR THE MONTH OF MARCH 2014...

CLIMATE NORMAL PERIOD 1981 TO 2010
CLIMATE RECORD PERIOD 1949 TO 2014

WEATHER         OBSERVED          NORMAL  DEPART  LAST YEAR`S
                 VALUE   DATE(S)  VALUE   FROM    VALUE  DATE(S)
                                          NORMAL
................................................................
TEMPERATURE (F)
RECORD
 HIGH              88   03/29/2012
 LOW               21   03/04/2009
                        03/09/1996
                        03/15/1993
HIGHEST            73   03/31                         80  03/16
                        03/15
                        03/12
LOWEST             25   03/04                         28  03/22
AVG. MAXIMUM     60.6              64.1    -3.5     59.4
AVG. MINIMUM     40.0              44.3    -4.3     39.0
MEAN             50.3              54.2    -3.9     49.2
DAYS MAX >= 90      0               0.0     0.0        0
DAYS MAX <= 32      0               0.0     0.0        0
DAYS MIN <= 32      5               2.6     2.4        5
DAYS MIN <= 0       0               0.0     0.0        0

PRECIPITATION (INCHES)
TOTALS           4.74              3.92    0.82     3.18
DAILY AVG.       0.15              0.13    0.02     0.10
DAYS >= .01        11                                  7
DAYS >= .10         7                                  6
DAYS >= .50         2                                  1
DAYS >= 1.00        2                                  1
GREATEST
 24 HR. TOTAL    1.77   03/29 TO 03/29

DEGREE_DAYS
HEATING TOTAL     448               338     110      485
COOLING TOTAL       0                 3      -3        2
.....................................................

WIND (MPH)
AVERAGE WIND SPEED              8.5
RESULTANT WIND SPEED/DIRECTION   1/316
HIGHEST WIND SPEED/DIRECTION    38/040    DATE  03/06
HIGHEST GUST SPEED/DIRECTION    50/040    DATE  03/06

SKY COVER
POSSIBLE SUNSHINE (PERCENT)   MM
AVERAGE SKY COVER           0.40
NUMBER OF DAYS FAIR           14
NUMBER OF DAYS PC              6
NUMBER OF DAYS CLOUDY         11

AVERAGE RH (PERCENT)     72

WEATHER CONDITIONS. NUMBER OF DAYS WITH
THUNDERSTORM              1     MIXED PRECIP               0
HEAVY RAIN                3     RAIN                       8
LIGHT RAIN               14     FREEZING RAIN              0
LT FREEZING RAIN          0     HAIL                       0
HEAVY SNOW                0     SNOW                       0
LIGHT SNOW                0     SLEET                      0
FOG                      19     FOG W/VIS <= 1/4 MILE      2
HAZE                      4

-  INDICATES NEGATIVE NUMBERS.
R  INDICATES RECORD WAS SET OR TIED.
MM INDICATES DATA IS MISSING.
T  INDICATES TRACE AMOUNT.

NOTES...
DAILY PRECIP VALUE ON MARCH 19 IS CORRECT AT 0.01. ASOS 1-MINUTE
OBS SHOW THIS MEASUREMENT OCCURRED AT 1037Z BUT THIS SENSOR WAS
UNAVAILABLE WHEN THE TOP-OF-THE-HOUR METAR WAS GENERATED 15 MINUTES
LATER. THE METAR DID NOT INCLUDE THE P0001 MEASUREMENT ALTHOUGH THE
12Z OBSERVATION INCLUDED THE SIX-HOURLY PRECIP GROUP 60001.

$$





U.S. Dept. of Commerce
NOAA National Weather Service
1325 East West Highway
Silver Spring, MD 20910
E-mail: w-nws.webmaster@noaa.gov
Page last modified: May 16, 2007
NATIONAL WEATHER SERVICE: for Safety, for Work, for Fun - FOR LIFE