951
CXUS52 KILM 011314
CLMCRE


CLIMATE REPORT
NATIONAL WEATHER SERVICE WILMINGTON NC
812 AM EST THU JAN 1 2015

...................................

...THE NORTH MYRTLE BEACH SC CLIMATE SUMMARY FOR THE YEAR OF 2014...

CLIMATE NORMAL PERIOD 1981 TO 2010
CLIMATE RECORD PERIOD 1949 TO 2014

WEATHER         OBSERVED          NORMAL  DEPART  LAST YEAR`S
                 VALUE   DATE(S)  VALUE   FROM    VALUE  DATE(S)
                                          NORMAL
................................................................
TEMPERATURE (F)
RECORD
 HIGH             104   08/05/1954
                        06/26/1952
 LOW                7   01/16/1994
HIGHEST            94   07/27                         92  08/12
                        07/24
LOWEST             13   01/25                         23  11/14
                                                          02/18
AVG. MAXIMUM     71.8              72.4    -0.6     72.0
AVG. MINIMUM     54.1              54.6    -0.5     54.4
MEAN             63.0              63.5    -0.5     63.2
DAYS MAX >= 90     14              15.6    -1.6       10
DAYS MAX <= 32      3               0.0     3.0        0
DAYS MIN <= 32     45              29.7    15.3       35
DAYS MIN <= 0       0               0.0     0.0        0

PRECIPITATION (INCHES)
TOTALS          40.99             52.01  -11.02    48.56
DAILY AVG.       0.11              0.14   -0.03     0.14
DAYS >= .01       118                                117
DAYS >= .10        73                                 69
DAYS >= .50        22                                 32
DAYS >= 1.00       11                                 15
GREATEST
 24 HR. TOTAL    2.54   12/23 TO 12/24

DEGREE_DAYS
HEATING TOTAL    2658              2448     210     2381
 SINCE 7/1        898               868      30      826
COOLING TOTAL    2031              1903     128     1848
 SINCE 1/1       2031              1902     129     1848
..................................................

WIND (MPH)
AVERAGE WIND SPEED              7.6
RESULTANT WIND SPEED/DIRECTION   1/211
HIGHEST WIND SPEED/DIRECTION    38/040    DATE  03/06
HIGHEST GUST SPEED/DIRECTION    50/040    DATE  03/06

SKY COVER
POSSIBLE SUNSHINE (PERCENT)    0
AVERAGE SKY COVER           0.30
NUMBER OF DAYS FAIR          224
NUMBER OF DAYS PC             78
NUMBER OF DAYS CLOUDY         63

AVERAGE RH (PERCENT)     74

WEATHER CONDITIONS. NUMBER OF DAYS WITH
THUNDERSTORM              m     MIXED PRECIP               0
HEAVY RAIN               48     RAIN                      68
LIGHT RAIN              152     FREEZING RAIN              1
LT FREEZING RAIN          4     HAIL                       0
HEAVY SNOW                0     SNOW                       0
LIGHT SNOW                2     SLEET                      2
FOG                     222     FOG W/VIS <= 1/4 MILE     45
HAZE                     40

-  INDICATES NEGATIVE NUMBERS.
R  INDICATES RECORD WAS SET OR TIED.
MM INDICATES DATA IS MISSING.
T  INDICATES TRACE AMOUNT.

$$





U.S. Dept. of Commerce
NOAA National Weather Service
1325 East West Highway
Silver Spring, MD 20910
E-mail: w-nws.webmaster@noaa.gov
Page last modified: May 16, 2007
NATIONAL WEATHER SERVICE: for Safety, for Work, for Fun - FOR LIFE