300
CXUS46 KLOX 020138
CLMCQT


CLIMATE REPORT
NATIONAL WEATHER SERVICE LOS ANGELES/OXNARD CA
537 PM PST THU JAN 1 2015

...................................

...THE DOWNTOWN LOS ANGELES (USC) CA CLIMATE SUMMARY FOR THE YEAR OF 2014...

CLIMATE NORMAL PERIOD 1981 TO 2010
CLIMATE RECORD PERIOD 1877 TO 2014

WEATHER         OBSERVED          NORMAL  DEPART  LAST YEAR`S
                 VALUE   DATE(S)  VALUE   FROM    VALUE
                                          NORMAL
.............................................................
TEMPERATURE (F)
HIGHEST           103   09/16        MM      MM
LOWEST             39   12/27        MM      MM
AVG. MAXIMUM     77.6              75.2     2.4
AVG. MINIMUM     58.5              55.7     2.8
MEAN             68.1              65.4     2.7
DAYS MAX >= 90     32
DAYS MAX <= 32      0
DAYS MIN <= 32      0
DAYS MIN <= 0       0

PRECIPITATION (INCHES)
RECORD
 MAXIMUM         3.60   2013
 MINIMUM         3.60   2013
TOTALS           9.77R            14.93   -5.16
DAILY AVG.          T
DAYS >= .01        24
DAYS >= .10        15
DAYS >= .50         5
DAYS >= 1.00        5
GREATEST
 24 HR. TOTAL    2.28   MM

DEGREE_DAYS
HEATING TOTAL     526              1083    -557      887
 SINCE 7/1        205               365    -160      280
COOLING TOTAL    1749              1247     502     1225
 SINCE 1/1       1749              1244     505     1225
..............................................................

WIND (MPH)
AVERAGE WIND SPEED              1.7
HIGHEST WIND SPEED/DIRECTION    17/010    DATE  05/11
HIGHEST GUST SPEED/DIRECTION    27/110    DATE  12/12

SKY COVER
POSSIBLE SUNSHINE (PERCENT)   MM
AVERAGE SKY COVER           0.20
NUMBER OF DAYS FAIR          265
NUMBER OF DAYS PC             81
NUMBER OF DAYS CLOUDY         19

AVERAGE RH (PERCENT)     61

WEATHER CONDITIONS. NUMBER OF DAYS WITH
THUNDERSTORM              0     MIXED PRECIP               0
HEAVY RAIN               14     RAIN                      14
LIGHT RAIN               28     FREEZING RAIN              0
LT FREEZING RAIN          0     HAIL                       0
HEAVY SNOW                0     SNOW                       0
LIGHT SNOW                0     SLEET                      0
FOG                     113     FOG W/VIS <= 1/4 MILE      9
HAZE                    169

-  INDICATES NEGATIVE NUMBERS.
R  INDICATES RECORD WAS SET OR TIED.
MM INDICATES DATA IS MISSING.
T  INDICATES TRACE AMOUNT.

$$




U.S. Dept. of Commerce
NOAA National Weather Service
1325 East West Highway
Silver Spring, MD 20910
E-mail: w-nws.webmaster@noaa.gov
Page last modified: May 16, 2007
NATIONAL WEATHER SERVICE: for Safety, for Work, for Fun - FOR LIFE