020
CXUS46 KLOX 130156
CLMCQT


CLIMATE REPORT
NATIONAL WEATHER SERVICE LOS ANGELES/OXNARD CA
556 PM PST WED NOV 12 2014

...................................

...THE DOWNTOWN LOS ANGELES (USC) CA CLIMATE SUMMARY FOR THE MONTH OF OCTOBER 2014...

CLIMATE NORMAL PERIOD 1981 TO 2010
CLIMATE RECORD PERIOD 1877 TO 2014

WEATHER         OBSERVED          NORMAL  DEPART  LAST YEAR`S
                 VALUE   DATE(S)  VALUE   FROM    VALUE
                                          NORMAL
.............................................................
TEMPERATURE (F)
HIGHEST            98   10/03
                        10/02
LOWEST             59   10/29
                        10/28
                        10/24
AVG. MAXIMUM     82.9              78.5     4.4
AVG. MINIMUM     62.8              58.7     4.1
MEAN             72.9              68.6     4.3
DAYS MAX >= 90      6
DAYS MAX <= 32      0
DAYS MIN <= 32      0
DAYS MIN <= 0       0

PRECIPITATION (INCHES)
TOTALS           0.25              0.66   -0.41
DAILY AVG.       0.01
DAYS >= .01         1
DAYS >= .10         1
DAYS >= .50         0
DAYS >= 1.00        0
GREATEST
 24 HR. TOTAL    0.25   10/31 TO 10/31

DEGREE_DAYS
HEATING TOTAL       0                18     -18       24
 SINCE 7/1          0                20     -20       24
COOLING TOTAL     252               129     123       97
 SINCE 1/1       1682              1207     475     1164
..............................................................

WIND (MPH)
AVERAGE WIND SPEED              1.2
HIGHEST WIND SPEED/DIRECTION    12/280    DATE  10/15
HIGHEST GUST SPEED/DIRECTION    18/280    DATE  10/15

SKY COVER
POSSIBLE SUNSHINE (PERCENT)   MM
AVERAGE SKY COVER           0.20
NUMBER OF DAYS FAIR           25
NUMBER OF DAYS PC              5
NUMBER OF DAYS CLOUDY          1

AVERAGE RH (PERCENT)     62

WEATHER CONDITIONS. NUMBER OF DAYS WITH
THUNDERSTORM              0     MIXED PRECIP               0
HEAVY RAIN                1     RAIN                       1
LIGHT RAIN                1     FREEZING RAIN              0
LT FREEZING RAIN          0     HAIL                       0
HEAVY SNOW                0     SNOW                       0
LIGHT SNOW                0     SLEET                      0
FOG                      12     FOG W/VIS <= 1/4 MILE      0
HAZE                     18

-  INDICATES NEGATIVE NUMBERS.
R  INDICATES RECORD WAS SET OR TIED.
MM INDICATES DATA IS MISSING.
T  INDICATES TRACE AMOUNT.

$$




U.S. Dept. of Commerce
NOAA National Weather Service
1325 East West Highway
Silver Spring, MD 20910
E-mail: w-nws.webmaster@noaa.gov
Page last modified: May 16, 2007
NATIONAL WEATHER SERVICE: for Safety, for Work, for Fun - FOR LIFE