193
CXUS55 KRIW 020940
CLMCPR

CYSCLMCPR 000
TTAA00 KRIW 011318


CLIMATE REPORT
NATIONAL WEATHER SERVICE RIVERTON WY
610 AM MST MON DEC 1 2014

...PRELIMINARY MONTHLY CLIMATE SUMMARY FOR THE NATRONA COUNTY
INTERNATIONAL AIRPORT NEAR CASPER FOR THE MONTH OF NOVEMBER 2014...

..OFFICIAL CLIMATE DATA FOR THE MONTH OF NOVEMBER 2014 WILL BE
AVAILABLE APPROXIMATELY IN JANUARY 2015 FROM THE NATIONAL CLIMATIC
DATA CENTER HTTP://WWW.NCDC.NOAA.GOV/OL/CLIMATEDATA.HTML).
UNOFFICIAL ASOS DAILY SUMMARIES ARE AVAILABLE ON THE INTERNET AT
HTTP://WWW.CRH.NOAA.GOV/RIW/CLIMATE/...

...CASPER WAS MUCH COLDER THAN AVERAGE FOR NOVEMBER...

THE AVERAGE TEMPERATURE FOR CASPER IN NOVEMBER WAS 28.6
DEGREES...WHICH WAS 4.6 DEGREES BELOW NORMAL. THIS MAKES IT THE 9TH
COLDEST NOVEMBER ON RECORD. THE WARMEST READING FOR THE MONTH WAS 72
DEGREES ON THE 1ST...WHICH ALSO BROKE THE PREVIOUS RECORD OF 71
DEGREES...SET IN 1965. THIS ALSO TIED THE WARMEST RECORDED
TEMPERATURE IN NOVEMBER. A RECORD HIGH OF 58 DEGREES ALSO OCCURRED
ON THE 29TH...TYING THE PREVIOUS RECORD SET IN 1999. THE COLDEST
READING OF THE MONTH WAS -27 DEGREES ON THE 12TH...WHICH ALSO BROKE
THE PREVIOUS RECORD OF -11...SET IN 1986. THIS ALSO SET A NEW RECORD
FOR THE COLDEST RECORDED TEMPERATURE IN NOVEMBER. A RECORD LOW OF
-19 DEGREES OCCURRED ON THE 11TH...TYING THE PREVIOUS RECORD SET IN
2000. A RECORD LOW OF -26 DEGREES ALSO OCCURRED ON THE
13TH...BREAKING THE PREVIOUS RECORD OF -11...ALSO SET IN 1986.

TOTAL PRECIPITATION FOR THE MONTH WAS 0.81 INCHES...WHICH WAS 107
PERCENT OF NORMAL. THE WETTEST 24 HOUR PERIOD OF THE MONTH...WAS ON
THE 10TH AND 11TH...WHEN 0.37 OF AN INCH OF PRECIPITATION FELL. 0.35
OF AN INCH OF PRECIPITATION FELL ON THE 10TH...BREAKING THE PREVIOUS
RECORD OF 0.29...SET IN 1978.  THE HIGHEST WIND GUST WAS 57
MPH...WHICH OCCURRED ON THE 29TH.

...THE CASPER WY CLIMATE SUMMARY FOR THE MONTH OF NOVEMBER 2014...

CLIMATE NORMAL PERIOD 1981 TO 2010
CLIMATE RECORD PERIOD 1939 TO 2014

WEATHER         OBSERVED          NORMAL  DEPART
                 VALUE   DATE(S)  VALUE   FROM
                                          NORMAL
................................................
TEMPERATURE (F)
RECORD
 HIGH              72   11/01/2014
                        11/07/1999
                        11/06/1999
 LOW              -27   11/12/2014
HIGHEST            72R  11/01
LOWEST            -27R  11/12
AVG. MAXIMUM     41.3              44.7    -3.4
AVG. MINIMUM     15.9              21.6    -5.7
MEAN             28.6              33.2    -4.6
DAYS MAX >= 90      0
DAYS MAX <= 32      8
DAYS MIN <= 32     25
DAYS MIN <= 0       6

PRECIPITATION (INCHES)
RECORD
 MAXIMUM         2.72   1983
 MINIMUM         0.04   1949
TOTALS           0.81              0.76    0.05
DAILY AVG.       0.03              0.03    0.00
DAYS >= .01         8
DAYS >= .10         2
DAYS >= .50         0
DAYS >= 1.00        0
GREATEST
 24 HR. TOTAL    0.37   11/10 TO 11/11

SNOWFALL (INCHES)
TOTALS           10.6              10.3     0.3
SINCE 7/1        14.8              19.5    -4.7
DAYS >= 1.0         3

DEGREE_DAYS
HEATING TOTAL    1084               955     129
 SINCE 7/1       1775              1854     -79
COOLING TOTAL       0                 0       0
 SINCE 1/1        357               422     -65
.................................................

WIND (MPH)
AVERAGE WIND SPEED              12.9
RESULTANT WIND SPEED/DIRECTION   9/231
HIGHEST WIND SPEED/DIRECTION    45/220    DATE  11/22
HIGHEST GUST SPEED/DIRECTION    57/240    DATE  11/29

SKY COVER
POSSIBLE SUNSHINE (PERCENT)   MM
AVERAGE SKY COVER           0.30
NUMBER OF DAYS FAIR           20
NUMBER OF DAYS PC              7
NUMBER OF DAYS CLOUDY          3

AVERAGE RH (PERCENT)     58

WEATHER CONDITIONS. NUMBER OF DAYS WITH
THUNDERSTORM              0     MIXED PRECIP               0
HEAVY RAIN                0     RAIN                       0
LIGHT RAIN                1     FREEZING RAIN              0
LT FREEZING RAIN          0     HAIL                       0
HEAVY SNOW                1     SNOW                       1
LIGHT SNOW                8     SLEET                      0
FOG                       7     FOG W/VIS <= 1/4 MILE      1
HAZE                      5

-  INDICATES NEGATIVE NUMBERS.
R  INDICATES RECORD WAS SET OR TIED.
MM INDICATES DATA IS MISSING.
T  INDICATES TRACE AMOUNT.

LOOKING AHEAD TO DECEMBER 2014...THE AVERAGE HIGH TEMPERATURE ON
THE FIRST OF THE MONTH IS 40 DEGREES...AND THE AVERAGE LOW
TEMPERATURE IS 19 DEGREES. THE AVERAGE HIGH BY THE END OF THE MONTH
IS 32 DEGREES...AND THE AVERAGE LOW IS 12 DEGREES. THE AVERAGE
MONTHLY PRECIPITATION IS 0.55 INCHES. THE AVERAGE SNOWFALL IS 9.7
INCHES.

$$







U.S. Dept. of Commerce
NOAA National Weather Service
1325 East West Highway
Silver Spring, MD 20910
E-mail: w-nws.webmaster@noaa.gov
Page last modified: May 16, 2007
NATIONAL WEATHER SERVICE: for Safety, for Work, for Fun - FOR LIFE