971
CXUS53 KLSX 050146 CCA
CLMCOU

CLIMATE REPORT
NATIONAL WEATHER SERVICE ST LOUIS MO
1106 AM CDT SAT NOV 1 2014

...................................

...THE COLUMBIA MO CLIMATE SUMMARY FOR THE MONTH OF OCTOBER 2014...

CLIMATE NORMAL PERIOD 1981 TO 2010
CLIMATE RECORD PERIOD 1890 TO 2014

WEATHER         OBSERVED          NORMAL  DEPART  LAST YEAR`S
                 VALUE   DATE(S)  VALUE   FROM    VALUE
                                          NORMAL
.............................................................
TEMPERATURE (F)
RECORD
 HIGH              96   10/07/1939
 LOW               19   10/29/1895
HIGHEST            83   10/26                         87
LOWEST             28   10/31                         22
AVG. MAXIMUM     67.1              67.1     0.0     67.6
AVG. MINIMUM     47.7              45.0     2.7     45.1
MEAN             57.4              56.0     1.4     56.3
DAYS MAX >= 90      0               0.1    -0.1        0
DAYS MAX <= 32      0               0.0     0.0        0
DAYS MIN <= 32      1               2.1    -1.1        3
DAYS MIN <= 0       0               0.0     0.0        0

PRECIPITATION (INCHES)
RECORD
 MAXIMUM        13.44   1941
 MINIMUM         0.16   1952
TOTALS          10.18              3.31    6.87     2.83
DAILY AVG.       0.33              0.11    0.22     0.09
DAYS >= .01        13               9.5     3.5       12
DAYS >= .10         7               6.1     0.9        5
DAYS >= .50         5               2.2     2.8        2
DAYS >= 1.00        4               0.8     3.2        1
GREATEST
 24 HR. TOTAL    5.25   10/01 TO 10/02              1.23

SNOWFALL (INCHES)
RECORDS
 TOTAL            2.9   1913
 24 HR TOTAL      1.7   10/28/1913 TO 10/28/1913
TOTALS            0.0               0.0     0.0      0.0
SINCE 7/1         0.0               0.0     0.0      0.0
GREATEST
 24 HR TOTAL      0.0   10/31 TO 10/31

DEGREE_DAYS
HEATING TOTAL     247               297     -50      308
 SINCE 7/1        294               365     -71      324
COOLING TOTAL      18                20      -2       48
 SINCE 1/1       1266              1247      19     1322
..............................................................

WIND (MPH)
HIGHEST WIND SPEED/DIRECTION    31/310    DATE  10/03
HIGHEST GUST SPEED/DIRECTION    40/310    DATE  10/03

SKY COVER
NUMBER OF DAYS FAIR           18
NUMBER OF DAYS PC              6
NUMBER OF DAYS CLOUDY          7


WEATHER CONDITIONS. NUMBER OF DAYS WITH
THUNDERSTORM              7     MIXED PRECIP               0
HEAVY RAIN                6     RAIN                       8
LIGHT RAIN               16     FREEZING RAIN              0
LT FREEZING RAIN          0     HAIL                       0
HEAVY SNOW                0     SNOW                       0
LIGHT SNOW                0     SLEET                      0
FOG                      14     FOG W/VIS <= 1/4 MILE      4
HAZE                      5

-  INDICATES NEGATIVE NUMBERS.
R  INDICATES RECORD WAS SET OR TIED.
MM INDICATES DATA IS MISSING.
T  INDICATES TRACE AMOUNT.

$$

** A RECORD RAINFALL OF 4.81" WAS RECORDED OCTOBER 2ND WHICH
   BREAKS THE PREVIOUS RECORD OF 1.55" SET IN 1927.

** THE 4.81" RECORDED ON OCTOBER 2ND IS THE 5TH WETTEST
   CALENDAR DAY ON RECORD.

** THE RAINFALL ON OCTOBER 1ST INTO THE 2ND PRODUCED A 24 HOUR
   TOTAL OF 5.25" WHICH IS THE 8TH WETTEST 24 HOUR PERIOD ON
   RECORD.

** A RECORD RAINFALL OF 1.29" WAS RECORDED OCTOBER 13TH WHICH
   BREAKS THE PREVIOUS RECORD OF 1.24" SET IN 2007.

** OCTOBER 2014 WAS THE 3RD WETTEST ON RECORD.
















U.S. Dept. of Commerce
NOAA National Weather Service
1325 East West Highway
Silver Spring, MD 20910
E-mail: w-nws.webmaster@noaa.gov
Page last modified: May 16, 2007
NATIONAL WEATHER SERVICE: for Safety, for Work, for Fun - FOR LIFE