799
CXUS53 KLSX 030157 CCA
CLMCOU

CLIMATE REPORT
NATIONAL WEATHER SERVICE ST LOUIS MO
1251 PM CST MON DEC 1 2014

...................................

...THE COLUMBIA MO CLIMATE SUMMARY FOR THE MONTH OF NOVEMBER 2014...

CLIMATE NORMAL PERIOD 1981 TO 2010
CLIMATE RECORD PERIOD 1890 TO 2014

WEATHER         OBSERVED          NORMAL  DEPART  LAST YEAR`S
                 VALUE   DATE(S)  VALUE   FROM    VALUE
                                          NORMAL
.............................................................
TEMPERATURE (F)
RECORD
 HIGH              84   11/06/1915
 LOW               -3   11/30/1929
HIGHEST            73   11/10                         74
LOWEST              9   11/18                         11
AVG. MAXIMUM     48.5              53.9    -5.4     52.0
AVG. MINIMUM     28.6              34.9    -6.3     31.8
MEAN             38.5              44.4    -5.9     41.9
DAYS MAX >= 90      0               0.0     0.0        0
DAYS MAX <= 32      5               1.0     4.0        3
DAYS MIN <= 32     20              12.2     7.8       17
DAYS MIN <= 0       0               0.0     0.0        0

PRECIPITATION (INCHES)
RECORD
 MAXIMUM        10.42   1985
 MINIMUM         0.10   1917
TOTALS           1.32              3.25   -1.93     1.47
DAILY AVG.       0.04              0.11   -0.07     0.05
DAYS >= .01         7               9.7    -2.7        7
DAYS >= .10         4               5.5    -1.5        4
DAYS >= .50         1               2.1    -1.1        0
DAYS >= 1.00        0               0.8    -0.8        0
GREATEST
 24 HR. TOTAL    0.84   11/23 TO 11/24              0.83

SNOWFALL (INCHES)
RECORDS
 TOTAL            8.3   1971
 24 HR TOTAL      8.1   11/25/1975 TO 11/26/1975
TOTALS            0.8               0.9    -0.1      0.0
SINCE 7/1         0.8               0.9    -0.1      0.0
GREATEST
 24 HR TOTAL      0.5   11/16

DEGREE_DAYS
HEATING TOTAL     787               620     167      683
 SINCE 7/1       1081               985      96     1007
COOLING TOTAL       0                 2      -2        0
 SINCE 1/1       1266              1249      17     1322
..............................................................

WIND (MPH)
HIGHEST WIND SPEED/DIRECTION    32/320    DATE  11/23
HIGHEST GUST SPEED/DIRECTION    42/320    DATE  11/23

SKY COVER
NUMBER OF DAYS FAIR           15
NUMBER OF DAYS PC             10
NUMBER OF DAYS CLOUDY          5


WEATHER CONDITIONS. NUMBER OF DAYS WITH
THUNDERSTORM              0     MIXED PRECIP               0
HEAVY RAIN                2     RAIN                       3
LIGHT RAIN                8     FREEZING RAIN              0
LT FREEZING RAIN          1     HAIL                       0
HEAVY SNOW                0     SNOW                       1
LIGHT SNOW                5     SLEET                      0
FOG                      10     FOG W/VIS <= 1/4 MILE      1
HAZE                      3

-  INDICATES NEGATIVE NUMBERS.
R  INDICATES RECORD WAS SET OR TIED.
MM INDICATES DATA IS MISSING.
T  INDICATES TRACE AMOUNT.

$$


...MONTHLY...


7TH COLDEST NOVEMBER ON RECORD (38.5 DEGREES(.


...DAILY...

RECORD DAILY LOW MAXIMUM TEMPERATURE OF 23 DEGREES WAS SET AT
COLUMBIA NOVEMBER 17TH. THIS TIES THE PREVIOUS RECORD SET IN 1959.

RECORD SNOWFALL OF 0.5 INCHES WAS SET AT COLUMBIA NOVEMBER 16TH.
THIS BREAKS THE PREVIOUS RECORD OF 0.1 INCHES SET IN 1989.

RECORD SNOWFALL OF A TRACE WAS SET AT COLUMBIA NOVEMBER 13TH.
THIS TIES THE PREVIOUS RECORD OF A TRACE SET IN 1997.














U.S. Dept. of Commerce
NOAA National Weather Service
1325 East West Highway
Silver Spring, MD 20910
E-mail: w-nws.webmaster@noaa.gov
Page last modified: May 16, 2007
NATIONAL WEATHER SERVICE: for Safety, for Work, for Fun - FOR LIFE