181
CXUS53 KLSX 031201 CCA
CLMCOU

CLIMATE REPORT
NATIONAL WEATHER SERVICE ST LOUIS MO
1255 PM CDT TUE JUL 1 2014

...................................

...THE COLUMBIA MO CLIMATE SUMMARY FOR THE MONTH OF JUNE 2014...

CLIMATE NORMAL PERIOD 1981 TO 2010
CLIMATE RECORD PERIOD 1890 TO 2014

WEATHER         OBSERVED          NORMAL  DEPART  LAST YEAR`S
                 VALUE   DATE(S)  VALUE   FROM    VALUE
                                          NORMAL
.............................................................
TEMPERATURE (F)
RECORD
 HIGH             107   06/28/2012
 LOW               40   06/05/1993
HIGHEST            92   06/30                         95
LOWEST             53   06/14                         53
AVG. MAXIMUM     83.0              83.0     0.0     82.9
AVG. MINIMUM     65.6              62.8     2.8     64.1
MEAN             74.3              72.9     1.4     73.5
DAYS MAX >= 90      4               3.8     0.2        6
DAYS MAX <= 32      0               0.0     0.0        0
DAYS MIN <= 32      0               0.0     0.0        0
DAYS MIN <= 0       0               0.0     0.0        0

PRECIPITATION (INCHES)
RECORD
 MAXIMUM        14.86   1928
 MINIMUM         0.12   1959
TOTALS           5.07              4.47    0.60     2.05
DAILY AVG.       0.17              0.15    0.02     0.07
DAYS >= .01        14               9.7     4.3        7
DAYS >= .10         8               6.3     1.7        6
DAYS >= .50         3               3.0     0.0        1
DAYS >= 1.00        2               1.4     0.6        0
GREATEST
 24 HR. TOTAL    1.43   06/09 TO 06/10              3.67


DEGREE_DAYS
HEATING TOTAL       0                11     -11        6
 SINCE 7/1       5572              5023     549     4902
COOLING TOTAL     287               248      39      267
 SINCE 1/1        447               351      96      401
..............................................................

WIND (MPH)
HIGHEST WIND SPEED/DIRECTION    38/340    DATE  06/04
HIGHEST GUST SPEED/DIRECTION    56/330    DATE  06/04

SKY COVER

NUMBER OF DAYS FAIR           15
NUMBER OF DAYS PC             12
NUMBER OF DAYS CLOUDY          3


WEATHER CONDITIONS. NUMBER OF DAYS WITH
THUNDERSTORM              9     MIXED PRECIP               0
HEAVY RAIN                5     RAIN                      10
LIGHT RAIN               15     FREEZING RAIN              0
LT FREEZING RAIN          0     HAIL                       0
HEAVY SNOW                0     SNOW                       0
LIGHT SNOW                0     SLEET                      0
FOG                      18     FOG W/VIS <= 1/4 MILE      0
HAZE                      1

-  INDICATES NEGATIVE NUMBERS.
R  INDICATES RECORD WAS SET OR TIED.
MM INDICATES DATA IS MISSING.
T  INDICATES TRACE AMOUNT.

$$

RECORDS FOR JUNE

MEAN MINIMUM TEMPERATURE FOR JUNE 65.6 DEGREES; TIES 20TH WARMEST WITH 2011,

RECORD HIGH MINIMUM TEMPERATURE TIED JUNE 17TH WITH 74 DEGREES; PREVIOUS WAS
IN 1946 AND 1918.

RECORD HIGH MINIMUM TEMPERATURE SET JUNE 18TH WITH 75 DEGREES; PREVIOUS WAS
74 DEGREES IN 2010.









U.S. Dept. of Commerce
NOAA National Weather Service
1325 East West Highway
Silver Spring, MD 20910
E-mail: w-nws.webmaster@noaa.gov
Page last modified: May 16, 2007
NATIONAL WEATHER SERVICE: for Safety, for Work, for Fun - FOR LIFE