000
CXUS53 KLSX 011238
CLMCOU


CLIMATE REPORT
NATIONAL WEATHER SERVICE ST LOUIS MO
721 AM CDT MON SEP 1 2014

...................................

...THE COLUMBIA MO CLIMATE SUMMARY FOR THE MONTH OF AUGUST 2014...

CLIMATE NORMAL PERIOD 1981 TO 2010
CLIMATE RECORD PERIOD 1890 TO 2014

WEATHER         OBSERVED          NORMAL  DEPART  LAST YEAR`S
                 VALUE   DATE(S)  VALUE   FROM    VALUE
                                          NORMAL
.............................................................
TEMPERATURE (F)
RECORD
 HIGH             110   08/29/1984
                        08/10/1934
                        08/09/1934
 LOW               40   08/31/1915
HIGHEST            98   08/25                        100
LOWEST             58   08/14                         55
                        08/13
AVG. MAXIMUM     87.9              87.0     0.9     86.5
AVG. MINIMUM     67.2              65.4     1.8     65.2
MEAN             77.5              76.2     1.3     75.9
DAYS MAX >= 90     14              10.9     3.1       11
DAYS MAX <= 32      0               0.0     0.0        0
DAYS MIN <= 32      0               0.0     0.0        0
DAYS MIN <= 0       0               0.0     0.0        0

PRECIPITATION (INCHES)
RECORD
 MAXIMUM        10.19   2005
 MINIMUM         0.06   1909
TOTALS           2.94              4.36   -1.42     1.88
DAILY AVG.       0.09              0.14   -0.05     0.06
DAYS >= .01        11               8.6     2.4        5
DAYS >= .10         4               5.7    -1.7        3
DAYS >= .50         2               2.9    -0.9        1
DAYS >= 1.00        1               1.5    -0.5        0
GREATEST
 24 HR. TOTAL    1.59   08/07


DEGREE_DAYS
HEATING TOTAL       0                 2      -2        0
 SINCE 7/1          0                 2      -2        0
COOLING TOTAL     397               350      47      344
 SINCE 1/1       1110              1083      27     1067
..............................................................

WIND (MPH)
HIGHEST WIND SPEED/DIRECTION    30/240    DATE  08/20
HIGHEST GUST SPEED/DIRECTION    38/240    DATE  08/29, 08/20

SKY COVER
NUMBER OF DAYS FAIR           24
NUMBER OF DAYS PC              5
NUMBER OF DAYS CLOUDY          2


WEATHER CONDITIONS. NUMBER OF DAYS WITH
THUNDERSTORM              7     MIXED PRECIP               0
HEAVY RAIN                3     RAIN                       4
LIGHT RAIN               13     FREEZING RAIN              0
LT FREEZING RAIN          0     HAIL                       0
HEAVY SNOW                0     SNOW                       0
LIGHT SNOW                0     SLEET                      0
FOG                      17     FOG W/VIS <= 1/4 MILE      6
HAZE                      2

-  INDICATES NEGATIVE NUMBERS.
R  INDICATES RECORD WAS SET OR TIED.
MM INDICATES DATA IS MISSING.
T  INDICATES TRACE AMOUNT.

&&

NO RECORDS DURING THE MONTH OF AUGUST 2014 FOR COLUMBIA.


$$






U.S. Dept. of Commerce
NOAA National Weather Service
1325 East West Highway
Silver Spring, MD 20910
E-mail: w-nws.webmaster@noaa.gov
Page last modified: May 16, 2007
NATIONAL WEATHER SERVICE: for Safety, for Work, for Fun - FOR LIFE