172
CXUS55 KPUB 011618
CLMCOS


CLIMATE REPORT
NATIONAL WEATHER SERVICE PUEBLO
1011 AM MDT TUE APR 1 2014

...................................

...THE COLORADO SPRINGS CO CLIMATE SUMMARY FOR THE MONTH OF MARCH 2014...

CLIMATE NORMAL PERIOD 1981 TO 2010
CLIMATE RECORD PERIOD 1872 TO 2014

WEATHER         OBSERVED          NORMAL  DEPART  LAST YEAR`S
                 VALUE   DATE(S)  VALUE   FROM    VALUE  DATE(S)
                                          NORMAL
................................................................
TEMPERATURE (F)
RECORD
 HIGH              81   03/26/1971
 LOW              -16   03/02/1943
HIGHEST            73   03/10        55      18       73  03/15
LOWEST              6   03/02        21     -15        5  03/24
AVG. MAXIMUM     54.2              52.1     2.1     52.3
AVG. MINIMUM     24.9              26.0    -1.1     24.7
MEAN             39.5              39.1     0.4     38.5
DAYS MAX >= 90      0               0.0     0.0
DAYS MAX <= 32      3               2.1     0.9
DAYS MIN <= 32     28              23.8     4.2
DAYS MIN <= 0       0               0.1    -0.1

PRECIPITATION (INCHES)
RECORD
 MAXIMUM         3.03   1906
 MINIMUM            T   1946
                        1935
                        1922
TOTALS           0.42              1.00   -0.58     0.18
DAILY AVG.       0.01              0.03   -0.02
DAYS >= .01         3               7.6    -4.6
DAYS >= .10         2               2.7    -0.7
DAYS >= .50         0               0.4    -0.4
DAYS >= 1.00        0               0.1    -0.1
GREATEST
 24 HR. TOTAL    0.29   03/07 TO 03/08              0.08

SNOWFALL (INCHES)
RECORDS
 TOTAL           30.2   1909
TOTALS            2.8               8.1    -5.3      4.2
SINCE 7/1        26.9              32.1    -5.2     24.2
SNOWDEPTH AVG.      0
DAYS >= 1.0         2               2.4    -0.4
GREATEST
 SNOW DEPTH         2   03/07                          3
                        03/08
 24 HR TOTAL      1.5   03/07                        3.1

DEGREE_DAYS
HEATING TOTAL     781               805     -24      812
 SINCE 7/1       5268              5368    -100     5156
COOLING TOTAL       0                 0       0        0
 SINCE 1/1          0                 0       0        0
.................................................................

WIND (MPH)
AVERAGE WIND SPEED              11.2
HIGHEST WIND SPEED/DIRECTION    52/250    DATE  03/17
HIGHEST GUST SPEED/DIRECTION    67/270    DATE  03/31

SKY COVER
POSSIBLE SUNSHINE (PERCENT)   MM
AVERAGE SKY COVER           0.50
NUMBER OF DAYS FAIR            9
NUMBER OF DAYS PC             18
NUMBER OF DAYS CLOUDY          4

AVERAGE RH (PERCENT)     45

WEATHER CONDITIONS. NUMBER OF DAYS WITH
THUNDERSTORM              0     MIXED PRECIP               1
HEAVY RAIN                0     RAIN                       1
LIGHT RAIN                3     FREEZING RAIN              0
LT FREEZING RAIN          0     HAIL                       0
HEAVY SNOW                1     SNOW                       2
LIGHT SNOW               10     SLEET                      0
FOG                       7     FOG W/VIS <= 1/4 MILE      4
HAZE                      2

-  INDICATES NEGATIVE NUMBERS.
R  INDICATES RECORD WAS SET OR TIED.
MM INDICATES DATA IS MISSING.
T  INDICATES TRACE AMOUNT.

$$





U.S. Dept. of Commerce
NOAA National Weather Service
1325 East West Highway
Silver Spring, MD 20910
E-mail: w-nws.webmaster@noaa.gov
Page last modified: May 16, 2007
NATIONAL WEATHER SERVICE: for Safety, for Work, for Fun - FOR LIFE