123
CXUS55 KPUB 012146
CLMCOS


CLIMATE REPORT
NATIONAL WEATHER SERVICE PUEBLO
341 PM MDT SAT NOV 1 2014

...................................

...THE COLORADO SPRINGS CO CLIMATE SUMMARY FOR THE MONTH OF OCTOBER 2014...

CLIMATE NORMAL PERIOD 1981 TO 2010
CLIMATE RECORD PERIOD 1872 TO 2014

WEATHER         OBSERVED          NORMAL  DEPART  LAST YEAR`S
                 VALUE   DATE(S)  VALUE   FROM    VALUE  DATE(S)
                                          NORMAL
................................................................
TEMPERATURE (F)
RECORD
 HIGH              87   10/03/1935
 LOW               -6   10/29/1917
HIGHEST            82   10/15        69      13       78  10/02
LOWEST             31   10/29        28       3       25  10/19
                                                          10/05
AVG. MAXIMUM     67.3              63.0     4.3     61.7
AVG. MINIMUM     39.6              35.8     3.8     34.7
MEAN             53.5              49.4     4.1     48.2
DAYS MAX >= 90      0               0.0     0.0
DAYS MAX <= 32      0               0.4    -0.4
DAYS MIN <= 32      4               8.9    -4.9
DAYS MIN <= 0       0               0.0     0.0

PRECIPITATION (INCHES)
RECORD
 MAXIMUM         5.01   1984
 MINIMUM            T   1934
TOTALS           2.96              0.82    2.14     0.42
DAILY AVG.       0.10              0.03    0.07
DAYS >= .01         2               5.0    -3.0
DAYS >= .10         2               2.3    -0.3
DAYS >= .50         1               0.4     0.6
DAYS >= 1.00        1               0.0     1.0
GREATEST
 24 HR. TOTAL    2.89   10/09 TO 10/10              0.15

SNOWFALL (INCHES)
RECORDS
 TOTAL           25.9   1984
TOTALS              T               2.9    -2.9      0.2
SINCE 7/1           T               3.1    -3.1      0.2
SNOWDEPTH AVG.      0
DAYS >= 1.0         0               0.8    -0.8
GREATEST
 SNOW DEPTH         0                                  T
 24 HR TOTAL        T   10/11                        0.2
                        10/27

DEGREE_DAYS
HEATING TOTAL     350               484    -134      512
 SINCE 7/1        467               674    -207      595
COOLING TOTAL       0                 1      -1        0
 SINCE 1/1        487               455      32      694
.................................................................

WIND (MPH)
AVERAGE WIND SPEED              8.5
HIGHEST WIND SPEED/DIRECTION    38/340    DATE  10/12
HIGHEST GUST SPEED/DIRECTION    46/340    DATE  10/12

SKY COVER
POSSIBLE SUNSHINE (PERCENT)   MM
AVERAGE SKY COVER           0.40
NUMBER OF DAYS FAIR           10
NUMBER OF DAYS PC             17
NUMBER OF DAYS CLOUDY          4

AVERAGE RH (PERCENT)     50

WEATHER CONDITIONS. NUMBER OF DAYS WITH
THUNDERSTORM              1     MIXED PRECIP               0
HEAVY RAIN                1     RAIN                       1
LIGHT RAIN                5     FREEZING RAIN              0
LT FREEZING RAIN          0     HAIL                       0
HEAVY SNOW                0     SNOW                       1
LIGHT SNOW                1     SLEET                      0
FOG                       3     FOG W/VIS <= 1/4 MILE      0
HAZE                      3

-  INDICATES NEGATIVE NUMBERS.
R  INDICATES RECORD WAS SET OR TIED.
MM INDICATES DATA IS MISSING.
T  INDICATES TRACE AMOUNT.

$$





U.S. Dept. of Commerce
NOAA National Weather Service
1325 East West Highway
Silver Spring, MD 20910
E-mail: w-nws.webmaster@noaa.gov
Page last modified: May 16, 2007
NATIONAL WEATHER SERVICE: for Safety, for Work, for Fun - FOR LIFE