892
CXUS55 KPUB 012301 CCA
CLMCOS

CLIMATE REPORT...CORRECTION
NATIONAL WEATHER SERVICE PUEBLO
1248 PM MDT WED OCT 1 2014

...................................

...THE COLORADO SPRINGS CO CLIMATE SUMMARY FOR THE MONTH OF SEPTEMBER 2014...

CLIMATE NORMAL PERIOD 1981 TO 2010
CLIMATE RECORD PERIOD 1872 TO 2014

WEATHER         OBSERVED          NORMAL  DEPART  LAST YEAR`S
                 VALUE   DATE(S)  VALUE   FROM    VALUE  DATE(S)
                                          NORMAL
................................................................
TEMPERATURE (F)
RECORD
 HIGH              95   09/17/1936
 LOW               20   09/27/1908
HIGHEST            92   09/03        78      14       91  09/05
LOWEST             34   09/12        40      -6       33  09/28
AVG. MAXIMUM     77.8              74.5     3.3     77.8
AVG. MINIMUM     50.0              47.3     2.7     53.1
MEAN             63.9              60.9     3.0     65.5
DAYS MAX >= 90      1               0.5     0.5
DAYS MAX <= 32      0               0.0     0.0
DAYS MIN <= 32      0               0.8    -0.8
DAYS MIN <= 0       0               0.0     0.0

PRECIPITATION (INCHES)
RECORD
 MAXIMUM         5.91   2011
 MINIMUM            T   1953
TOTALS           0.61              1.19   -0.58     4.80
DAILY AVG.       0.02              0.04   -0.02
DAYS >= .01         5               7.3    -2.3
DAYS >= .10         1               3.4    -2.4
DAYS >= .50         1               0.4     0.6
DAYS >= 1.00        0               0.1    -0.1
GREATEST
 24 HR. TOTAL    0.50   09/29 TO 09/29              1.87


SNOWFALL (INCHES)
RECORDS
 TOTAL           27.9   1959
TOTALS              T               0.2    -0.2        T
SINCE 7/1           T               0.2    -0.2        T
SNOWDEPTH AVG.      0
DAYS >= 1.0         0               0.1    -0.1
GREATEST
 SNOW DEPTH         0                                  0
 24 HR TOTAL        T   09/29 TO 09/29                 T

DEGREE_DAYS
HEATING TOTAL      87               159     -72       73
 SINCE 7/1        117               190     -73       83
COOLING TOTAL      60                36      24       92
 SINCE 1/1        487               454      33      694
.................................................................

WIND (MPH)
AVERAGE WIND SPEED              8.4
HIGHEST WIND SPEED/DIRECTION    37/250    DATE  09/29
HIGHEST GUST SPEED/DIRECTION    45/250    DATE  09/29

SKY COVER
POSSIBLE SUNSHINE (PERCENT)   MM
AVERAGE SKY COVER           0.50
NUMBER OF DAYS FAIR           11
NUMBER OF DAYS PC             14
NUMBER OF DAYS CLOUDY          5

AVERAGE RH (PERCENT)     53

WEATHER CONDITIONS. NUMBER OF DAYS WITH
THUNDERSTORM              6     MIXED PRECIP               0
HEAVY RAIN                1     RAIN                       2
LIGHT RAIN               14     FREEZING RAIN              0
LT FREEZING RAIN          0     HAIL                       1
HEAVY SNOW                0     SNOW                       0
LIGHT SNOW                1     SLEET                      0
FOG                       5     FOG W/VIS <= 1/4 MILE      0
HAZE                      4

-  INDICATES NEGATIVE NUMBERS.
R  INDICATES RECORD WAS SET OR TIED.
MM INDICATES DATA IS MISSING.
T  INDICATES TRACE AMOUNT.

$$




U.S. Dept. of Commerce
NOAA National Weather Service
1325 East West Highway
Silver Spring, MD 20910
E-mail: w-nws.webmaster@noaa.gov
Page last modified: May 16, 2007
NATIONAL WEATHER SERVICE: for Safety, for Work, for Fun - FOR LIFE