092
CXUS55 KPUB 011641
CLMCOS


CLIMATE REPORT
NATIONAL WEATHER SERVICE PUEBLO
1036 AM MDT MON SEP 1 2014

...................................

...THE COLORADO SPRINGS CO CLIMATE SUMMARY FOR THE MONTH OF AUGUST 2014...

CLIMATE NORMAL PERIOD 1981 TO 2010
CLIMATE RECORD PERIOD 1872 TO 2014

WEATHER         OBSERVED          NORMAL  DEPART  LAST YEAR`S
                 VALUE   DATE(S)  VALUE   FROM    VALUE  DATE(S)
                                          NORMAL
................................................................
TEMPERATURE (F)
RECORD
 HIGH              99   08/01/2008
                        08/03/1954
 LOW               34   08/26/1910
HIGHEST            89   08/17        84       5       91  08/29
LOWEST             48   08/30        50      -2       52  08/15
                                                          08/13
                                                          08/10
AVG. MAXIMUM     81.6              81.6     0.0     83.7
AVG. MINIMUM     55.1              55.7    -0.6     57.9
MEAN             68.4              68.7    -0.3     70.8
DAYS MAX >= 90      0               2.6    -2.6
DAYS MAX <= 32      0               0.0     0.0
DAYS MIN <= 32      0               0.0     0.0
DAYS MIN <= 0       0               0.0     0.0

PRECIPITATION (INCHES)
RECORD
 MAXIMUM         7.09   1929
 MINIMUM         0.12   2012
TOTALS           2.34              3.34   -1.00     5.72
DAILY AVG.       0.08              0.11   -0.03
DAYS >= .01        10              13.6    -3.6
DAYS >= .10         5               7.1    -2.1
DAYS >= .50         3               1.9     1.1
DAYS >= 1.00        0               0.5    -0.5
GREATEST
 24 HR. TOTAL    0.65   08/24 TO 08/25              2.40

SNOWFALL (INCHES)
RECORDS
 TOTAL            0.2   1952
TOTALS              T               0.0     0.0        T
SINCE 7/1           T               0.0     0.0        T
SNOWDEPTH AVG.      0
DAYS >= 1.0         0               0.0     0.0
GREATEST
 SNOW DEPTH         0                                  0
 24 HR TOTAL        T   08/25 TO 08/25                 T

DEGREE_DAYS
HEATING TOTAL       7                21     -14        5
 SINCE 7/1         30                31      -1       10
COOLING TOTAL     116               134     -18      192
 SINCE 1/1        427               418       9      602
.................................................................

WIND (MPH)
AVERAGE WIND SPEED              7.7
HIGHEST WIND SPEED/DIRECTION    48/350    DATE  08/17
HIGHEST GUST SPEED/DIRECTION    58/350    DATE  08/17

SKY COVER
POSSIBLE SUNSHINE (PERCENT)   MM
AVERAGE SKY COVER           0.50
NUMBER OF DAYS FAIR            4
NUMBER OF DAYS PC             23
NUMBER OF DAYS CLOUDY          4

AVERAGE RH (PERCENT)     55

WEATHER CONDITIONS. NUMBER OF DAYS WITH
THUNDERSTORM             17     MIXED PRECIP               0
HEAVY RAIN                4     RAIN                       6
LIGHT RAIN               20     FREEZING RAIN              0
LT FREEZING RAIN          0     HAIL                       2
HEAVY SNOW                0     SNOW                       0
LIGHT SNOW                0     SLEET                      0
FOG                       4     FOG W/VIS <= 1/4 MILE      0
HAZE                      2

-  INDICATES NEGATIVE NUMBERS.
R  INDICATES RECORD WAS SET OR TIED.
MM INDICATES DATA IS MISSING.
T  INDICATES TRACE AMOUNT.

$$






U.S. Dept. of Commerce
NOAA National Weather Service
1325 East West Highway
Silver Spring, MD 20910
E-mail: w-nws.webmaster@noaa.gov
Page last modified: May 16, 2007
NATIONAL WEATHER SERVICE: for Safety, for Work, for Fun - FOR LIFE