001
CXUS51 KGYX 030106
CLMCON

PWMCLMCON 000
TTAA00 KGYX 030106


CLIMATE REPORT
NATIONAL WEATHER SERVICE GRAY ME
906 PM EDT SAT AUG 2 2014

...................................

...THE CONCORD NH CLIMATE SUMMARY FOR THE MONTH OF JULY 2014...

CLIMATE NORMAL PERIOD 1981 TO 2010
CLIMATE RECORD PERIOD 1868 TO 2014 /SINCE 1869 FOR TEMPERATURES/

WEATHER         OBSERVED          NORMAL  DEPART  LAST YEAR`S
                 VALUE   DATE(S)  VALUE   FROM    VALUE  DATE(S)
                                          NORMAL
................................................................
TEMPERATURE (F)
RECORD
 HIGH             102   07/03/1966
                        07/04/1911
 LOW               35   07/07/1965
HIGHEST            92   07/02        93      -1       95  07/19
                                                          07/05
LOWEST             49   07/25        45       4       52  07/25
AVG. MAXIMUM     82.3              82.3     0.0     84.2
AVG. MINIMUM     58.5              57.7     0.8     62.3
MEAN             70.4              70.0     0.4     73.3
DAYS MAX >= 90      3               3.7    -0.7        8
DAYS MAX <= 32      0               0.0     0.0        0
DAYS MIN <= 32      0               0.0     0.0        0
DAYS MIN <= 0       0               0.0     0.0        0

PRECIPITATION (INCHES)
RECORD
 MAXIMUM        10.29   1915
 MINIMUM         0.91   1910
TOTALS           7.49              3.74    3.75     6.70
DAILY AVG.       0.24              0.12    0.12     0.22
DAYS >= .01        14              10.9     3.1       14
DAYS >= .10        12               6.4     5.6        9
DAYS >= .50         7               2.5     4.5        4
DAYS >= 1.00        2               1.0     1.0        2
GREATEST
 24 HR. TOTAL    1.98   07/03 TO 07/04

SNOWFALL (INCHES)
TOTALS            0.0               0.0     0.0      0.0
SINCE 7/1         0.0               0.0     0.0      0.0
SNOWDEPTH AVG.      0
DAYS >= TRACE       0               0.0     0.0        0
DAYS >= 1.0         0               0.0     0.0        0
GREATEST
 SNOW DEPTH         0
 24 HR TOTAL      0.0

DEGREE_DAYS
HEATING TOTAL       0                17     -17        2
 SINCE 7/1          0                17     -17        2
COOLING TOTAL     175               172       3      266
 SINCE 1/1        250               274     -24      396
.................................................................

WIND (MPH)
AVERAGE WIND SPEED              4.8
HIGHEST WIND SPEED/DIRECTION    28/320    DATE  07/05
HIGHEST GUST SPEED/DIRECTION    39/320    DATE  07/05

SKY COVER
AVERAGE SKY COVER           0.30

AVERAGE RH (PERCENT)     73

WEATHER CONDITIONS. NUMBER OF DAYS WITH
THUNDERSTORM              0     HEAVY RAIN                 9
RAIN                     11     LIGHT RAIN                15
FREEZING RAIN             0     LT FREEZING RAIN           0
HEAVY SNOW                0     SNOW                       0
LIGHT SNOW                0     FOG                       20
FOG W/VIS <= 1/4 MILE     5     HAZE                       4

-  INDICATES NEGATIVE NUMBERS.
R  INDICATES RECORD WAS SET OR TIED.
MM INDICATES DATA IS MISSING.
T  INDICATES TRACE AMOUNT.

&&

FOR THE THIRD STRAIGHT MONTH CONCORD EXPERIENCED TEMPERATURES
SLIGHTLY ABOVE NORMAL. THE FIRST TEN DAYS SAW MOSTLY WARM WEATHER...
WHILE THE REST OF THE MONTH WAS MOSTLY BELOW NORMAL WITH BRIEF
PERIODS OF WARMER WEATHER.

THE AVERAGE TEMPERATURE FOR THE MONTH WAS 70.4 DEGREES WHICH WAS 0.4
DEGREES ABOVE NORMAL. ALTHOUGH THIS WAS ABOVE NORMAL IT WAS THE
COOLEST JULY SINCE 2009 WHEN THE AVERAGE TEMPERATURE WAS 66.5
DEGREES. THE WARMEST JULY EVER RECORDED HAD AN AVERAGE TEMPERATURE
OF 75.0 DEGREES. THIS OCCURRED IN 1872 AND 1876. THE COOLEST JULY
WAS 1969 WITH AN AVERAGE TEMPERATURE OF 65.4 DEGREES.

A TOTAL OF 7.49 INCHES OF RAIN FELL IN JULY. THIS WAS DOUBLE THE
AVERAGE RAINFALL FOR THE MONTH (3.75 INCHES ABOVE NORMAL) AND THE
7TH WETTEST JULY ON RECORD. 14 DAYS IN THE MONTH RECORDED MEASURABLE
PRECIPITATION WHICH WAS SIGNIFICANTLY ABOVE NORMAL BUT DID NOT CRACK
THE TOP TEN LIST. THE WETTEST JULY ON RECORD WAS 1915 WITH 10.29
INCHES OF RAIN. THE DRIEST JULY WAS 1910 WITH ONLY 0.91 INCHES. THE
FOLLOWING TABLE LISTS THE WETTEST JULY`S IN CONCORD`S 147-YEAR
HISTORY OF PRECIPITATION RECORDS. THREE OF THE LAST 6 YEARS ARE IN
THE TOP TEN WETTEST LIST.

MOST RAIN IN JULY
RANK    INCHES  YEAR
1       10.29   1915
2       8.56    1897
3       7.84    1887
4       7.72    1872
5       7.57    1938
6       7.55    2009
7       7.49    2014 <===
8       7.18    1940
9       6.70    2013
10      6.66    1907

THE FOLLOWING DAILY RECORDS WERE SET OR TIED IN JULY 2014...
DATE  RECORD                              PREVIOUS
3     1.22 - MAXIMUM RAINFALL             1.20 IN 1997

$$

KIMBLE






U.S. Dept. of Commerce
NOAA National Weather Service
1325 East West Highway
Silver Spring, MD 20910
E-mail: w-nws.webmaster@noaa.gov
Page last modified: May 16, 2007
NATIONAL WEATHER SERVICE: for Safety, for Work, for Fun - FOR LIFE