025
CXUS55 KGJT 011256
CLMCNY


CLIMATE REPORT
NATIONAL WEATHER SERVICE GRAND JUNCTION CO
552 AM MST THU JAN 1 2015

...................................

...THE CANYONLANDS AIRPORT UT CLIMATE SUMMARY FOR THE MONTH OF DECEMBER 2014...

CLIMATE NORMAL PERIOD 1981 TO 2010
CLIMATE RECORD PERIOD 9999 TO 9999

WEATHER         OBSERVED          NORMAL  DEPART  LAST YEAR`S
                 VALUE   DATE(S)  VALUE   FROM    VALUE  DATE(S)
                                          NORMAL
................................................................
TEMPERATURE (F)
HIGHEST            58   12/01        MM      MM       40  12/03
LOWEST              1   12/31        MM      MM      -11  12/10
AVG. MAXIMUM     42.8              37.3     5.5     25.7
AVG. MINIMUM     24.2              16.0     8.2      3.2
MEAN             33.5              26.7     6.8     14.4
DAYS MAX >= 90      0               0.0     0.0        0
DAYS MAX <= 32      7               8.3    -1.3       23
DAYS MIN <= 32     26              30.3    -4.3       31
DAYS MIN <= 0       0               1.8    -1.8       14

PRECIPITATION (INCHES)
TOTALS           0.26              0.60   -0.34     0.62
DAILY AVG.       0.01              0.02   -0.01     0.02
DAYS >= .01         4                MM      MM        3
DAYS >= .10         1                MM      MM        1
DAYS >= .50         0                MM      MM        1
DAYS >= 1.00        0                MM      MM        0
GREATEST
 24 HR. TOTAL    0.20   12/13 TO 12/13              0.52

SNOWFALL (INCHES)
TOTALS             MM                MM      MM       MM
SINCE 7/1          MM                MM      MM       MM
SNOWDEPTH AVG.     MM                MM      MM       MM
DAYS >= 1.0        MM                MM      MM       MM
GREATEST
 SNOW DEPTH        MM                                 MM  MM
 24 HR TOTAL       MM                                 MM

DEGREE_DAYS
HEATING TOTAL     969              1188    -219     1563
 SINCE 7/1       1994              2397    -403     2819
COOLING TOTAL       0                 0       0        0
 SINCE 1/1       1447              1289     158     1643
.................................................................

WIND (MPH)
AVERAGE WIND SPEED              3.8
HIGHEST WIND SPEED/DIRECTION    37/300    DATE  12/22
HIGHEST GUST SPEED/DIRECTION    46/300    DATE  12/22

SKY COVER
POSSIBLE SUNSHINE (PERCENT)   MM
AVERAGE SKY COVER           0.50
NUMBER OF DAYS FAIR           15
NUMBER OF DAYS PC              6
NUMBER OF DAYS CLOUDY         10

AVERAGE RH (PERCENT)     71

WEATHER CONDITIONS. NUMBER OF DAYS WITH
THUNDERSTORM              0     MIXED PRECIP               0
HEAVY RAIN                0     RAIN                       1
LIGHT RAIN                5     FREEZING RAIN              0
LT FREEZING RAIN          0     HAIL                       0
HEAVY SNOW                1     SNOW                       2
LIGHT SNOW                7     SLEET                      0
FOG                      11     FOG W/VIS <= 1/4 MILE      3
HAZE                      5

-  INDICATES NEGATIVE NUMBERS.
R  INDICATES RECORD WAS SET OR TIED.
MM INDICATES DATA IS MISSING.
T  INDICATES TRACE AMOUNT.

$$





U.S. Dept. of Commerce
NOAA National Weather Service
1325 East West Highway
Silver Spring, MD 20910
E-mail: w-nws.webmaster@noaa.gov
Page last modified: May 16, 2007
NATIONAL WEATHER SERVICE: for Safety, for Work, for Fun - FOR LIFE