959
CXUS53 KTOP 031522 CCA
CLMCNK

CLIMATE REPORT...CORRECTED NUMBER OF THUNDERSTORM DAYS
NATIONAL WEATHER SERVICE TOPEKA KS
1022 AM CDT FRI OCT 3 2014

...................................

...THE CONCORDIA KS CLIMATE SUMMARY FOR THE MONTH OF SEPTEMBER 2014...

CLIMATE NORMAL PERIOD 1981 TO 2010
CLIMATE RECORD PERIOD 1885 TO 2014

WEATHER         OBSERVED          NORMAL  DEPART  LAST YEAR`S
                 VALUE   DATE(S)  VALUE   FROM    VALUE
                                          NORMAL
.............................................................
TEMPERATURE (F)
RECORD
 HIGH             112   09/03/1947
 LOW               29   09/22/1995
                        09/29/1984
                        09/30/1895
HIGHEST            94   09/04        85       9      102
LOWEST             34   09/13        51     -17       47
AVG. MAXIMUM     77.5              80.0    -2.5     85.1
AVG. MINIMUM     55.6              56.0    -0.4     59.5
MEAN             66.6              68.0    -1.4     72.3
DAYS MAX >= 90      3               4.9    -1.9        9
DAYS MAX <= 32      0               0.0     0.0        0
DAYS MIN <= 32      0               0.1    -0.1        0
DAYS MIN <= 0       0               0.0     0.0        0

PRECIPITATION (INCHES)
RECORD
 MAXIMUM         8.94   1946
 MINIMUM         0.08   1956
TOTALS           3.25              2.91    0.34     1.13
DAILY AVG.       0.11              0.10    0.01     0.04
DAYS >= .01         6               7.4    -1.4        5
DAYS >= .10         5               4.6     0.4        3
DAYS >= .50         3               1.8     1.2        1
DAYS >= 1.00        1               0.9     0.1        0
GREATEST
 24 HR. TOTAL    1.23   09/05 TO 09/05              0.57
                        08/31 TO 09/01
                        09/04 TO 09/05

SNOWFALL (INCHES)
RECORDS
 TOTAL              T   1985
TOTALS            0.0               0.0     0.0      0.0
SINCE 7/1         0.0               0.0     0.0      0.0
SNOWDEPTH AVG.      0                                  0
DAYS >= 1.0         0               0.0     0.0        0
GREATEST
 SNOW DEPTH         0   MM                             0
 24 HR TOTAL      0.0   09/30 TO 09/30               0.0

DEGREE_DAYS
HEATING TOTAL      82                70      12       14
 SINCE 7/1         84                73      11       21
COOLING TOTAL     135               160     -25      242
 SINCE 1/1       1344              1326      18     1327
..............................................................

WIND (MPH)
AVERAGE WIND SPEED              9.6
HIGHEST WIND SPEED/DIRECTION    29/180    DATE  09/03
HIGHEST GUST SPEED/DIRECTION    39/200    DATE  09/09

SKY COVER
POSSIBLE SUNSHINE (PERCENT)   MM
AVERAGE SKY COVER           0.30
NUMBER OF DAYS FAIR           21
NUMBER OF DAYS PC              6
NUMBER OF DAYS CLOUDY          3

AVERAGE RH (PERCENT)     75

WEATHER CONDITIONS. NUMBER OF DAYS WITH
THUNDERSTORM              5     MIXED PRECIP               0
HEAVY RAIN                4     RAIN                       6
LIGHT RAIN                7     FREEZING RAIN              0
LT FREEZING RAIN          0     HEAVY SNOW                 0
SNOW                      0     LIGHT SNOW                 0
FOG                      13     FOG W/VIS <= 1/4 MILE      1
HAZE                      0

-  INDICATES NEGATIVE NUMBERS.
R  INDICATES RECORD WAS SET OR TIED.
MM INDICATES DATA IS MISSING.
T  INDICATES TRACE AMOUNT.

$$







U.S. Dept. of Commerce
NOAA National Weather Service
1325 East West Highway
Silver Spring, MD 20910
E-mail: w-nws.webmaster@noaa.gov
Page last modified: May 16, 2007
NATIONAL WEATHER SERVICE: for Safety, for Work, for Fun - FOR LIFE