700
CXUS53 KTOP 040949
CLMCNK


CLIMATE REPORT
NATIONAL WEATHER SERVICE TOPEKA KS
332 AM CST SUN JAN 4 2015

...................................

...THE CONCORDIA KS CLIMATE SUMMARY FOR THE YEAR OF 2014...

CLIMATE NORMAL PERIOD 1981 TO 2010
CLIMATE RECORD PERIOD 1885 TO 2015

WEATHER         OBSERVED          NORMAL  DEPART  LAST YEAR`S
                 VALUE   DATE(S)  VALUE   FROM    VALUE  DATE(S)
                                          NORMAL
................................................................
TEMPERATURE (F)
RECORD
 HIGH             116   08/12/1936
 LOW              -33   01/08/1886
HIGHEST           103   07/25        MM      MM      102  09/08
                                                          09/07
                                                          07/09
LOWEST             -7   02/06        MM      MM       -4  12/07
AVG. MAXIMUM     64.4              65.0    -0.6     64.1
AVG. MINIMUM     41.2              42.7    -1.5     41.3
MEAN             52.8              53.9    -1.1     52.7
DAYS MAX >= 90     42              45.6    -3.6       43
DAYS MAX <= 32     40              28.5    11.5       34
DAYS MIN <= 32    130             118.8    11.2      144
DAYS MIN <= 0       5               4.9     0.1        2

PRECIPITATION (INCHES)
RECORD
 MAXIMUM        44.79   1993
 MINIMUM        12.83   1956
TOTALS          27.20             27.89   -0.69    27.19
DAILY AVG.       0.07              0.08   -0.01     0.08
DAYS >= .01        90              90.4    -0.4       80
DAYS >= .10        49              50.7    -1.7       43
DAYS >= .50        20              18.4     1.6       18
DAYS >= 1.00        9               6.9     2.1        6
GREATEST
 24 HR. TOTAL    1.94   MM                       12/31 TO 12/31
                                                          12/31 TO 12/31
                                                          12/31 TO 12/31

SNOWFALL (INCHES)
RECORDS
 TOTAL           57.4   1960
 24 HR TOTAL     13.2   02/10/1965 TO 02/11/1965
 SNOW DEPTH        25   03/16/1960
TOTALS           23.6              20.2     3.4     26.6
SINCE 7/1         6.1               6.5    -0.4      6.3
SNOWDEPTH AVG.      0                MM      MM        0
DAYS >= TRACE      35              13.3    21.7       33
DAYS >= 1.0         5               6.3    -1.3        9
GREATEST
 SNOW DEPTH         8   02/07                          7  01/01
                        02/05
                        02/06
 24 HR TOTAL      5.6   MM                       12/31 TO 12/31
                                                          12/31 TO 12/31
                                                          12/31 TO 12/31

DEGREE_DAYS
HEATING TOTAL    5670              5408     262     5714
 SINCE 7/1         MM              2177      MM       MM
COOLING TOTAL    1368              1350      18     1359
 SINCE 1/1       1368              1349      19     1359
..................................................

WIND (MPH)
AVERAGE WIND SPEED              11.2
RESULTANT WIND SPEED/DIRECTION   2/189
HIGHEST WIND SPEED/DIRECTION    46/330    DATE  06/11
HIGHEST GUST SPEED/DIRECTION    67/270    DATE  06/14

SKY COVER
AVERAGE SKY COVER           0.30

AVERAGE RH (PERCENT)     66

WEATHER CONDITIONS. NUMBER OF DAYS WITH
THUNDERSTORM             53     MIXED PRECIP               0
HEAVY RAIN               33     RAIN                      42
LIGHT RAIN               80     FREEZING RAIN              0
LT FREEZING RAIN          1     HEAVY SNOW                 2
SNOW                     13     LIGHT SNOW                35
FOG                     135     FOG W/VIS <= 1/4 MILE     13
HAZE                     41

-  INDICATES NEGATIVE NUMBERS.
R  INDICATES RECORD WAS SET OR TIED.
MM INDICATES DATA IS MISSING.
T  INDICATES TRACE AMOUNT.

$$





U.S. Dept. of Commerce
NOAA National Weather Service
1325 East West Highway
Silver Spring, MD 20910
E-mail: w-nws.webmaster@noaa.gov
Page last modified: May 16, 2007
NATIONAL WEATHER SERVICE: for Safety, for Work, for Fun - FOR LIFE