899
CXUS53 KTOP 011425
CLMCNK


CLIMATE REPORT
NATIONAL WEATHER SERVICE TOPEKA KS
923 AM CDT MON SEP 1 2014

...................................

...THE CONCORDIA KS CLIMATE SUMMARY FOR THE MONTH OF AUGUST 2014...

CLIMATE NORMAL PERIOD 1981 TO 2010
CLIMATE RECORD PERIOD 1885 TO 2014

WEATHER         OBSERVED          NORMAL  DEPART  LAST YEAR`S
                 VALUE   DATE(S)  VALUE   FROM    VALUE
                                          NORMAL
.............................................................
TEMPERATURE (F)
RECORD
 HIGH             116   08/12/1936
 LOW               41   08/23/1891
HIGHEST            98   08/05        91       7      100
LOWEST             56   08/13        68     -12       56
                        08/12
AVG. MAXIMUM     88.9              88.6     0.3     85.1
AVG. MINIMUM     65.5              65.5     0.0     65.8
MEAN             77.2              77.1     0.1     75.5
DAYS MAX >= 90     15              13.2     1.8        9
DAYS MAX <= 32      0               0.0     0.0        0
DAYS MIN <= 32      0               0.0     0.0        0
DAYS MIN <= 0       0               0.0     0.0        0

PRECIPITATION (INCHES)
RECORD
 MAXIMUM        10.72   1977
 MINIMUM         0.30   1947
TOTALS           6.99              3.14    3.85     6.58
DAILY AVG.       0.23              0.10    0.13     0.21
DAYS >= .01        14               8.5     5.5        6
DAYS >= .10        12               5.8     6.2        3
DAYS >= .50         5               2.0     3.0        3
DAYS >= 1.00        3               0.7     2.3        2
GREATEST
 24 HR. TOTAL    1.94   08/21 TO 08/22              5.37

SNOWFALL (INCHES)
RECORDS
 TOTAL              T   1954
TOTALS            0.0               0.0     0.0      0.0
SINCE 7/1         0.0               0.0     0.0      0.0
SNOWDEPTH AVG.      0                                  0
DAYS >= 1.0         0               0.0     0.0        0
GREATEST
 SNOW DEPTH         0   MM                             0
 24 HR TOTAL      0.0   08/31 TO 08/31               0.0

DEGREE_DAYS
HEATING TOTAL       0                 3      -3        0
 SINCE 7/1          2                 3      -1        7
COOLING TOTAL     385               376       9      333
 SINCE 1/1       1209              1166      43     1085
..............................................................

WIND (MPH)
AVERAGE WIND SPEED              8.4
HIGHEST WIND SPEED/DIRECTION    39/310    DATE  08/17
HIGHEST GUST SPEED/DIRECTION    60/330    DATE  08/17

SKY COVER
POSSIBLE SUNSHINE (PERCENT)   MM
AVERAGE SKY COVER           0.20
NUMBER OF DAYS FAIR           24
NUMBER OF DAYS PC              7
NUMBER OF DAYS CLOUDY          0

AVERAGE RH (PERCENT)     71

WEATHER CONDITIONS. NUMBER OF DAYS WITH
THUNDERSTORM             15     MIXED PRECIP               0
HEAVY RAIN                9     RAIN                      11
LIGHT RAIN               13     FREEZING RAIN              0
LT FREEZING RAIN          0     HEAVY SNOW                 0
SNOW                      0     LIGHT SNOW                 0
FOG                      18     FOG W/VIS <= 1/4 MILE      1
HAZE                      0

-  INDICATES NEGATIVE NUMBERS.
R  INDICATES RECORD WAS SET OR TIED.
MM INDICATES DATA IS MISSING.
T  INDICATES TRACE AMOUNT.

$$





U.S. Dept. of Commerce
NOAA National Weather Service
1325 East West Highway
Silver Spring, MD 20910
E-mail: w-nws.webmaster@noaa.gov
Page last modified: May 16, 2007
NATIONAL WEATHER SERVICE: for Safety, for Work, for Fun - FOR LIFE