795
CXUS55 KCYS 082117
CLMCNE


CLIMATE REPORT
NATIONAL WEATHER SERVICE CHEYENNE WY
216 PM MST MON DEC 8 2014

...................................

...THE ALLIANCE NE AIRPORT CLIMATE SUMMARY FOR THE MONTH OF NOVEMBER 2014...

CLIMATE NORMAL PERIOD 1981 TO 2010
CLIMATE RECORD PERIOD 1896 TO 2014

WEATHER         OBSERVED          NORMAL  DEPART  LAST YEAR`S
                 VALUE   DATE(S)  VALUE   FROM    VALUE
                                          NORMAL
.............................................................
TEMPERATURE (F)
RECORD
 HIGH              80   11/08/2006
                        11/08/1999
                        11/07/1999
 LOW              -25   11/13/1916
HIGHEST            68   11/28        MM      MM       69
LOWEST            -13   11/13        MM      MM      -15
AVG. MAXIMUM     45.8              48.6    -2.8     49.5
AVG. MINIMUM     14.1              17.6    -3.5     17.1
MEAN             29.9              33.1    -3.2     33.3
DAYS MAX >= 90      0               0.0     0.0        0
DAYS MAX <= 32      9               4.7     4.3        3
DAYS MIN <= 32     29              28.6     0.4       30
DAYS MIN <= 0       5               1.5     3.5        3

PRECIPITATION (INCHES)
RECORD
 MAXIMUM         1.50   1972
 MINIMUM         0.00   1997
                        1989
                        1949
TOTALS           0.40              0.45   -0.05     0.73
DAYS >= .01         4                MM      MM        5
DAYS >= .10         1                MM      MM        4
DAYS >= .50         0                MM      MM        0
DAYS >= 1.00        0                MM      MM        0
GREATEST
 24 HR. TOTAL    0.33   11/02 TO 11/03

DEGREE_DAYS
HEATING TOTAL    1041               957      84      944
 SINCE 7/1       1708              1799     -91     1730
COOLING TOTAL       0                 0       0        0
 SINCE 1/1        499               564     -65      795
..............................................................

WIND (MPH)
AVERAGE WIND SPEED              12.3
HIGHEST WIND SPEED/DIRECTION    40/320    DATE  11/16
HIGHEST GUST SPEED/DIRECTION    51/330    DATE  11/16

SKY COVER
POSSIBLE SUNSHINE (PERCENT)   MM
AVERAGE SKY COVER           0.30
NUMBER OF DAYS FAIR           20
NUMBER OF DAYS PC              6
NUMBER OF DAYS CLOUDY          3

AVERAGE RH (PERCENT)     64

WEATHER CONDITIONS. NUMBER OF DAYS WITH
THUNDERSTORM              0     MIXED PRECIP               0
HEAVY RAIN                0     RAIN                       0
LIGHT RAIN                2     FREEZING RAIN              0
LT FREEZING RAIN          0     HAIL                       0
HEAVY SNOW                1     SNOW                       2
LIGHT SNOW                8     SLEET                      0
FOG                       7     FOG W/VIS <= 1/4 MILE      1
HAZE                      3

-  INDICATES NEGATIVE NUMBERS.
R  INDICATES RECORD WAS SET OR TIED.
MM INDICATES DATA IS MISSING.
T  INDICATES TRACE AMOUNT.
...................................

...THE CHADRON NE AIRPORT CLIMATE SUMMARY FOR THE MONTH OF NOVEMBER 2014...

CLIMATE NORMAL PERIOD 1981 TO 2010
CLIMATE RECORD PERIOD 1895 TO 2014

WEATHER         OBSERVED          NORMAL  DEPART  LAST YEAR`S
                 VALUE   DATE(S)  VALUE   FROM    VALUE
                                          NORMAL
.............................................................
TEMPERATURE (F)
RECORD
 HIGH              81   11/02/2008
                        11/08/1999
 LOW              -20   11/13/1986
HIGHEST            69   11/28        MM      MM       66
                        11/01
LOWEST            -13   11/13        MM      MM       -9
AVG. MAXIMUM     44.7              48.5    -3.8     49.2
AVG. MINIMUM     16.6              19.4    -2.8     19.4
MEAN             30.6              34.0    -3.4     34.3
DAYS MAX >= 90      0               0.0     0.0        0
DAYS MAX <= 32      8               3.9     4.1        2
DAYS MIN <= 32     26              26.6    -0.6       29
DAYS MIN <= 0       5               1.6     3.4        2

PRECIPITATION (INCHES)
RECORD
 MAXIMUM         1.62   1998
 MINIMUM         0.00   1989
                        1939
TOTALS           0.42              0.62   -0.20     0.48
DAYS >= .01         5               4.0     1.0        5
DAYS >= .10         3               2.0     1.0        1
DAYS >= .50         0               0.2    -0.2        0
DAYS >= 1.00        0               0.0     0.0        0
GREATEST
 24 HR. TOTAL    0.18   11/14 TO 11/15

DEGREE_DAYS
HEATING TOTAL    1022               931      91      915
 SINCE 7/1       1605              1684     -79     1636
COOLING TOTAL       0                 0       0        0
 SINCE 1/1        647               712     -65      917
..............................................................

WIND (MPH)
AVERAGE WIND SPEED              9.4
HIGHEST WIND SPEED/DIRECTION    38/310    DATE  11/16
HIGHEST GUST SPEED/DIRECTION    48/310    DATE  11/16

SKY COVER
POSSIBLE SUNSHINE (PERCENT)   MM
AVERAGE SKY COVER           0.30
NUMBER OF DAYS FAIR           18
NUMBER OF DAYS PC              7
NUMBER OF DAYS CLOUDY          4

AVERAGE RH (PERCENT)     57

WEATHER CONDITIONS. NUMBER OF DAYS WITH
THUNDERSTORM              0     MIXED PRECIP               0
HEAVY RAIN                1     RAIN                       1
LIGHT RAIN                2     FREEZING RAIN              0
LT FREEZING RAIN          0     HAIL                       0
HEAVY SNOW                0     SNOW                       4
LIGHT SNOW                8     SLEET                      0
FOG                       6     FOG W/VIS <= 1/4 MILE      1
HAZE                      8

-  INDICATES NEGATIVE NUMBERS.
R  INDICATES RECORD WAS SET OR TIED.
MM INDICATES DATA IS MISSING.
T  INDICATES TRACE AMOUNT.
...................................

...THE SCOTTSBLUFF NE AIRPORT CLIMATE SUMMARY FOR THE MONTH OF NOVEMBER 2014...

CLIMATE NORMAL PERIOD 1981 TO 2010
CLIMATE RECORD PERIOD 1871 TO 2014

WEATHER         OBSERVED          NORMAL  DEPART  LAST YEAR`S
                 VALUE   DATE(S)  VALUE   FROM    VALUE
                                          NORMAL
.............................................................
TEMPERATURE (F)
RECORD
 HIGH              80   11/12/1989
 LOW              -21   11/13/1916
                        11/27/1896
HIGHEST            69   11/08        49      20       69
LOWEST             -9   11/13        22     -31      -10
AVG. MAXIMUM     47.7              50.2    -2.5     51.4
AVG. MINIMUM     17.2              21.5    -4.3     21.5
MEAN             32.4              35.8    -3.4     36.5
DAYS MAX >= 90      0               0.0     0.0        0
DAYS MAX <= 32      7               3.1     3.9        3
DAYS MIN <= 32     29              26.6     2.4       28
DAYS MIN <= 0       4               1.1     2.9        1

PRECIPITATION (INCHES)
RECORD
 MAXIMUM         2.86   1922
 MINIMUM         0.00   1939
TOTALS           0.91              0.66    0.25     0.85
DAYS >= .01        10               5.2     4.8        4
DAYS >= .10         2               2.1    -0.1        3
DAYS >= .50         1               0.3     0.7        0
DAYS >= 1.00        0               0.0     0.0        0
GREATEST
 24 HR. TOTAL    0.60   11/02 TO 11/03

DEGREE_DAYS
HEATING TOTAL     967               874      93      849
 SINCE 7/1       1445              1565    -120     1505
COOLING TOTAL       0                 0       0        0
 SINCE 1/1        719               724      -5     1047
..............................................................

WIND (MPH)
AVERAGE WIND SPEED              9.6
HIGHEST WIND SPEED/DIRECTION    39/320    DATE  11/16
HIGHEST GUST SPEED/DIRECTION    51/310    DATE  11/24

SKY COVER
POSSIBLE SUNSHINE (PERCENT)   MM
AVERAGE SKY COVER           0.30
NUMBER OF DAYS FAIR           20
NUMBER OF DAYS PC              7
NUMBER OF DAYS CLOUDY          2

AVERAGE RH (PERCENT)     62

WEATHER CONDITIONS. NUMBER OF DAYS WITH
THUNDERSTORM              0     MIXED PRECIP               0
HEAVY RAIN                1     RAIN                       1
LIGHT RAIN                5     FREEZING RAIN              0
LT FREEZING RAIN          0     HAIL                       0
HEAVY SNOW                1     SNOW                       3
LIGHT SNOW                9     SLEET                      0
FOG                       8     FOG W/VIS <= 1/4 MILE      1
HAZE                      4

-  INDICATES NEGATIVE NUMBERS.
R  INDICATES RECORD WAS SET OR TIED.
MM INDICATES DATA IS MISSING.
T  INDICATES TRACE AMOUNT.
...................................

...THE SIDNEY NE AIRPORT CLIMATE SUMMARY FOR THE MONTH OF NOVEMBER 2014...

CLIMATE NORMAL PERIOD 1981 TO 2010
CLIMATE RECORD PERIOD 1948 TO 2014

WEATHER         OBSERVED          NORMAL  DEPART  LAST YEAR`S
                 VALUE   DATE(S)  VALUE   FROM    VALUE
                                          NORMAL
.............................................................
TEMPERATURE (F)
RECORD
 HIGH              81   11/05/2009
                        11/08/1999
 LOW              -14   11/13/2014
HIGHEST            70   11/09        MM      MM       72
LOWEST            -14R  11/13        MM      MM        5
AVG. MAXIMUM     46.9              51.2    -4.3     52.4
AVG. MINIMUM     17.1              24.2    -7.1     21.9
MEAN             32.0              37.7    -5.7     37.1
DAYS MAX >= 90      0               0.0     0.0        0
DAYS MAX <= 32      9               2.9     6.1        2
DAYS MIN <= 32     27              24.4     2.6       28
DAYS MIN <= 0       4               0.5     3.5        0

PRECIPITATION (INCHES)
RECORD
 MAXIMUM         2.20   1979
 MINIMUM         0.00   1959
TOTALS           0.46              0.57   -0.11     0.45
DAYS >= .01         5               4.8     0.2        3
DAYS >= .10         1               1.3    -0.3        2
DAYS >= .50         0               0.1    -0.1        0
DAYS >= 1.00        0               0.1    -0.1        0
GREATEST
 24 HR. TOTAL    0.34   11/03 TO 11/03

DEGREE_DAYS
HEATING TOTAL     984               819     165      831
 SINCE 7/1       1490              1422      68     1492
COOLING TOTAL       0                 0       0        0
 SINCE 1/1        637               830    -193      918
..............................................................

WIND (MPH)
AVERAGE WIND SPEED              12.5
HIGHEST WIND SPEED/DIRECTION    40/330    DATE  11/16
HIGHEST GUST SPEED/DIRECTION    51/330    DATE  11/16

SKY COVER
POSSIBLE SUNSHINE (PERCENT)   MM
AVERAGE SKY COVER           0.30
NUMBER OF DAYS FAIR           20
NUMBER OF DAYS PC              7
NUMBER OF DAYS CLOUDY          2

AVERAGE RH (PERCENT)     60

WEATHER CONDITIONS. NUMBER OF DAYS WITH
THUNDERSTORM              0     MIXED PRECIP               0
HEAVY RAIN                0     RAIN                       0
LIGHT RAIN                2     FREEZING RAIN              0
LT FREEZING RAIN          0     HAIL                       0
HEAVY SNOW                1     SNOW                       3
LIGHT SNOW                9     SLEET                      0
FOG                       7     FOG W/VIS <= 1/4 MILE      2
HAZE                      3

-  INDICATES NEGATIVE NUMBERS.
R  INDICATES RECORD WAS SET OR TIED.
MM INDICATES DATA IS MISSING.
T  INDICATES TRACE AMOUNT.

$$




U.S. Dept. of Commerce
NOAA National Weather Service
1325 East West Highway
Silver Spring, MD 20910
E-mail: w-nws.webmaster@noaa.gov
Page last modified: May 16, 2007
NATIONAL WEATHER SERVICE: for Safety, for Work, for Fun - FOR LIFE