356
CXUS55 KCYS 031855
CLMCNE


CLIMATE REPORT
NATIONAL WEATHER SERVICE CHEYENNE WY
1254 PM MDT THU JUL 3 2014

...................................

...THE ALLIANCE NE AIRPORT CLIMATE SUMMARY FOR THE MONTH OF JUNE 2014...

CLIMATE NORMAL PERIOD 1981 TO 2010
CLIMATE RECORD PERIOD 1896 TO 2014

WEATHER         OBSERVED          NORMAL  DEPART  LAST YEAR`S
                 VALUE   DATE(S)  VALUE   FROM    VALUE
                                          NORMAL
.............................................................
TEMPERATURE (F)
RECORD
 HIGH             108   06/26/2012
 LOW               27   06/02/1969
HIGHEST            87   06/17        MM      MM       98
LOWEST             35   06/15        MM      MM       34
AVG. MAXIMUM     76.8              80.0    -3.2     83.4
AVG. MINIMUM     48.4              49.7    -1.3     50.2
MEAN             62.6              64.8    -2.2     66.8
DAYS MAX >= 90      0               4.9    -4.9        8
DAYS MAX <= 32      0               0.0     0.0        0
DAYS MIN <= 32      0               0.1    -0.1        0
DAYS MIN <= 0       0               0.0     0.0        0

PRECIPITATION (INCHES)
RECORD
 MAXIMUM         7.68   2009
 MINIMUM         0.27   1933
TOTALS           4.68              2.88    1.80     1.40
DAYS >= .01        10                MM      MM        8
DAYS >= .10         6                MM      MM        6
DAYS >= .50         4                MM      MM        1
DAYS >= 1.00        2                MM      MM        0
GREATEST
 24 HR. TOTAL    1.48   06/04 TO 06/04

DEGREE_DAYS
HEATING TOTAL      99                93       6       62
 SINCE 7/1       7518              7308     210     7190
COOLING TOTAL      36                88     -52      124
 SINCE 1/1         50                98     -48      146
..............................................................

WIND (MPH)
AVERAGE WIND SPEED              10.3
HIGHEST WIND SPEED/DIRECTION    56/300    DATE  06/01
HIGHEST GUST SPEED/DIRECTION    73/250    DATE  06/01

SKY COVER
POSSIBLE SUNSHINE (PERCENT)   MM
AVERAGE SKY COVER           0.30
NUMBER OF DAYS FAIR           22
NUMBER OF DAYS PC              6
NUMBER OF DAYS CLOUDY          2

AVERAGE RH (PERCENT)     69

WEATHER CONDITIONS. NUMBER OF DAYS WITH
THUNDERSTORM              0     MIXED PRECIP               0
HEAVY RAIN                2     RAIN                       6
LIGHT RAIN               12     FREEZING RAIN              0
LT FREEZING RAIN          0     HAIL                       0
HEAVY SNOW                0     SNOW                       0
LIGHT SNOW                0     SLEET                      0
FOG                      14     FOG W/VIS <= 1/4 MILE      1
HAZE                      4

-  INDICATES NEGATIVE NUMBERS.
R  INDICATES RECORD WAS SET OR TIED.
MM INDICATES DATA IS MISSING.
T  INDICATES TRACE AMOUNT.
...................................

...THE CHADRON NE AIRPORT CLIMATE SUMMARY FOR THE MONTH OF JUNE 2014...

CLIMATE NORMAL PERIOD 1981 TO 2010
CLIMATE RECORD PERIOD 1895 TO 2014

WEATHER         OBSERVED          NORMAL  DEPART  LAST YEAR`S
                 VALUE   DATE(S)  VALUE   FROM    VALUE
                                          NORMAL
.............................................................
TEMPERATURE (F)
RECORD
 HIGH             109   06/26/2012
 LOW               26   06/02/1969
HIGHEST            94   06/21        MM      MM       96
LOWEST             40   06/12        MM      MM       35
AVG. MAXIMUM     77.7              81.3    -3.6     81.9
AVG. MINIMUM     49.9              50.5    -0.6     51.3
MEAN             63.8              65.9    -2.1     66.6
DAYS MAX >= 90      2               5.8    -3.8        4
DAYS MAX <= 32      0               0.0     0.0        0
DAYS MIN <= 32      0               0.1    -0.1        0
DAYS MIN <= 0       0               0.0     0.0        0

PRECIPITATION (INCHES)
RECORD
 MAXIMUM         7.96   1967
 MINIMUM         0.14   2000
TOTALS           2.75              3.24   -0.49     2.62
DAYS >= .01        10               9.5     0.5       13
DAYS >= .10         7               6.3     0.7        9
DAYS >= .50         2               2.2    -0.2        1
DAYS >= 1.00        0               0.6    -0.6        0
GREATEST
 24 HR. TOTAL    0.61   06/08 TO 06/08

DEGREE_DAYS
HEATING TOTAL      83                81       2       58
 SINCE 7/1       7293              7146     147     6873
COOLING TOTAL      54               108     -54      112
 SINCE 1/1         85               128     -43      140
..............................................................

WIND (MPH)
AVERAGE WIND SPEED              8.3
HIGHEST WIND SPEED/DIRECTION    43/180    DATE  06/13
HIGHEST GUST SPEED/DIRECTION    59/140    DATE  06/13

SKY COVER
POSSIBLE SUNSHINE (PERCENT)   MM
AVERAGE SKY COVER           0.30
NUMBER OF DAYS FAIR           20
NUMBER OF DAYS PC              8
NUMBER OF DAYS CLOUDY          2

AVERAGE RH (PERCENT)     69

WEATHER CONDITIONS. NUMBER OF DAYS WITH
THUNDERSTORM              0     MIXED PRECIP               0
HEAVY RAIN                6     RAIN                       6
LIGHT RAIN               15     FREEZING RAIN              0
LT FREEZING RAIN          0     HAIL                       0
HEAVY SNOW                0     SNOW                       0
LIGHT SNOW                0     SLEET                      0
FOG                      12     FOG W/VIS <= 1/4 MILE      1
HAZE                      1

-  INDICATES NEGATIVE NUMBERS.
R  INDICATES RECORD WAS SET OR TIED.
MM INDICATES DATA IS MISSING.
T  INDICATES TRACE AMOUNT.
...................................

...THE SCOTTSBLUFF NE AIRPORT CLIMATE SUMMARY FOR THE MONTH OF JUNE 2014...

CLIMATE NORMAL PERIOD 1981 TO 2010
CLIMATE RECORD PERIOD 1871 TO 2014

WEATHER         OBSERVED          NORMAL  DEPART  LAST YEAR`S
                 VALUE   DATE(S)  VALUE   FROM    VALUE
                                          NORMAL
.............................................................
TEMPERATURE (F)
RECORD
 HIGH             106   06/26/2012
                        06/25/2012
                        06/27/1990
 LOW               30   06/14/1969
HIGHEST            95   06/29        83      12       99
LOWEST             37   06/15        53     -16       41
AVG. MAXIMUM     81.9              82.1    -0.2     86.8
AVG. MINIMUM     50.5              52.3    -1.8     54.4
MEAN             66.2              67.2    -1.0     70.6
DAYS MAX >= 90      8               6.9     1.1       11
DAYS MAX <= 32      0               0.0     0.0        0
DAYS MIN <= 32      0               0.0     0.0        0
DAYS MIN <= 0       0               0.0     0.0        0

PRECIPITATION (INCHES)
RECORD
 MAXIMUM         8.33   1947
 MINIMUM         0.25   2007
TOTALS           1.73              2.85   -1.12     1.54
DAYS >= .01         9              10.8    -1.8        6
DAYS >= .10         8               5.7     2.3        5
DAYS >= .50         0               1.8    -1.8        1
DAYS >= 1.00        0               0.6    -0.6        0
GREATEST
 24 HR. TOTAL    0.33   06/18 TO 06/18

DEGREE_DAYS
HEATING TOTAL      53                60      -7       21
 SINCE 7/1       6672              6615      57     6306
COOLING TOTAL      95               126     -31      195
 SINCE 1/1        122               149     -27      249
..............................................................

WIND (MPH)
AVERAGE WIND SPEED              9.3
HIGHEST WIND SPEED/DIRECTION    39/340    DATE  06/22
HIGHEST GUST SPEED/DIRECTION    51/340    DATE  06/22

SKY COVER
POSSIBLE SUNSHINE (PERCENT)   MM
AVERAGE SKY COVER           0.20
NUMBER OF DAYS FAIR           23
NUMBER OF DAYS PC              5
NUMBER OF DAYS CLOUDY          2

AVERAGE RH (PERCENT)     66

WEATHER CONDITIONS. NUMBER OF DAYS WITH
THUNDERSTORM              0     MIXED PRECIP               0
HEAVY RAIN                2     RAIN                       5
LIGHT RAIN               15     FREEZING RAIN              0
LT FREEZING RAIN          0     HAIL                       0
HEAVY SNOW                0     SNOW                       0
LIGHT SNOW                0     SLEET                      0
FOG                       5     FOG W/VIS <= 1/4 MILE      0
HAZE                      3

-  INDICATES NEGATIVE NUMBERS.
R  INDICATES RECORD WAS SET OR TIED.
MM INDICATES DATA IS MISSING.
T  INDICATES TRACE AMOUNT.
...................................

...THE SIDNEY NE AIRPORT CLIMATE SUMMARY FOR THE MONTH OF JUNE 2014...

CLIMATE NORMAL PERIOD 1981 TO 2010
CLIMATE RECORD PERIOD 1948 TO 2014

WEATHER         OBSERVED          NORMAL  DEPART  LAST YEAR`S
                 VALUE   DATE(S)  VALUE   FROM    VALUE
                                          NORMAL
.............................................................
TEMPERATURE (F)
RECORD
 HIGH             111   06/26/2012
 LOW               28   06/14/1969
                        06/02/1969
                        06/03/1954
HIGHEST            91   06/03        MM      MM      100
LOWEST             42   06/15        MM      MM       39
AVG. MAXIMUM     79.3              82.2    -2.9     86.2
AVG. MINIMUM     51.2              53.0    -1.8     52.1
MEAN             65.2              67.6    -2.4     69.1
DAYS MAX >= 90      1               7.0    -6.0       12
DAYS MAX <= 32      0               0.0     0.0        0
DAYS MIN <= 32      0               0.0     0.0        0
DAYS MIN <= 0       0               0.0     0.0        0

PRECIPITATION (INCHES)
RECORD
 MAXIMUM        10.07   1965
 MINIMUM         0.25   2013
TOTALS           3.42              3.18    0.24     0.25
DAYS >= .01        11              12.8    -1.8        6
DAYS >= .10         8               7.6     0.4        1
DAYS >= .50         2               2.7    -0.7        0
DAYS >= 1.00        1               1.0     0.0        0
GREATEST
 24 HR. TOTAL    1.05   06/08 TO 06/08

DEGREE_DAYS
HEATING TOTAL      55                59      -4       37
 SINCE 7/1       6630              6221     409     6677
COOLING TOTAL      68               137     -69      168
 SINCE 1/1         84               159     -75      201
..............................................................

WIND (MPH)
AVERAGE WIND SPEED              10.5
HIGHEST WIND SPEED/DIRECTION    38/310    DATE  06/27
HIGHEST GUST SPEED/DIRECTION    49/290    DATE  06/27

SKY COVER
POSSIBLE SUNSHINE (PERCENT)   MM
AVERAGE SKY COVER           0.20
NUMBER OF DAYS FAIR           24
NUMBER OF DAYS PC              4
NUMBER OF DAYS CLOUDY          2

AVERAGE RH (PERCENT)     64

WEATHER CONDITIONS. NUMBER OF DAYS WITH
THUNDERSTORM              0     MIXED PRECIP               0
HEAVY RAIN                3     RAIN                       8
LIGHT RAIN               12     FREEZING RAIN              0
LT FREEZING RAIN          0     HAIL                       0
HEAVY SNOW                0     SNOW                       0
LIGHT SNOW                0     SLEET                      0
FOG                      11     FOG W/VIS <= 1/4 MILE      1
HAZE                      3

-  INDICATES NEGATIVE NUMBERS.
R  INDICATES RECORD WAS SET OR TIED.
MM INDICATES DATA IS MISSING.
T  INDICATES TRACE AMOUNT.

$$




U.S. Dept. of Commerce
NOAA National Weather Service
1325 East West Highway
Silver Spring, MD 20910
E-mail: w-nws.webmaster@noaa.gov
Page last modified: May 16, 2007
NATIONAL WEATHER SERVICE: for Safety, for Work, for Fun - FOR LIFE