655
CXUS55 KCYS 052050
CLMCNE


CLIMATE REPORT
NATIONAL WEATHER SERVICE CHEYENNE WY
150 PM MST WED NOV 5 2014

...................................

...THE ALLIANCE NE AIRPORT CLIMATE SUMMARY FOR THE MONTH OF OCTOBER 2014...

CLIMATE NORMAL PERIOD 1981 TO 2010
CLIMATE RECORD PERIOD 1896 TO 2014

WEATHER         OBSERVED          NORMAL  DEPART  LAST YEAR`S
                 VALUE   DATE(S)  VALUE   FROM    VALUE
                                          NORMAL
.............................................................
TEMPERATURE (F)
RECORD
 HIGH              92   10/02/2005
 LOW               -8   10/31/1991
HIGHEST            81   10/15        MM      MM       80
LOWEST             18   10/29        MM      MM       23
AVG. MAXIMUM     67.1              62.1     5.0     56.6
AVG. MINIMUM     31.4              29.4     2.0     30.5
MEAN             49.2              45.7     3.5     43.6
DAYS MAX >= 90      0               0.1    -0.1        0
DAYS MAX <= 32      0               0.7    -0.7        0
DAYS MIN <= 32     17              18.7    -1.7       22
DAYS MIN <= 0       0               0.1    -0.1        0

PRECIPITATION (INCHES)
RECORD
 MAXIMUM         2.48   1994
 MINIMUM         0.00   1989
                        1988
                        1956
TOTALS           0.48              1.09   -0.61     1.26
DAYS >= .01         8                MM      MM        7
DAYS >= .10         3                MM      MM        2
DAYS >= .50         0                MM      MM        1
DAYS >= 1.00        0                MM      MM        0
GREATEST
 24 HR. TOTAL    0.22   09/30 TO 10/01
                        10/26 TO 10/27

DEGREE_DAYS
HEATING TOTAL     479               597    -118      657
 SINCE 7/1        667               842    -175      786
COOLING TOTAL       0                 1      -1        0
 SINCE 1/1        499               564     -65      795
..............................................................

WIND (MPH)
AVERAGE WIND SPEED              10.2
HIGHEST WIND SPEED/DIRECTION    41/360    DATE  10/12
HIGHEST GUST SPEED/DIRECTION    50/360    DATE  10/12

SKY COVER
POSSIBLE SUNSHINE (PERCENT)   MM
AVERAGE SKY COVER           0.20
NUMBER OF DAYS FAIR           24
NUMBER OF DAYS PC              7
NUMBER OF DAYS CLOUDY          0

AVERAGE RH (PERCENT)     63

WEATHER CONDITIONS. NUMBER OF DAYS WITH
THUNDERSTORM              0     MIXED PRECIP               0
HEAVY RAIN                0     RAIN                       0
LIGHT RAIN                9     FREEZING RAIN              0
LT FREEZING RAIN          0     HAIL                       0
HEAVY SNOW                0     SNOW                       0
LIGHT SNOW                3     SLEET                      0
FOG                       9     FOG W/VIS <= 1/4 MILE      1
HAZE                      0

-  INDICATES NEGATIVE NUMBERS.
R  INDICATES RECORD WAS SET OR TIED.
MM INDICATES DATA IS MISSING.
T  INDICATES TRACE AMOUNT.
...................................

...THE CHADRON NE AIRPORT CLIMATE SUMMARY FOR THE MONTH OF OCTOBER 2014...

CLIMATE NORMAL PERIOD 1981 TO 2010
CLIMATE RECORD PERIOD 1895 TO 2014

WEATHER         OBSERVED          NORMAL  DEPART  LAST YEAR`S
                 VALUE   DATE(S)  VALUE   FROM    VALUE
                                          NORMAL
.............................................................
TEMPERATURE (F)
RECORD
 HIGH              95   10/05/1947
 LOW              -10   10/28/1925
HIGHEST            85   10/15        MM      MM       74
LOWEST             18   10/29        MM      MM       26
AVG. MAXIMUM     68.0              63.9     4.1     55.4
AVG. MINIMUM     34.6              31.3     3.3     33.5
MEAN             51.3              47.6     3.7     44.4
DAYS MAX >= 90      0               0.4    -0.4        0
DAYS MAX <= 32      0               0.5    -0.5        1
DAYS MIN <= 32     14              15.9    -1.9       13
DAYS MIN <= 0       0               0.1    -0.1        0

PRECIPITATION (INCHES)
RECORD
 MAXIMUM         3.64   1998
 MINIMUM         0.00   1989
TOTALS           0.37              1.31   -0.94     3.57
DAYS >= .01         4               5.7    -1.7        9
DAYS >= .10         1               3.4    -2.4        7
DAYS >= .50         0               0.7    -0.7        2
DAYS >= 1.00        0               0.1    -0.1        1
GREATEST
 24 HR. TOTAL    0.27   10/12 TO 10/12

DEGREE_DAYS
HEATING TOTAL     419               542    -123      631
 SINCE 7/1        583               753    -170      721
COOLING TOTAL       0                 2      -2        0
 SINCE 1/1        647               712     -65      917
..............................................................

WIND (MPH)
AVERAGE WIND SPEED              8.8
HIGHEST WIND SPEED/DIRECTION    36/280    DATE  10/26
HIGHEST GUST SPEED/DIRECTION    50/310    DATE  10/05

SKY COVER
POSSIBLE SUNSHINE (PERCENT)   MM
AVERAGE SKY COVER           0.20
NUMBER OF DAYS FAIR           24
NUMBER OF DAYS PC              7
NUMBER OF DAYS CLOUDY          0

AVERAGE RH (PERCENT)     61

WEATHER CONDITIONS. NUMBER OF DAYS WITH
THUNDERSTORM              0     MIXED PRECIP               0
HEAVY RAIN                1     RAIN                       1
LIGHT RAIN               12     FREEZING RAIN              0
LT FREEZING RAIN          0     HAIL                       0
HEAVY SNOW                0     SNOW                       0
LIGHT SNOW                2     SLEET                      0
FOG                       7     FOG W/VIS <= 1/4 MILE      1
HAZE                      8

-  INDICATES NEGATIVE NUMBERS.
R  INDICATES RECORD WAS SET OR TIED.
MM INDICATES DATA IS MISSING.
T  INDICATES TRACE AMOUNT.
...................................

...THE SCOTTSBLUFF NE AIRPORT CLIMATE SUMMARY FOR THE MONTH OF OCTOBER 2014...

CLIMATE NORMAL PERIOD 1981 TO 2010
CLIMATE RECORD PERIOD 1871 TO 2014

WEATHER         OBSERVED          NORMAL  DEPART  LAST YEAR`S
                 VALUE   DATE(S)  VALUE   FROM    VALUE
                                          NORMAL
.............................................................
TEMPERATURE (F)
RECORD
 HIGH              93   10/03/1906
 LOW               -6   10/31/1991
HIGHEST            85   10/15        65      20       82
LOWEST             25   10/29        34      -9       26
AVG. MAXIMUM     70.7              64.1     6.6     59.5
AVG. MINIMUM     35.8              32.9     2.9     33.3
MEAN             53.3              48.5     4.8     46.4
DAYS MAX >= 90      0               0.1    -0.1        0
DAYS MAX <= 32      0               0.5    -0.5        0
DAYS MIN <= 32     11              12.7    -1.7       19
DAYS MIN <= 0       0               0.1    -0.1        0

PRECIPITATION (INCHES)
RECORD
 MAXIMUM         3.14   2009
 MINIMUM            T   1934
                        1933
TOTALS           0.59              1.14   -0.55     1.67
DAYS >= .01         7               6.5     0.5       10
DAYS >= .10         2               3.0    -1.0        3
DAYS >= .50         0               0.5    -0.5        1
DAYS >= 1.00        0               0.2    -0.2        0
GREATEST
 24 HR. TOTAL    0.43   10/26 TO 10/27

DEGREE_DAYS
HEATING TOTAL     354               512    -158      568
 SINCE 7/1        478               691    -213      656
COOLING TOTAL       0                 1      -1        0
 SINCE 1/1        719               724      -5     1047
..............................................................

WIND (MPH)
AVERAGE WIND SPEED              8.3
HIGHEST WIND SPEED/DIRECTION    37/320    DATE  10/05
HIGHEST GUST SPEED/DIRECTION    48/320    DATE  10/05

SKY COVER
POSSIBLE SUNSHINE (PERCENT)   MM
AVERAGE SKY COVER           0.10
NUMBER OF DAYS FAIR           27
NUMBER OF DAYS PC              4
NUMBER OF DAYS CLOUDY          0

AVERAGE RH (PERCENT)     62

WEATHER CONDITIONS. NUMBER OF DAYS WITH
THUNDERSTORM              0     MIXED PRECIP               0
HEAVY RAIN                0     RAIN                       2
LIGHT RAIN                7     FREEZING RAIN              0
LT FREEZING RAIN          0     HAIL                       0
HEAVY SNOW                0     SNOW                       0
LIGHT SNOW                0     SLEET                      0
FOG                       7     FOG W/VIS <= 1/4 MILE      0
HAZE                      4

-  INDICATES NEGATIVE NUMBERS.
R  INDICATES RECORD WAS SET OR TIED.
MM INDICATES DATA IS MISSING.
T  INDICATES TRACE AMOUNT.
...................................

...THE SIDNEY NE AIRPORT CLIMATE SUMMARY FOR THE MONTH OF OCTOBER 2014...

CLIMATE NORMAL PERIOD 1981 TO 2010
CLIMATE RECORD PERIOD 1948 TO 2014

WEATHER         OBSERVED          NORMAL  DEPART  LAST YEAR`S
                 VALUE   DATE(S)  VALUE   FROM    VALUE
                                          NORMAL
.............................................................
TEMPERATURE (F)
RECORD
 HIGH              93   10/06/2007
 LOW                    10/31/1991
HIGHEST            83   10/24        MM      MM       79
LOWEST             22   10/29        MM      MM       24
AVG. MAXIMUM     68.8              65.0     3.8     59.5
AVG. MINIMUM     35.6              35.4     0.2     33.8
MEAN             52.2              50.2     2.0     46.7
DAYS MAX >= 90      0               0.5    -0.5        0
DAYS MAX <= 32      0               0.3    -0.3        0
DAYS MIN <= 32     11              10.1     0.9       15
DAYS MIN <= 0       0               0.0     0.0        0

PRECIPITATION (INCHES)
RECORD
 MAXIMUM         4.08   1969
 MINIMUM         0.04   1988
TOTALS           0.86              1.02   -0.16     1.25
DAYS >= .01         4               7.1    -3.1        9
DAYS >= .10         1               2.8    -1.8        3
DAYS >= .50         1               0.3     0.7        1
DAYS >= 1.00        0               0.1    -0.1        0
GREATEST
 24 HR. TOTAL    0.79   10/01 TO 10/01

DEGREE_DAYS
HEATING TOTAL     389               463     -74      557
 SINCE 7/1        506               603     -97      661
COOLING TOTAL       0                 4      -4        0
 SINCE 1/1        637               830    -193      918
..............................................................

WIND (MPH)
AVERAGE WIND SPEED              11.0
HIGHEST WIND SPEED/DIRECTION    40/360    DATE  10/02
HIGHEST GUST SPEED/DIRECTION    54/340    DATE  10/02

SKY COVER
POSSIBLE SUNSHINE (PERCENT)   MM
AVERAGE SKY COVER           0.10
NUMBER OF DAYS FAIR           26
NUMBER OF DAYS PC              5
NUMBER OF DAYS CLOUDY          0

AVERAGE RH (PERCENT)     59

WEATHER CONDITIONS. NUMBER OF DAYS WITH
THUNDERSTORM              0     MIXED PRECIP               0
HEAVY RAIN                0     RAIN                       1
LIGHT RAIN                7     FREEZING RAIN              0
LT FREEZING RAIN          0     HAIL                       0
HEAVY SNOW                0     SNOW                       0
LIGHT SNOW                1     SLEET                      0
FOG                       5     FOG W/VIS <= 1/4 MILE      1
HAZE                      1

-  INDICATES NEGATIVE NUMBERS.
R  INDICATES RECORD WAS SET OR TIED.
MM INDICATES DATA IS MISSING.
T  INDICATES TRACE AMOUNT.

$$




U.S. Dept. of Commerce
NOAA National Weather Service
1325 East West Highway
Silver Spring, MD 20910
E-mail: w-nws.webmaster@noaa.gov
Page last modified: May 16, 2007
NATIONAL WEATHER SERVICE: for Safety, for Work, for Fun - FOR LIFE