398
CXUS53 KILX 011441
CLMCMI


CLIMATE REPORT
NATIONAL WEATHER SERVICE LINCOLN IL
929 AM CDT TUE APR 1 2014

...................................

...THE CHAMPAIGN IL AIRPORT CLIMATE SUMMARY FOR THE MONTH OF MARCH 2014...

CLIMATE NORMAL PERIOD 1981 TO 2010
CLIMATE RECORD PERIOD 9999 TO 9999

WEATHER         OBSERVED          NORMAL  DEPART  LAST YEAR`S
                 VALUE   DATE(S)  VALUE   FROM    VALUE
                                          NORMAL
.............................................................
TEMPERATURE (F)
RECORD
 HIGH              MM   MM
 LOW               MM   MM
HIGHEST            70   03/21        MM      MM       62
LOWEST              1   03/03        MM      MM       12
AVG. MAXIMUM     45.9              50.7    -4.8     42.2
AVG. MINIMUM     24.1              30.6    -6.5     27.1
MEAN             35.0              40.6    -5.6     34.6
DAYS MAX >= 90      0               0.0     0.0        0
DAYS MAX <= 32      4               1.6     2.4        4
DAYS MIN <= 32     24              18.5     5.5       25
DAYS MIN <= 0       0               0.0     0.0        0

PRECIPITATION (INCHES)
RECORD
 MAXIMUM           MM   MM
 MINIMUM           MM   MM
TOTALS           1.39              2.75   -1.36     0.77
DAILY AVG.       0.04              0.09   -0.05     0.02
DAYS >= .01         7                MM      MM        9
DAYS >= .10         3                MM      MM        3
DAYS >= .50         1                MM      MM        0
DAYS >= 1.00        0                MM      MM        0
GREATEST
 24 HR. TOTAL    0.52   03/12 TO 03/12                MM

DEGREE_DAYS
HEATING TOTAL     923               756     167      935
 SINCE 7/1       6004              5258     746     5096
COOLING TOTAL       0                 1      -1        0
 SINCE 1/1          0                 1      -1        0
..............................................................

WIND (MPH)
AVERAGE WIND SPEED              12.6
HIGHEST WIND SPEED/DIRECTION    41/040    DATE  03/12
HIGHEST GUST SPEED/DIRECTION    55/030    DATE  03/12

SKY COVER
POSSIBLE SUNSHINE (PERCENT)   MM
AVERAGE SKY COVER           0.40
NUMBER OF DAYS FAIR           17
NUMBER OF DAYS PC              8
NUMBER OF DAYS CLOUDY          6

AVERAGE RH (PERCENT)     69

WEATHER CONDITIONS. NUMBER OF DAYS WITH
THUNDERSTORM              0     MIXED PRECIP               0
HEAVY RAIN                2     RAIN                       3
LIGHT RAIN                6     FREEZING RAIN              0
LT FREEZING RAIN          2     HAIL                       0
HEAVY SNOW                0     SNOW                       1
LIGHT SNOW                3     SLEET                      0
FOG                      19     FOG W/VIS <= 1/4 MILE      0
HAZE                     14

-  INDICATES NEGATIVE NUMBERS.
R  INDICATES RECORD WAS SET OR TIED.
MM INDICATES DATA IS MISSING.
T  INDICATES TRACE AMOUNT.

$$

JRP




U.S. Dept. of Commerce
NOAA National Weather Service
1325 East West Highway
Silver Spring, MD 20910
E-mail: w-nws.webmaster@noaa.gov
Page last modified: May 16, 2007
NATIONAL WEATHER SERVICE: for Safety, for Work, for Fun - FOR LIFE