273
CXUS53 KILX 011402
CLMCMI


CLIMATE REPORT
NATIONAL WEATHER SERVICE LINCOLN IL
843 AM CDT FRI AUG 1 2014

...................................

...THE CHAMPAIGN IL AIRPORT CLIMATE SUMMARY FOR THE MONTH OF JULY 2014...

CLIMATE NORMAL PERIOD 1981 TO 2010
CLIMATE RECORD PERIOD 9999 TO 9999

WEATHER         OBSERVED          NORMAL  DEPART  LAST YEAR`S
                 VALUE   DATE(S)  VALUE   FROM    VALUE
                                          NORMAL
.............................................................
TEMPERATURE (F)
RECORD
 HIGH              MM   MM
 LOW               MM   MM
HIGHEST            88   07/07        MM      MM       93
LOWEST             52   07/29        MM      MM       49
                        07/16
                        07/15
AVG. MAXIMUM     79.9              84.2    -4.3     81.7
AVG. MINIMUM     59.4              63.9    -4.5     63.4
MEAN             69.6              74.0    -4.4     72.6
DAYS MAX >= 90      0               4.2    -4.2        5
DAYS MAX <= 32      0               0.0     0.0        0
DAYS MIN <= 32      0               0.0     0.0        0
DAYS MIN <= 0       0               0.0     0.0        0

PRECIPITATION (INCHES)
RECORD
 MAXIMUM           MM   MM
 MINIMUM           MM   MM
TOTALS           5.98              4.34    1.64     5.03
DAILY AVG.       0.19              0.14    0.05     0.16
DAYS >= .01        11                MM      MM       10
DAYS >= .10         9                MM      MM        6
DAYS >= .50         4                MM      MM        2
DAYS >= 1.00        1                MM      MM        1
GREATEST
 24 HR. TOTAL    3.08   07/12 TO 07/13              3.40

DEGREE_DAYS
HEATING TOTAL       7                 2       5        8
 SINCE 7/1          7                 2       5        8
COOLING TOTAL     159               282    -123      250
 SINCE 1/1        592               597      -5      601
..............................................................

WIND (MPH)
AVERAGE WIND SPEED              7.7
HIGHEST WIND SPEED/DIRECTION    41/300    DATE  07/14
HIGHEST GUST SPEED/DIRECTION    57/290    DATE  07/14

SKY COVER
POSSIBLE SUNSHINE (PERCENT)   MM
AVERAGE SKY COVER           0.30
NUMBER OF DAYS FAIR           21
NUMBER OF DAYS PC              9
NUMBER OF DAYS CLOUDY          1

AVERAGE RH (PERCENT)     75

WEATHER CONDITIONS. NUMBER OF DAYS WITH
THUNDERSTORM              0     MIXED PRECIP               0
HEAVY RAIN                6     RAIN                       8
LIGHT RAIN               15     FREEZING RAIN              0
LT FREEZING RAIN          0     HAIL                       0
HEAVY SNOW                0     SNOW                       0
LIGHT SNOW                0     SLEET                      0
FOG                      19     FOG W/VIS <= 1/4 MILE      2
HAZE                      4

-  INDICATES NEGATIVE NUMBERS.
R  INDICATES RECORD WAS SET OR TIED.
MM INDICATES DATA IS MISSING.
T  INDICATES TRACE AMOUNT.

$$




U.S. Dept. of Commerce
NOAA National Weather Service
1325 East West Highway
Silver Spring, MD 20910
E-mail: w-nws.webmaster@noaa.gov
Page last modified: May 16, 2007
NATIONAL WEATHER SERVICE: for Safety, for Work, for Fun - FOR LIFE