236
CXUS53 KILX 011556
CLMCMI

CLIMATE REPORT
NATIONAL WEATHER SERVICE LINCOLN IL
956 AM CST MON DEC 1 2014

...................................

...THE CHAMPAIGN IL AIRPORT CLIMATE SUMMARY FOR THE MONTH OF NOVEMBER 2014...

CLIMATE NORMAL PERIOD 1981 TO 2010
CLIMATE RECORD PERIOD 9999 TO 9999

WEATHER         OBSERVED          NORMAL  DEPART  LAST YEAR`S
                 VALUE   DATE(S)  VALUE   FROM    VALUE
                                          NORMAL
.............................................................
TEMPERATURE (F)
RECORD
 HIGH              MM   MM
 LOW               MM   MM
HIGHEST            68   11/03        MM      MM       71
LOWEST              8   11/21        MM      MM        9
                        11/18
AVG. MAXIMUM     44.2              51.1    -6.9     48.3
AVG. MINIMUM     24.9              32.1    -7.2     27.9
MEAN             34.5              41.6    -7.1     38.1
DAYS MAX >= 90      0               0.0     0.0        0
DAYS MAX <= 32      7               1.2     5.8        3
DAYS MIN <= 32     21              15.6     5.4       21
DAYS MIN <= 0       0               0.0     0.0        0

PRECIPITATION (INCHES)
RECORD
 MAXIMUM           MM   MM
 MINIMUM           MM   MM
TOTALS           2.22              3.50   -1.28     1.13
DAILY AVG.       0.07              0.12   -0.05     0.04
DAYS >= .01         7                MM      MM        9
DAYS >= .10         4                MM      MM        3
DAYS >= .50         2                MM      MM        0
DAYS >= 1.00        0                MM      MM        0
GREATEST
 24 HR. TOTAL    1.42   11/23 TO 11/24              1.56

DEGREE_DAYS
HEATING TOTAL     908               703     205      802
 SINCE 7/1       1350              1164     186     1194
COOLING TOTAL       0                 1      -1        0
 SINCE 1/1        948               945       3     1067
..............................................................

WIND (MPH)
AVERAGE WIND SPEED              13.2
HIGHEST WIND SPEED/DIRECTION    38/250    DATE  11/24
HIGHEST GUST SPEED/DIRECTION    47/240    DATE  11/24

SKY COVER
POSSIBLE SUNSHINE (PERCENT)   MM
AVERAGE SKY COVER           0.50
NUMBER OF DAYS FAIR           13
NUMBER OF DAYS PC              8
NUMBER OF DAYS CLOUDY          9

AVERAGE RH (PERCENT)     74

WEATHER CONDITIONS. NUMBER OF DAYS WITH
THUNDERSTORM              0     MIXED PRECIP               0
HEAVY RAIN                4     RAIN                       6
LIGHT RAIN                7     FREEZING RAIN              0
LT FREEZING RAIN          0     HAIL                       0
HEAVY SNOW                0     SNOW                       0
LIGHT SNOW               10     SLEET                      0
FOG                      18     FOG W/VIS <= 1/4 MILE      0
HAZE                      8

-  INDICATES NEGATIVE NUMBERS.
R  INDICATES RECORD WAS SET OR TIED.
MM INDICATES DATA IS MISSING.
T  INDICATES TRACE AMOUNT.

$$







U.S. Dept. of Commerce
NOAA National Weather Service
1325 East West Highway
Silver Spring, MD 20910
E-mail: w-nws.webmaster@noaa.gov
Page last modified: May 16, 2007
NATIONAL WEATHER SERVICE: for Safety, for Work, for Fun - FOR LIFE