053
CXUS51 KILN 011427
CLMCMH


CLIMATE REPORT
NATIONAL WEATHER SERVICE WILMINGTON OH
1026 AM EDT SAT NOV 1 2014

...................................

...THE COLUMBUS CLIMATE SUMMARY FOR THE MONTH OF OCTOBER 2014...

CLIMATE NORMAL PERIOD 1981 TO 2010
CLIMATE RECORD PERIOD 1869 TO 2014

WEATHER         OBSERVED          NORMAL  DEPART  LAST YEAR`S
                 VALUE   DATE(S)  VALUE   FROM    VALUE  DATE(S)
                                          NORMAL
................................................................
TEMPERATURE (F)
RECORD
 HIGH              91   10/07/2007
 LOW               17   10/21/1952
HIGHEST            86   10/02        65      21       85  10/04
LOWEST             38   10/31        43      -5       30  10/25
                        10/26
                        10/04
AVG. MAXIMUM     63.4              65.1    -1.7     66.4
AVG. MINIMUM     45.4              45.0     0.4     46.5
MEAN             54.4              55.0    -0.6     56.5
DAYS MAX >= 90      0               0.0     0.0        0
DAYS MAX <= 32      0               0.0     0.0        0
DAYS MIN <= 32      0               1.6    -1.6        4
DAYS MIN <= 0       0               0.0     0.0        0

PRECIPITATION (INCHES)
TOTALS           2.77              2.61    0.16     5.91
DAILY AVG.       0.09              0.08    0.01     0.19
DAYS >= .01        15               9.4     5.6       13
DAYS >= .10         9               5.1     3.9       11
DAYS >= .50         1               1.6    -0.6        2
DAYS >= 1.00        0               0.6    -0.6        1
GREATEST
 24 HR. TOTAL    0.60   10/05 TO 10/06           10/06 TO 10/07
                                                          10/24 TO 10/24
                                                          10/23 TO 10/23
 STORM TOTAL       MM                                 MM
 (MM/DD(HH))            MM                    10/07(00) TO 10/07(00)
                                                 10/24(00) TO 10/24(00)3
                                                 10/23(00) TO 10/23(00)3

SNOWFALL (INCHES)
TOTALS              T               0.2    -0.2        T
SINCE 7/1           T               0.2    -0.2        T
DAYS >= TRACE       1               0.1     0.9        2
DAYS >= 1.0         0               0.1    -0.1        0
GREATEST
 24 HR TOTAL        T   10/04 TO 10/04           10/24 TO 10/24
                                                          10/23 TO 10/23
                                                          10/23 TO 10/23
 STORM TOTAL       MM                                 MM
 (MM/DD(HH))            MM                    10/24(00) TO 10/24(00)
                                                 10/23(00) TO 10/23(00)3
                                                 10/23(00) TO 10/23(00)3

DEGREE_DAYS
HEATING TOTAL     328               325       3      300
 SINCE 7/1        376               394     -18      353
COOLING TOTAL       8                13      -5       42
 SINCE 1/1       1163              1024     139     1179
....................................................

WIND (MPH)
AVERAGE WIND SPEED              7.5
RESULTANT WIND SPEED/DIRECTION   3/242
HIGHEST WIND SPEED/DIRECTION    31/290    DATE  10/28
HIGHEST GUST SPEED/DIRECTION    38/330    DATE  10/28

SKY COVER
AVERAGE SKY COVER           0.70

AVERAGE RH (PERCENT)     71

WEATHER CONDITIONS. NUMBER OF DAYS WITH
THUNDERSTORM              0     MIXED PRECIP               0
HEAVY RAIN                5     RAIN                       7
LIGHT RAIN               16     FREEZING RAIN              0
LT FREEZING RAIN          0     HAIL                       0
HEAVY SNOW                0     SNOW                       0
LIGHT SNOW                1     SLEET                      0
FOG                      20     FOG W/VIS <= 1/4 MILE      0
HAZE                      7

-  INDICATES NEGATIVE NUMBERS.
R  INDICATES RECORD WAS SET OR TIED.
MM INDICATES DATA IS MISSING.
T  INDICATES TRACE AMOUNT.

$$





U.S. Dept. of Commerce
NOAA National Weather Service
1325 East West Highway
Silver Spring, MD 20910
E-mail: w-nws.webmaster@noaa.gov
Page last modified: May 16, 2007
NATIONAL WEATHER SERVICE: for Safety, for Work, for Fun - FOR LIFE