854
CXUS51 KILN 011223
CLMCMH


CLIMATE REPORT
NATIONAL WEATHER SERVICE WILMINGTON OH
819 AM EDT MON SEP 1 2014

...................................

...THE COLUMBUS CLIMATE SUMMARY FOR THE MONTH OF AUGUST 2014...

CLIMATE NORMAL PERIOD 1981 TO 2010
CLIMATE RECORD PERIOD 1869 TO 2014

WEATHER         OBSERVED          NORMAL  DEPART  LAST YEAR`S
                 VALUE   DATE(S)  VALUE   FROM    VALUE  DATE(S)
                                          NORMAL
................................................................
TEMPERATURE (F)
RECORD
 HIGH             103   08/05/1918
 LOW               39   08/29/1965
HIGHEST            93   08/30        83      10       90  08/30
                                                          08/28
                                                          08/26
LOWEST             51   08/16        62     -11       52  08/15
AVG. MAXIMUM     85.0              83.7     1.3     83.4
AVG. MINIMUM     65.6              64.1     1.5     64.2
MEAN             75.3              73.9     1.4     73.8
DAYS MAX >= 90      5               4.8     0.2        3
DAYS MAX <= 32      0               0.0     0.0        0
DAYS MIN <= 32      0               0.0     0.0        0
DAYS MIN <= 0       0               0.0     0.0        0

PRECIPITATION (INCHES)
TOTALS           4.90              3.32    1.58     2.84
DAILY AVG.       0.16              0.11    0.05     0.09
DAYS >= .01         8               9.2    -1.2        9
DAYS >= .10         6               5.7     0.3        5
DAYS >= .50         5               2.3     2.7        2
DAYS >= 1.00        1               0.8     0.2        1
GREATEST
 24 HR. TOTAL    1.84   08/30 TO 08/31

SNOWFALL (INCHES)
TOTALS            0.0               0.0     0.0      0.0
SINCE 7/1         0.0               0.0     0.0      0.0
DAYS >= TRACE       0               0.0     0.0        0
DAYS >= 1.0         0               0.0     0.0        0
GREATEST
 24 HR TOTAL      0.0

DEGREE_DAYS
HEATING TOTAL       0                 0       0        4
 SINCE 7/1          0                 0       0        4
COOLING TOTAL     327               281      46      282
 SINCE 1/1       1022               889     133     1001
..................................................

WIND (MPH)
AVERAGE WIND SPEED              5.4
RESULTANT WIND SPEED/DIRECTION   1/105
HIGHEST WIND SPEED/DIRECTION    23/290    DATE  08/12
HIGHEST GUST SPEED/DIRECTION    32/140    DATE  08/20

SKY COVER
AVERAGE SKY COVER           0.50

AVERAGE RH (PERCENT)     65

WEATHER CONDITIONS. NUMBER OF DAYS WITH
THUNDERSTORM              0     MIXED PRECIP               0
HEAVY RAIN                4     RAIN                       6
LIGHT RAIN               13     FREEZING RAIN              0
LT FREEZING RAIN          0     HAIL                       0
HEAVY SNOW                0     SNOW                       0
LIGHT SNOW                0     SLEET                      0
FOG                      16     FOG W/VIS <= 1/4 MILE      1
HAZE                     17

-  INDICATES NEGATIVE NUMBERS.
R  INDICATES RECORD WAS SET OR TIED.
MM INDICATES DATA IS MISSING.
T  INDICATES TRACE AMOUNT.

$$





U.S. Dept. of Commerce
NOAA National Weather Service
1325 East West Highway
Silver Spring, MD 20910
E-mail: w-nws.webmaster@noaa.gov
Page last modified: May 16, 2007
NATIONAL WEATHER SERVICE: for Safety, for Work, for Fun - FOR LIFE