343
CXUS51 KILN 011255
CLMCMH


CLIMATE REPORT
NATIONAL WEATHER SERVICE WILMINGTON OH
732 AM EST MON DEC 1 2014

...................................

...THE COLUMBUS CLIMATE SUMMARY FOR THE MONTH OF NOVEMBER 2014...

CLIMATE NORMAL PERIOD 1981 TO 2010
CLIMATE RECORD PERIOD 1869 TO 2014

WEATHER         OBSERVED          NORMAL  DEPART  LAST YEAR`S
                 VALUE   DATE(S)  VALUE   FROM    VALUE  DATE(S)
                                          NORMAL
................................................................
TEMPERATURE (F)
RECORD
 HIGH              80   11/03/1987
 LOW               -5   11/22/1880
HIGHEST            69   11/11        52      17       69  11/06
LOWEST             12   11/18        34     -22       17  11/24
AVG. MAXIMUM     45.7              52.6    -6.9     48.6
AVG. MINIMUM     30.0              36.1    -6.1     33.9
MEAN             37.8              44.4    -6.6     41.2
DAYS MAX >= 90      0               0.0     0.0        0
DAYS MAX <= 32      4               0.6     3.4        3
DAYS MIN <= 32     19              10.5     8.5       15
DAYS MIN <= 0       0               0.0     0.0        0

PRECIPITATION (INCHES)
TOTALS           1.46              3.20   -1.74     2.18
DAILY AVG.       0.05              0.11   -0.06     0.07
DAYS >= .01        11              11.4    -0.4       11
DAYS >= .10         5               6.8    -1.8        6
DAYS >= .50         0               2.2    -2.2        1
DAYS >= 1.00        0               0.6    -0.6        0
GREATEST
 24 HR. TOTAL    0.48   11/05 TO 11/06           11/17 TO 11/17
                                                          11/26 TO 11/26
                                                          11/26 TO 11/26
 STORM TOTAL       MM                                 MM
 (MM/DD(HH))            MM                    11/17(00) TO 11/17(00)
                                                 11/26(00) TO 11/26(00)6
                                                 11/26(00) TO 11/26(00)6

SNOWFALL (INCHES)
TOTALS            4.1               0.9     3.2      4.7
SINCE 7/1         4.1               1.1     3.0      4.7
DAYS >= TRACE       9               1.8     7.2        6
DAYS >= 1.0         1               0.2     0.8        1
GREATEST
 24 HR TOTAL      3.8   MM                       11/26 TO 11/26
                                                          11/26 TO 11/26
                                                          11/26 TO 11/26
 STORM TOTAL       MM                                 MM
 (MM/DD(HH))            MM                    11/26(00) TO 11/26(00)
                                                 11/26(00) TO 11/26(00)6
                                                 11/26(00) TO 11/26(00)6

DEGREE_DAYS
HEATING TOTAL     809               620     189      709
 SINCE 7/1       1185              1014     171     1062
COOLING TOTAL       0                 0       0        0
 SINCE 1/1       1163              1024     139     1179
.......................................................

WIND (MPH)
AVERAGE WIND SPEED              9.6
RESULTANT WIND SPEED/DIRECTION   5/243
HIGHEST WIND SPEED/DIRECTION    43/240    DATE  11/24
HIGHEST GUST SPEED/DIRECTION    55/240    DATE  11/24

SKY COVER
AVERAGE SKY COVER           0.80

AVERAGE RH (PERCENT)     66

WEATHER CONDITIONS. NUMBER OF DAYS WITH
THUNDERSTORM              0     MIXED PRECIP               0
HEAVY RAIN                2     RAIN                       3
LIGHT RAIN               11     FREEZING RAIN              0
LT FREEZING RAIN          1     HAIL                       0
HEAVY SNOW                0     SNOW                       1
LIGHT SNOW                8     SLEET                      0
FOG                       9     FOG W/VIS <= 1/4 MILE      1
HAZE                     11

-  INDICATES NEGATIVE NUMBERS.
R  INDICATES RECORD WAS SET OR TIED.
MM INDICATES DATA IS MISSING.
T  INDICATES TRACE AMOUNT.

RECORD LOW MAXIMUM OF 19 DEGREES SET ON NOV 18TH - OLD RECORD 26 DEGREES 1903
RECORD HIGH MINIMUM OF 54 DEGREES SET ON NOV 30TH - OLD RECORD 53 DEGREES 2006
NOVEMBER 2014 IS THE 9TH COLDEST NOVEMBER ON RECORD. HERE IS THE TOP 8 COLDEST -
1880-32.8,1976-33.9,1967-36.7,1951-36.7,1950-37.0,1910-37.0,1996-37.4,1995-37.7

$$





U.S. Dept. of Commerce
NOAA National Weather Service
1325 East West Highway
Silver Spring, MD 20910
E-mail: w-nws.webmaster@noaa.gov
Page last modified: May 16, 2007
NATIONAL WEATHER SERVICE: for Safety, for Work, for Fun - FOR LIFE