486
CXUS51 KILN 011219
CLMCMH


CLIMATE REPORT
NATIONAL WEATHER SERVICE WILMINGTON OH
814 AM EDT TUE APR 1 2014

...................................

...THE COLUMBUS CLIMATE SUMMARY FOR THE MONTH OF MARCH 2014...

CLIMATE NORMAL PERIOD 1981 TO 2010
CLIMATE RECORD PERIOD 1869 TO 2014

WEATHER         OBSERVED          NORMAL  DEPART  LAST YEAR`S
                 VALUE   DATE(S)  VALUE   FROM    VALUE  DATE(S)
                                          NORMAL
................................................................
TEMPERATURE (F)
RECORD
 HIGH              85   03/22/2012
                        03/21/2012
 LOW               -6   03/09/1984
HIGHEST            69   03/11        50      19       70  03/10
LOWEST              7   03/04        31     -24       18  03/04
AVG. MAXIMUM     48.4              51.1    -2.7     44.6
AVG. MINIMUM     27.1              32.7    -5.6     30.0
MEAN             37.7              41.9    -4.2     37.3
DAYS MAX >= 90      0               0.0     0.0        0
DAYS MAX <= 32      1               1.8    -0.8        3
DAYS MIN <= 32     22              15.3     6.7       23
DAYS MIN <= 0       0               0.0     0.0        0

PRECIPITATION (INCHES)
TOTALS           2.59              3.02   -0.43     3.12
DAILY AVG.       0.08              0.10   -0.02     0.10
DAYS >= .01         7              12.8    -5.8       14
DAYS >= .10         4               7.1    -3.1        6
DAYS >= .50         2               1.9     0.1        2
DAYS >= 1.00        1               0.4     0.6        1
GREATEST
 24 HR. TOTAL    1.24   03/29 TO 03/29

SNOWFALL (INCHES)
TOTALS            4.5               4.2     0.3     12.2
SINCE 7/1        55.5              25.6    29.9     41.2
DAYS >= TRACE       5               4.5     0.5       12
DAYS >= 1.0         2               1.1     0.9        4
GREATEST
 24 HR TOTAL      2.9   03/02 TO 03/02

DEGREE_DAYS
HEATING TOTAL     837               716     121      851
 SINCE 7/1       5221              4711     510     4709
COOLING TOTAL       0                 0       0        0
 SINCE 1/1          0                 0       0        0
.........................................................

WIND (MPH)
AVERAGE WIND SPEED              9.5
RESULTANT WIND SPEED/DIRECTION   2/321
HIGHEST WIND SPEED/DIRECTION    39/340    DATE  03/12
HIGHEST GUST SPEED/DIRECTION    47/320    DATE  03/12

SKY COVER
AVERAGE SKY COVER           0.60

AVERAGE RH (PERCENT)     56

WEATHER CONDITIONS. NUMBER OF DAYS WITH
THUNDERSTORM              0     MIXED PRECIP               0
HEAVY RAIN                3     RAIN                       4
LIGHT RAIN                7     FREEZING RAIN              0
LT FREEZING RAIN          0     HAIL                       0
HEAVY SNOW                1     SNOW                       1
LIGHT SNOW                5     SLEET                      0
FOG                       5     FOG W/VIS <= 1/4 MILE      1
HAZE                      9

-  INDICATES NEGATIVE NUMBERS.
R  INDICATES RECORD WAS SET OR TIED.
MM INDICATES DATA IS MISSING.
T  INDICATES TRACE AMOUNT.

$$





U.S. Dept. of Commerce
NOAA National Weather Service
1325 East West Highway
Silver Spring, MD 20910
E-mail: w-nws.webmaster@noaa.gov
Page last modified: May 16, 2007
NATIONAL WEATHER SERVICE: for Safety, for Work, for Fun - FOR LIFE