039
CXUS51 KILN 011204
CLMCMH


CLIMATE REPORT
NATIONAL WEATHER SERVICE WILMINGTON OH
755 AM EDT WED OCT 1 2014

...................................

...THE COLUMBUS CLIMATE SUMMARY FOR THE MONTH OF SEPTEMBER 2014...

CLIMATE NORMAL PERIOD 1981 TO 2010
CLIMATE RECORD PERIOD 1869 TO 2014

WEATHER         OBSERVED          NORMAL  DEPART  LAST YEAR`S
                 VALUE   DATE(S)  VALUE   FROM    VALUE  DATE(S)
                                          NORMAL
................................................................
TEMPERATURE (F)
RECORD
 HIGH             100   09/02/1953
 LOW               31   09/30/1963
                        09/21/1962
HIGHEST            91   09/05        77      14       95  09/10
LOWEST             45   09/23        55     -10       45  09/24
                                                          09/14
AVG. MAXIMUM     78.3              77.0     1.3     78.1
AVG. MINIMUM     56.9              56.5     0.4     57.2
MEAN             67.6              66.8     0.8     67.7
DAYS MAX >= 90      1               1.4    -0.4        3
DAYS MAX <= 32      0               0.0     0.0        0
DAYS MIN <= 32      0               0.0     0.0        0
DAYS MIN <= 0       0               0.0     0.0        0

PRECIPITATION (INCHES)
TOTALS           0.65              2.84   -2.19     2.52
DAILY AVG.       0.02              0.09   -0.07     0.08
DAYS >= .01         5               8.4    -3.4        6
DAYS >= .10         3               5.1    -2.1        3
DAYS >= .50         0               1.9    -1.9        2
DAYS >= 1.00        0               0.7    -0.7        1
GREATEST
 24 HR. TOTAL    1.31   08/31 TO 09/01           09/21 TO 09/21
                                                          09/20 TO 09/21
                                                          09/21 TO 09/21
 STORM TOTAL       MM                                 MM
 (MM/DD(HH))            MM                    09/21(00) TO 09/21(00)
                                                 09/21(00) TO 09/21(00)1
                                                 09/21(00) TO 09/21(00)1

SNOWFALL (INCHES)
TOTALS            0.0               0.0     0.0      0.0
SINCE 7/1         0.0               0.0     0.0      0.0
DAYS >= TRACE       0               0.0     0.0        0
DAYS >= 1.0         0               0.0     0.0        0
GREATEST
 24 HR TOTAL      0.0   09/30 TO 09/30           09/30 TO 09/30
                                                          09/21 TO 09/21
                                                          09/21 TO 09/21
 STORM TOTAL       MM                                 MM
 (MM/DD(HH))            MM                    09/30(00) TO 09/30(00)
                                                 09/21(00) TO 09/21(00)1
                                                 09/21(00) TO 09/21(00)1

DEGREE_DAYS
HEATING TOTAL      48                69     -21       49
 SINCE 7/1         48                69     -21       53
COOLING TOTAL     133               122      11      136
 SINCE 1/1       1155              1011     144     1137
..................................................

WIND (MPH)
AVERAGE WIND SPEED              5.5
RESULTANT WIND SPEED/DIRECTION   0/019
HIGHEST WIND SPEED/DIRECTION    33/290    DATE  09/21
HIGHEST GUST SPEED/DIRECTION    41/270    DATE  09/21

SKY COVER
AVERAGE SKY COVER           0.50

AVERAGE RH (PERCENT)     63

WEATHER CONDITIONS. NUMBER OF DAYS WITH
THUNDERSTORM              0     MIXED PRECIP               0
HEAVY RAIN                2     RAIN                       3
LIGHT RAIN                8     FREEZING RAIN              0
LT FREEZING RAIN          0     HAIL                       0
HEAVY SNOW                0     SNOW                       0
LIGHT SNOW                0     SLEET                      0
FOG                       8     FOG W/VIS <= 1/4 MILE      1
HAZE                      8

-  INDICATES NEGATIVE NUMBERS.
R  INDICATES RECORD WAS SET OR TIED.
MM INDICATES DATA IS MISSING.
T  INDICATES TRACE AMOUNT.

$$





U.S. Dept. of Commerce
NOAA National Weather Service
1325 East West Highway
Silver Spring, MD 20910
E-mail: w-nws.webmaster@noaa.gov
Page last modified: May 16, 2007
NATIONAL WEATHER SERVICE: for Safety, for Work, for Fun - FOR LIFE