951
CXUS51 KILN 011252
CLMCMH


CLIMATE REPORT
NATIONAL WEATHER SERVICE WILMINGTON OH
751 AM EST THU JAN 1 2015

...................................

...THE COLUMBUS CLIMATE SUMMARY FOR THE MONTH OF DECEMBER 2014...

CLIMATE NORMAL PERIOD 1981 TO 2010
CLIMATE RECORD PERIOD 1869 TO 2014

WEATHER         OBSERVED          NORMAL  DEPART  LAST YEAR`S
                 VALUE   DATE(S)  VALUE   FROM    VALUE  DATE(S)
                                          NORMAL
................................................................
TEMPERATURE (F)
RECORD
 HIGH              76   12/03/1982
 LOW              -17   12/22/1989
HIGHEST            61   12/01        40      21       69  12/21
LOWEST             15   12/31        25     -10       11  12/12
AVG. MAXIMUM     42.1              40.1     2.0     41.3
AVG. MINIMUM     29.9              26.8     3.1     28.1
MEAN             36.0              33.5     2.5     34.7
DAYS MAX >= 90      0               0.0     0.0        0
DAYS MAX <= 32      5               7.3    -2.3        8
DAYS MIN <= 32     20              21.2    -1.2       23
DAYS MIN <= 0       0               0.5    -0.5        0

PRECIPITATION (INCHES)
TOTALS           2.70              2.97   -0.27     4.30
DAILY AVG.       0.09              0.10   -0.01     0.14
DAYS >= .01        11              13.2    -2.2       17
DAYS >= .10         7               6.5     0.5        7
DAYS >= .50         2               1.7     0.3        4
DAYS >= 1.00        0               0.4    -0.4        1
GREATEST
 24 HR. TOTAL    1.40   12/05 TO 12/06           12/21 TO 12/22
                                                          12/06 TO 12/06
                                                          12/06 TO 12/06
 STORM TOTAL       MM                                 MM
 (MM/DD(HH))            MM                    12/22(00) TO 12/22(00)
                                                 12/06(00) TO 12/06(00)6
                                                 12/06(00) TO 12/06(00)6

SNOWFALL (INCHES)
TOTALS              T               5.0    -5.0     12.7
SINCE 7/1         4.1               6.1    -2.0     17.4
DAYS >= TRACE       6               6.5    -0.5       15
DAYS >= 1.0         0               1.7    -1.7        4
GREATEST
 24 HR TOTAL        T   12/31 TO 12/31           12/06 TO 12/06
                                                          12/06 TO 12/06
                                                          12/06 TO 12/06
 STORM TOTAL       MM                                 MM
 (MM/DD(HH))            MM                    12/06(00) TO 12/06(00)
                                                 12/06(00) TO 12/06(00)6
                                                 12/06(00) TO 12/06(00)6

DEGREE_DAYS
HEATING TOTAL     893               977     -84      931
 SINCE 7/1       2078              1991      87     1993
COOLING TOTAL       0                 0       0        0
 SINCE 1/1       1163              1024     139     1179
.......................................................

WIND (MPH)
AVERAGE WIND SPEED              7.8
RESULTANT WIND SPEED/DIRECTION   2/285
HIGHEST WIND SPEED/DIRECTION    36/230    DATE  12/24
HIGHEST GUST SPEED/DIRECTION    43/230    DATE  12/24

SKY COVER
AVERAGE SKY COVER           0.80

AVERAGE RH (PERCENT)     75

WEATHER CONDITIONS. NUMBER OF DAYS WITH
THUNDERSTORM              0     MIXED PRECIP               0
HEAVY RAIN                1     RAIN                       7
LIGHT RAIN               15     FREEZING RAIN              0
LT FREEZING RAIN          0     HAIL                       0
HEAVY SNOW                0     SNOW                       0
LIGHT SNOW                6     SLEET                      0
FOG                      22     FOG W/VIS <= 1/4 MILE      0
HAZE                     15

-  INDICATES NEGATIVE NUMBERS.
R  INDICATES RECORD WAS SET OR TIED.
MM INDICATES DATA IS MISSING.
T  INDICATES TRACE AMOUNT.

$$





U.S. Dept. of Commerce
NOAA National Weather Service
1325 East West Highway
Silver Spring, MD 20910
E-mail: w-nws.webmaster@noaa.gov
Page last modified: May 16, 2007
NATIONAL WEATHER SERVICE: for Safety, for Work, for Fun - FOR LIFE