296
CXUS46 KLOX 020138
CLMCMA


CLIMATE REPORT
NATIONAL WEATHER SERVICE LOS ANGELES/OXNARD CA
537 PM PST THU JAN 1 2015

...................................

...THE CAMARILLO AIRPORT CA CLIMATE SUMMARY FOR THE YEAR OF 2014...

CLIMATE NORMAL PERIOD 1981 TO 2010
CLIMATE RECORD PERIOD 1948 TO 2014

WEATHER         OBSERVED          NORMAL  DEPART  LAST YEAR`S
                 VALUE   DATE(S)  VALUE   FROM    VALUE
                                          NORMAL
.............................................................
TEMPERATURE (F)
HIGHEST           102   05/14        69      33
LOWEST             34   02/01        52     -18
AVG. MAXIMUM     74.9              70.6     4.3
AVG. MINIMUM     54.0              50.3     3.7
MEAN             64.4              60.5     3.9
DAYS MAX >= 90     15
DAYS MAX <= 32      0
DAYS MIN <= 32      0
DAYS MIN <= 0       0

PRECIPITATION (INCHES)
RECORD
 MAXIMUM           MM   MM
 MINIMUM           MM   MM
TOTALS           9.13             15.22   -6.09
DAILY AVG.          T
DAYS >= .01        26
DAYS >= .10        12
DAYS >= .50         7
DAYS >= 1.00        3
GREATEST
 24 HR. TOTAL    2.42   MM

DEGREE_DAYS
HEATING TOTAL    1119              1986    -867     1389
 SINCE 7/1        315               681    -366      511
COOLING TOTAL    1013               333     680      655
 SINCE 1/1       1013               332     681      655
..............................................................

WIND (MPH)
AVERAGE WIND SPEED              5.4
HIGHEST WIND SPEED/DIRECTION    39/050    DATE  04/30
HIGHEST GUST SPEED/DIRECTION    51/040    DATE  04/30

SKY COVER
POSSIBLE SUNSHINE (PERCENT)   MM
AVERAGE SKY COVER           0.20
NUMBER OF DAYS FAIR          271
NUMBER OF DAYS PC             72
NUMBER OF DAYS CLOUDY         22

AVERAGE RH (PERCENT)     64

WEATHER CONDITIONS. NUMBER OF DAYS WITH
THUNDERSTORM              0     MIXED PRECIP               0
HEAVY RAIN               10     RAIN                      14
LIGHT RAIN               32     FREEZING RAIN              0
LT FREEZING RAIN          0     HAIL                       0
HEAVY SNOW                0     SNOW                       0
LIGHT SNOW                0     SLEET                      0
FOG                     112     FOG W/VIS <= 1/4 MILE     20
HAZE                    110

-  INDICATES NEGATIVE NUMBERS.
R  INDICATES RECORD WAS SET OR TIED.
MM INDICATES DATA IS MISSING.
T  INDICATES TRACE AMOUNT.

$$




U.S. Dept. of Commerce
NOAA National Weather Service
1325 East West Highway
Silver Spring, MD 20910
E-mail: w-nws.webmaster@noaa.gov
Page last modified: May 16, 2007
NATIONAL WEATHER SERVICE: for Safety, for Work, for Fun - FOR LIFE