687
CXUS52 KGSP 011630
CLMCLT

CLIMATE REPORT
NATIONAL WEATHER SERVICE GREENVILLE-SPARTANBURG SC
1230 PM EDT SAT NOV 1 2014

...................................

...THE CHARLOTTE CLIMATE SUMMARY FOR THE MONTH OF OCTOBER 2014...

CLIMATE NORMAL PERIOD 1981 TO 2010
CLIMATE RECORD PERIOD 1878 TO 2014

WEATHER         OBSERVED          NORMAL  DEPART  LAST YEAR`S
                 VALUE   DATE(S)  VALUE   FROM    VALUE  DATE(S)
                                          NORMAL
................................................................
TEMPERATURE (F)
RECORD
 HIGH              98   10/06/1954
 LOW               24   10/27/1962
HIGHEST            87   10/11        MM      MM       87  10/05
LOWEST             38   10/05        MM      MM       27  10/26
AVG. MAXIMUM     75.5              71.8     3.7     73.4
AVG. MINIMUM     50.5              48.8     1.7     51.5
MEAN             63.0              60.3     2.7     62.4
DAYS MAX >= 90      0               0.2    -0.2        0
DAYS MAX <= 32      0               0.0     0.0        0
DAYS MIN <= 32      0               1.0    -1.0        2
DAYS MIN <= 0       0               0.0     0.0        0

PRECIPITATION (INCHES)
RECORD
 MAXIMUM        14.72   1990
 MINIMUM            T   2000
TOTALS           1.35              3.40   -2.05     0.48
DAILY AVG.       0.04              0.11   -0.07     0.02
DAYS >= .01         7               6.9     0.1        4
DAYS >= .10         3               4.5    -1.5        1
DAYS >= .50         0               2.0    -2.0        0
DAYS >= 1.00        0               1.1    -1.1        0
GREATEST
 24 HR. TOTAL    0.66   10/14 TO 10/15           10/07 TO 10/07
                                                          10/06 TO 10/07
                                                          10/07 TO 10/07
 STORM TOTAL       MM                                 MM
 (MM/DD(HH))            MM                    10/07(00) TO 10/07(00)
                                                 10/07(00) TO 10/07(00)7
                                                 10/07(00) TO 10/07(00)7

SNOWFALL (INCHES)
RECORDS
 TOTAL              T   1887
 24 HR TOTAL       MM
 SNOW DEPTH        MM   MM
TOTALS            0.0               0.0     0.0      0.0
 LIQUID EQUIV    0.00              0.00    0.00     0.00
SINCE 7/1         0.0               0.0     0.0      0.0
 LIQUID 7/1      0.00              0.00    0.00     0.00
SNOWDEPTH AVG.      0                MM      MM        0
DAYS >= TRACE       0               0.0     0.0        0
DAYS >= 1.0         0               0.0     0.0        0
GREATEST
 SNOW DEPTH         0   MM                             0  MM
 24 HR TOTAL      0.0   MM                       10/31 TO 10/31
                                                          10/07 TO 10/07
                                                          10/07 TO 10/07
 STORM TOTAL       MM                                 MM
 (MM/DD(HH))            MM                    10/31(00) TO 10/31(00)
                                                 10/07(00) TO 10/07(00)7
                                                 10/07(00) TO 10/07(00)7

DEGREE_DAYS
HEATING TOTAL     120               183     -63      130
 SINCE 7/1        132               206     -74      133
COOLING TOTAL      65                38      27       60
 SINCE 1/1       1653              1513     140     1576

FREEZE DATES
RECORD
 EARLIEST     MM
 LATEST       MM
EARLIEST                        MM
LATEST                          MM
........................................................

WIND (MPH)
AVERAGE WIND SPEED              5.9
HIGHEST WIND SPEED/DIRECTION    25/170    DATE  10/14
HIGHEST GUST SPEED/DIRECTION    33/170    DATE  10/14

SKY COVER
POSSIBLE SUNSHINE (PERCENT)   MM
AVERAGE SKY COVER           0.40
NUMBER OF DAYS FAIR           14
NUMBER OF DAYS PC             13
NUMBER OF DAYS CLOUDY          4

AVERAGE RH (PERCENT)     64

WEATHER CONDITIONS. NUMBER OF DAYS WITH
THUNDERSTORM              2     MIXED PRECIP               0
HEAVY RAIN                3     RAIN                       4
LIGHT RAIN                6     FREEZING RAIN              0
LT FREEZING RAIN          0     HAIL                       1
HEAVY SNOW                0     SNOW                       0
LIGHT SNOW                0     SLEET                      0
FOG                      13     FOG W/VIS <= 1/4 MILE      1
HAZE                      4

-  INDICATES NEGATIVE NUMBERS.
R  INDICATES RECORD WAS SET OR TIED.
MM INDICATES DATA IS MISSING.
T  INDICATES TRACE AMOUNT.

$$

OUTLAW




U.S. Dept. of Commerce
NOAA National Weather Service
1325 East West Highway
Silver Spring, MD 20910
E-mail: w-nws.webmaster@noaa.gov
Page last modified: May 16, 2007
NATIONAL WEATHER SERVICE: for Safety, for Work, for Fun - FOR LIFE