041
CXUS52 KGSP 011523 RRA
CLMCLT

CLIMATE REPORT
NATIONAL WEATHER SERVICE GREENVILLE-SPARTANBURG SC
1017 AM EST THU JAN 1 2015

...................................

...THE CHARLOTTE CLIMATE SUMMARY FOR THE MONTH OF DECEMBER 2014...

CLIMATE NORMAL PERIOD 1981 TO 2010
CLIMATE RECORD PERIOD 1878 TO 2014

WEATHER         OBSERVED          NORMAL  DEPART  LAST YEAR`S
                 VALUE   DATE(S)  VALUE   FROM    VALUE  DATE(S)
                                          NORMAL
................................................................
TEMPERATURE (F)
RECORD
 HIGH              80   12/10/2007
 LOW               -5   12/30/1880
HIGHEST            73   12/01        MM      MM       77  12/06
LOWEST             22   12/12        MM      MM       18  12/13
AVG. MAXIMUM     56.0              52.9     3.1     57.4
AVG. MINIMUM     35.5              31.9     3.6     35.5
MEAN             45.7              42.4     3.3     46.4
DAYS MAX >= 90      0               0.0     0.0        0
DAYS MAX <= 32      0               0.3    -0.3        0
DAYS MIN <= 32     14              16.7    -2.7       17
DAYS MIN <= 0       0               0.0     0.0        0

PRECIPITATION (INCHES)
RECORD
 MAXIMUM        11.24   1931
 MINIMUM         0.43   1965
TOTALS           2.57              3.25   -0.68     7.13
DAILY AVG.       0.08              0.10   -0.02     0.23
DAYS >= .01        11               9.6     1.4       13
DAYS >= .10         6               5.9     0.1        7
DAYS >= .50         2               2.3    -0.3        4
DAYS >= 1.00        0               0.9    -0.9        3
GREATEST
 24 HR. TOTAL    1.11   12/23 TO 12/24           12/22 TO 12/23
                                                          12/23 TO 12/23
                                                          12/23 TO 12/23
 STORM TOTAL       MM                                 MM
 (MM/DD(HH))            MM                    12/23(00) TO 12/23(00)
                                                 12/23(00) TO 12/23(00)3
                                                 12/23(00) TO 12/23(00)3

SNOWFALL (INCHES)
RECORDS
 TOTAL           15.0   1880
 24 HR TOTAL     11.0   12/29/1880 TO 12/29/1880
 SNOW DEPTH         6   12/03/1971
TOTALS            0.0               0.3    -0.3      0.0
 LIQUID EQUIV    0.00              0.00    0.00     0.00
SINCE 7/1           T               0.4    -0.4        T
 LIQUID 7/1        MM              0.00      MM       MM
SNOWDEPTH AVG.      0                MM      MM        0
DAYS >= TRACE       0               0.2    -0.2        0
DAYS >= 1.0         0               0.1    -0.1        0
GREATEST
 SNOW DEPTH         0   MM                             0  MM
 24 HR TOTAL      0.0   12/31 TO 12/31           12/23 TO 12/23
                                                          12/23 TO 12/23
                                                          12/23 TO 12/23
 STORM TOTAL       MM                                 MM
 (MM/DD(HH))            MM                    12/23(00) TO 12/23(00)
                                                 12/23(00) TO 12/23(00)3
                                                 12/23(00) TO 12/23(00)3

DEGREE_DAYS
HEATING TOTAL     590               701    -111      577
 SINCE 7/1       1248              1337     -89     1227
COOLING TOTAL       0                 1      -1        8
 SINCE 1/1       1655              1518     137     1585

FREEZE DATES
RECORD
 EARLIEST     MM
 LATEST       MM
EARLIEST                        MM
LATEST                          MM
....................................................

WIND (MPH)
AVERAGE WIND SPEED              5.0
HIGHEST WIND SPEED/DIRECTION    23/020    DATE  12/07
HIGHEST GUST SPEED/DIRECTION    31/020    DATE  12/07

SKY COVER
POSSIBLE SUNSHINE (PERCENT)   MM
AVERAGE SKY COVER           0.60
NUMBER OF DAYS FAIR            9
NUMBER OF DAYS PC              6
NUMBER OF DAYS CLOUDY         16

AVERAGE RH (PERCENT)     67

WEATHER CONDITIONS. NUMBER OF DAYS WITH
THUNDERSTORM              0     MIXED PRECIP               0
HEAVY RAIN                3     RAIN                       3
LIGHT RAIN               15     FREEZING RAIN              0
LT FREEZING RAIN          0     HAIL                       0
HEAVY SNOW                0     SNOW                       0
LIGHT SNOW                0     SLEET                      0
FOG                      16     FOG W/VIS <= 1/4 MILE      3
HAZE                      0

-  INDICATES NEGATIVE NUMBERS.
R  INDICATES RECORD WAS SET OR TIED.
MM INDICATES DATA IS MISSING.
T  INDICATES TRACE AMOUNT.

$$




U.S. Dept. of Commerce
NOAA National Weather Service
1325 East West Highway
Silver Spring, MD 20910
E-mail: w-nws.webmaster@noaa.gov
Page last modified: May 16, 2007
NATIONAL WEATHER SERVICE: for Safety, for Work, for Fun - FOR LIFE