658
CXUS52 KGSP 011256
CLMCLT

CLIMATE REPORT
NATIONAL WEATHER SERVICE GREENVILLE-SPARTANBURG SC
856 AM EDT TUE APR 1 2014

...................................

...THE CHARLOTTE CLIMATE SUMMARY FOR THE MONTH OF MARCH 2014...

CLIMATE NORMAL PERIOD 1981 TO 2010
CLIMATE RECORD PERIOD 1878 TO 2014

WEATHER         OBSERVED          NORMAL  DEPART  LAST YEAR`S
                 VALUE   DATE(S)  VALUE   FROM    VALUE  DATE(S)
                                          NORMAL
................................................................
TEMPERATURE (F)
RECORD
 HIGH              91   03/23/1907
 LOW                4   03/03/1980
HIGHEST            78   03/11        MM      MM       79  03/16
LOWEST             20   03/04        MM      MM       21  03/04
                                                          03/03
AVG. MAXIMUM     60.4              63.1    -2.7     58.1
AVG. MINIMUM     34.2              39.3    -5.1     34.0
MEAN             47.3              51.2    -3.9     46.1
DAYS MAX >= 90      0               0.0     0.0        0
DAYS MAX <= 32      0               0.0     0.0        0
DAYS MIN <= 32     16               6.9     9.1       16
DAYS MIN <= 0       0               0.0     0.0        0

PRECIPITATION (INCHES)
RECORD
 MAXIMUM        11.13   1891
 MINIMUM         0.58   1985
TOTALS           4.48              4.01    0.47     3.44
DAILY AVG.       0.14              0.13    0.01     0.11
DAYS >= .01        11               9.6     1.4       10
DAYS >= .10         8               6.7     1.3        8
DAYS >= .50         3               3.0     0.0        3
DAYS >= 1.00        2               1.0     1.0        0
GREATEST
 24 HR. TOTAL    1.38   03/07 TO 03/07           03/24 TO 03/24
                                                          03/06 TO 03/06
                                                          03/06 TO 03/06
 STORM TOTAL       MM                                 MM
 (MM/DD(HH))            MM                    03/24(00) TO 03/24(00)
                                                 03/06(00) TO 03/06(00)6
                                                 03/06(00) TO 03/06(00)6

SNOWFALL (INCHES)
RECORDS
 TOTAL           19.3   1960
 24 HR TOTAL     10.3   03/24/1983 TO 03/24/1983
 SNOW DEPTH         9   03/24/1983
TOTALS              T               0.6    -0.6        T
 LIQUID EQUIV      MM              0.10      MM       MM
SINCE 7/1         9.3               4.3     5.0      2.7
 LIQUID 7/1      0.93              0.40    0.53     0.27
SNOWDEPTH AVG.      0                MM      MM        0
DAYS >= TRACE       1               0.2     0.8        2
DAYS >= 1.0         0               0.1    -0.1        0
GREATEST
 SNOW DEPTH         0   MM                             0  MM
 24 HR TOTAL        T   03/03 TO 03/03           03/06 TO 03/06
                                                          03/06 TO 03/06
                                                          03/06 TO 03/06
 STORM TOTAL       MM                                 MM
 (MM/DD(HH))            MM                    03/06(00) TO 03/06(00)
                                                 03/06(00) TO 03/06(00)6
                                                 03/06(00) TO 03/06(00)6

DEGREE_DAYS
HEATING TOTAL     541               433     108      581
 SINCE 7/1       3217              3132      85     2986
COOLING TOTAL       0                 5      -5        3
 SINCE 1/1          1                 5      -4        3

FREEZE DATES
RECORD
 EARLIEST     MM
 LATEST       MM
EARLIEST                        MM
LATEST                          MM
.......................................................

WIND (MPH)
AVERAGE WIND SPEED              7.4
HIGHEST WIND SPEED/DIRECTION    30/320    DATE  03/12
HIGHEST GUST SPEED/DIRECTION    43/310    DATE  03/12

SKY COVER
POSSIBLE SUNSHINE (PERCENT)   MM
AVERAGE SKY COVER           0.60
NUMBER OF DAYS FAIR            9
NUMBER OF DAYS PC             10
NUMBER OF DAYS CLOUDY         12

AVERAGE RH (PERCENT)     61

WEATHER CONDITIONS. NUMBER OF DAYS WITH
THUNDERSTORM              0     MIXED PRECIP               0
HEAVY RAIN                2     RAIN                       6
LIGHT RAIN               13     FREEZING RAIN              1
LT FREEZING RAIN          2     HAIL                       0
HEAVY SNOW                0     SNOW                       0
LIGHT SNOW                0     SLEET                      1
FOG                      14     FOG W/VIS <= 1/4 MILE      0
HAZE                      1

-  INDICATES NEGATIVE NUMBERS.
R  INDICATES RECORD WAS SET OR TIED.
MM INDICATES DATA IS MISSING.
T  INDICATES TRACE AMOUNT.

$$

OUTLAW






U.S. Dept. of Commerce
NOAA National Weather Service
1325 East West Highway
Silver Spring, MD 20910
E-mail: w-nws.webmaster@noaa.gov
Page last modified: May 16, 2007
NATIONAL WEATHER SERVICE: for Safety, for Work, for Fun - FOR LIFE