814
CXUS52 KGSP 011402
CLMCLT

CLIMATE REPORT
NATIONAL WEATHER SERVICE GREENVILLE-SPARTANBURG SC
950 AM EDT TUE JUL 1 2014

...................................

...THE CHARLOTTE CLIMATE SUMMARY FOR THE MONTH OF JUNE 2014...

CLIMATE NORMAL PERIOD 1981 TO 2010
CLIMATE RECORD PERIOD 1878 TO 2014

WEATHER         OBSERVED          NORMAL  DEPART  LAST YEAR`S
                 VALUE   DATE(S)  VALUE   FROM    VALUE  DATE(S)
                                          NORMAL
................................................................
TEMPERATURE (F)
RECORD
 HIGH             104   06/30/2012
                        06/29/2012
 LOW               45   06/07/2000
                        06/12/1972
                        06/01/1889
HIGHEST            93   06/20        MM      MM       92  06/13
                        06/18
LOWEST             52   06/02        MM      MM       57  06/15
AVG. MAXIMUM     87.1              86.0     1.1     85.2
AVG. MINIMUM     67.2              64.5     2.7     67.4
MEAN             77.2              75.3     1.9     76.3
DAYS MAX >= 90     10               7.6     2.4        4
DAYS MAX <= 32      0               0.0     0.0        0
DAYS MIN <= 32      0               0.0     0.0        0
DAYS MIN <= 0       0               0.0     0.0        0

PRECIPITATION (INCHES)
RECORD
 MAXIMUM        11.04   1886
 MINIMUM         0.15   1993
TOTALS           2.85              3.74   -0.89     7.31
DAILY AVG.       0.09              0.12   -0.03     0.24
DAYS >= .01        10              10.2    -0.2       15
DAYS >= .10         8               6.2     1.8       12
DAYS >= .50         1               2.7    -1.7        4
DAYS >= 1.00        1               1.1    -0.1        2
GREATEST
 24 HR. TOTAL    1.19   06/08 TO 06/08           06/02 TO 06/03
                        06/07 TO 06/08                    06/03 TO 06/03
                        06/08 TO 06/08                    06/03 TO 06/03
 STORM TOTAL       MM                                 MM
 (MM/DD(HH))            MM                    06/03(00) TO 06/03(00)
                                                 06/03(00) TO 06/03(00)3
                                                 06/03(00) TO 06/03(00)3

SNOWFALL (INCHES)
RECORDS
 TOTAL             MM   MM
 24 HR TOTAL       MM
 SNOW DEPTH        MM   MM
TOTALS            0.0               0.0     0.0      0.0
 LIQUID EQUIV    0.00              0.00    0.00     0.00
SINCE 7/1         9.3               4.3     5.0      2.7
 LIQUID 7/1      0.93                MM      MM     0.27
SNOWDEPTH AVG.      0                MM      MM        0
DAYS >= TRACE       0               0.0     0.0        0
DAYS >= 1.0         0               0.0     0.0        0
GREATEST
 SNOW DEPTH         0   MM                             0  MM
 24 HR TOTAL      0.0   06/30 TO 06/30           06/03 TO 06/03
                                                          06/03 TO 06/03
                                                          06/03 TO 06/03
 STORM TOTAL       MM                                 MM
 (MM/DD(HH))            MM                    06/03(00) TO 06/03(00)
                                                 06/03(00) TO 06/03(00)3
                                                 06/03(00) TO 06/03(00)3

DEGREE_DAYS
HEATING TOTAL       0                 3      -3        0
 SINCE 7/1       3397              3388       9     3221
COOLING TOTAL     373               311      62      347
 SINCE 1/1        601               474     127      516

FREEZE DATES
RECORD
 EARLIEST     MM
 LATEST       MM
EARLIEST      10/24             MM
LATEST        04/16             MM
....................................................

WIND (MPH)
AVERAGE WIND SPEED              5.3
HIGHEST WIND SPEED/DIRECTION    26/130    DATE  06/27
HIGHEST GUST SPEED/DIRECTION    36/200    DATE  06/09

SKY COVER
POSSIBLE SUNSHINE (PERCENT)   MM
AVERAGE SKY COVER           0.60
NUMBER OF DAYS FAIR            3
NUMBER OF DAYS PC             17
NUMBER OF DAYS CLOUDY         10

AVERAGE RH (PERCENT)     67

WEATHER CONDITIONS. NUMBER OF DAYS WITH
THUNDERSTORM             12     MIXED PRECIP               0
HEAVY RAIN                5     RAIN                       4
LIGHT RAIN                9     FREEZING RAIN              0
LT FREEZING RAIN          0     HAIL                       0
HEAVY SNOW                0     SNOW                       0
LIGHT SNOW                0     SLEET                      0
FOG                      10     FOG W/VIS <= 1/4 MILE      1
HAZE                      3

-  INDICATES NEGATIVE NUMBERS.
R  INDICATES RECORD WAS SET OR TIED.
MM INDICATES DATA IS MISSING.
T  INDICATES TRACE AMOUNT.

$$








U.S. Dept. of Commerce
NOAA National Weather Service
1325 East West Highway
Silver Spring, MD 20910
E-mail: w-nws.webmaster@noaa.gov
Page last modified: May 16, 2007
NATIONAL WEATHER SERVICE: for Safety, for Work, for Fun - FOR LIFE