035
CXUS52 KGSP 012322 CCA
CLMCLT

CLIMATE REPORT...CORRECTED FOR NUMBER OF THUNDER DAYS
NATIONAL WEATHER SERVICE GREENVILLE-SPARTANBURG SC
750 AM EDT WED OCT 1 2014

...................................

...THE CHARLOTTE CLIMATE SUMMARY FOR THE MONTH OF SEPTEMBER 2014...

CLIMATE NORMAL PERIOD 1981 TO 2010
CLIMATE RECORD PERIOD 1878 TO 2014

WEATHER         OBSERVED          NORMAL  DEPART  LAST YEAR`S
                 VALUE   DATE(S)  VALUE   FROM    VALUE  DATE(S)
                                          NORMAL
................................................................
TEMPERATURE (F)
RECORD
 HIGH             104   09/06/1954
 LOW               38   09/30/1888
HIGHEST            94   09/02        MM      MM       90  09/12
                                                          09/11
                                                          09/10
LOWEST             53   09/24        MM      MM       51  09/30
                        09/23
AVG. MAXIMUM     80.3              81.3    -1.0     82.9
AVG. MINIMUM     64.0              60.4     3.6     61.6
MEAN             72.1              70.8     1.3     72.3
DAYS MAX >= 90      5               2.7     2.3        5
DAYS MAX <= 32      0               0.0     0.0        0
DAYS MIN <= 32      0               0.0     0.0        0
DAYS MIN <= 0       0               0.0     0.0        0

PRECIPITATION (INCHES)
RECORD
 MAXIMUM        12.66   1945
 MINIMUM         0.02   1954
TOTALS           3.99              3.24    0.75     3.06
DAILY AVG.       0.13              0.11    0.02     0.10
DAYS >= .01        14               7.1     6.9        4
DAYS >= .10         5               4.6     0.4        3
DAYS >= .50         3               2.3     0.7        1
DAYS >= 1.00        1               0.9     0.1        1
GREATEST
 24 HR. TOTAL    1.63   09/12 TO 09/13           09/21 TO 09/21
                                                          09/21 TO 09/22
                                                          09/22 TO 09/22
 STORM TOTAL       MM                                 MM
 (MM/DD(HH))            MM                    09/21(00) TO 09/21(00)
                                                 09/22(00) TO 09/22(00)2
                                                 09/22(00) TO 09/22(00)2

SNOWFALL (INCHES)
RECORDS
 TOTAL             MM   MM
 24 HR TOTAL       MM
 SNOW DEPTH        MM   MM
TOTALS            0.0               0.0     0.0      0.0
 LIQUID EQUIV    0.00              0.00    0.00     0.00
SINCE 7/1         0.0               0.0     0.0      0.0
 LIQUID 7/1      0.00              0.00    0.00     0.00
SNOWDEPTH AVG.      0                MM      MM        0
DAYS >= TRACE       0               0.0     0.0        0
DAYS >= 1.0         0               0.0     0.0        0
GREATEST
 SNOW DEPTH         0   MM                             0  MM
 24 HR TOTAL      0.0   09/30 TO 09/30           09/30 TO 09/30
                                                          09/22 TO 09/22
                                                          09/22 TO 09/22
 STORM TOTAL       MM                                 MM
 (MM/DD(HH))            MM                    09/30(00) TO 09/30(00)
                                                 09/22(00) TO 09/22(00)2
                                                 09/22(00) TO 09/22(00)2

DEGREE_DAYS
HEATING TOTAL      12                23     -11        2
 SINCE 7/1         12                23     -11        3
COOLING TOTAL     233               198      35      228
 SINCE 1/1       1588              1475     113     1516

FREEZE DATES
RECORD
 EARLIEST     MM
 LATEST       MM
EARLIEST                        MM
LATEST                          MM
...................................................

WIND (MPH)
AVERAGE WIND SPEED              5.3
HIGHEST WIND SPEED/DIRECTION    23/150    DATE  09/03
HIGHEST GUST SPEED/DIRECTION    29/110    DATE  09/07

SKY COVER
POSSIBLE SUNSHINE (PERCENT)   MM
AVERAGE SKY COVER           0.70
NUMBER OF DAYS FAIR            1
NUMBER OF DAYS PC             13
NUMBER OF DAYS CLOUDY         16

AVERAGE RH (PERCENT)     74

WEATHER CONDITIONS. NUMBER OF DAYS WITH
THUNDERSTORM              6     MIXED PRECIP               0
HEAVY RAIN                3     RAIN                       6
LIGHT RAIN               18     FREEZING RAIN              0
LT FREEZING RAIN          0     HAIL                       0
HEAVY SNOW                0     SNOW                       0
LIGHT SNOW                0     SLEET                      0
FOG                      21     FOG W/VIS <= 1/4 MILE      1
HAZE                      8

-  INDICATES NEGATIVE NUMBERS.
R  INDICATES RECORD WAS SET OR TIED.
MM INDICATES DATA IS MISSING.
T  INDICATES TRACE AMOUNT.

$$

JPT/DEO






U.S. Dept. of Commerce
NOAA National Weather Service
1325 East West Highway
Silver Spring, MD 20910
E-mail: w-nws.webmaster@noaa.gov
Page last modified: May 16, 2007
NATIONAL WEATHER SERVICE: for Safety, for Work, for Fun - FOR LIFE