306
CXUS52 KGSP 011354
CLMCLT

CLIMATE REPORT
NATIONAL WEATHER SERVICE GREENVILLE-SPARTANBURG SC
736 AM EST MON DEC 1 2014

...................................

...THE CHARLOTTE CLIMATE SUMMARY FOR THE MONTH OF NOVEMBER 2014...

CLIMATE NORMAL PERIOD 1981 TO 2010
CLIMATE RECORD PERIOD 1878 TO 2014

WEATHER         OBSERVED          NORMAL  DEPART  LAST YEAR`S
                 VALUE   DATE(S)  VALUE   FROM    VALUE  DATE(S)
                                          NORMAL
................................................................
TEMPERATURE (F)
RECORD
 HIGH              85   11/02/1961
 LOW               11   11/26/1950
HIGHEST            77   11/12        MM      MM       78  11/18
LOWEST             14   11/19        MM      MM       19  11/28
                                                          11/25
AVG. MAXIMUM     59.4              62.4    -3.0     59.6
AVG. MINIMUM     35.1              39.2    -4.1     35.7
MEAN             47.2              50.8    -3.6     47.7
DAYS MAX >= 90      0               0.0     0.0        0
DAYS MAX <= 32      0               0.0     0.0        0
DAYS MIN <= 32     13               7.4     5.6       12
DAYS MIN <= 0       0               0.0     0.0        0

PRECIPITATION (INCHES)
RECORD
 MAXIMUM         8.68   1985
 MINIMUM         0.23   1890
TOTALS           3.79              3.14    0.65     3.63
DAILY AVG.       0.13              0.10    0.03     0.12
DAYS >= .01         7               8.4    -1.4        8
DAYS >= .10         5               5.1    -0.1        5
DAYS >= .50         3               2.5     0.5        2
DAYS >= 1.00        1               0.8     0.2        1
GREATEST
 24 HR. TOTAL    1.72   11/22 TO 11/23           11/26 TO 11/27
                        11/23 TO 11/23                    11/12 TO 11/12
                        11/23 TO 11/24                    11/12 TO 11/12
 STORM TOTAL       MM                                 MM
 (MM/DD(HH))            MM                    11/27(00) TO 11/27(00)
                                                 11/12(00) TO 11/12(00)2
                                                 11/12(00) TO 11/12(00)2

SNOWFALL (INCHES)
RECORDS
 TOTAL            2.5   2000
 24 HR TOTAL      2.5   11/19/2000 TO 11/19/2000
 SNOW DEPTH         2   11/12/1968
TOTALS            0.0               0.1    -0.1        T
 LIQUID EQUIV    0.00              0.00    0.00        T
SINCE 7/1           T               0.1    -0.1        T
 LIQUID 7/1        MM              0.00      MM       MM
SNOWDEPTH AVG.      0                MM      MM        0
DAYS >= TRACE       0               0.0     0.0        1
DAYS >= 1.0         0               0.0     0.0        0
GREATEST
 SNOW DEPTH         0   MM                             0  MM
 24 HR TOTAL      0.0   11/30 TO 11/30           11/12 TO 11/12
                                                          11/12 TO 11/12
                                                          11/12 TO 11/12
 STORM TOTAL       MM                                  T
 (MM/DD(HH))            MM                    11/12(00) TO 11/12(00)
                                                 11/12(00) TO 11/12(00)2
                                                 11/12(00) TO 11/12(00)2

DEGREE_DAYS
HEATING TOTAL     526               430      96      517
 SINCE 7/1        658               636      22      650
COOLING TOTAL       2                 4      -2        1
 SINCE 1/1       1655              1517     138     1577

FREEZE DATES
RECORD
 EARLIEST     MM
 LATEST       MM
EARLIEST      11/02             MM
LATEST                          MM
...................................................

WIND (MPH)
AVERAGE WIND SPEED              6.4
HIGHEST WIND SPEED/DIRECTION    28/350    DATE  11/01
HIGHEST GUST SPEED/DIRECTION    39/360    DATE  11/01

SKY COVER
POSSIBLE SUNSHINE (PERCENT)   MM
AVERAGE SKY COVER           0.50
NUMBER OF DAYS FAIR           13
NUMBER OF DAYS PC              9
NUMBER OF DAYS CLOUDY          8

AVERAGE RH (PERCENT)     57

WEATHER CONDITIONS. NUMBER OF DAYS WITH
THUNDERSTORM              1     MIXED PRECIP               0
HEAVY RAIN                3     RAIN                       6
LIGHT RAIN                8     FREEZING RAIN              0
LT FREEZING RAIN          0     HAIL                       0
HEAVY SNOW                0     SNOW                       0
LIGHT SNOW                0     SLEET                      0
FOG                       8     FOG W/VIS <= 1/4 MILE      1
HAZE                      1

-  INDICATES NEGATIVE NUMBERS.
R  INDICATES RECORD WAS SET OR TIED.
MM INDICATES DATA IS MISSING.
T  INDICATES TRACE AMOUNT.

$$




U.S. Dept. of Commerce
NOAA National Weather Service
1325 East West Highway
Silver Spring, MD 20910
E-mail: w-nws.webmaster@noaa.gov
Page last modified: May 16, 2007
NATIONAL WEATHER SERVICE: for Safety, for Work, for Fun - FOR LIFE