374
CXUS54 KHGX 011857
CLMCLL

CLIMATE REPORT
NATIONAL WEATHER SERVICE HOUSTON/GALVESTON TX
124 PM CDT FRI AUG 1 2014

...................................

...THE COLLEGE STATION CLIMATE SUMMARY FOR THE MONTH OF JULY 2014...

CLIMATE NORMAL PERIOD 1981 TO 2010
CLIMATE RECORD PERIOD 1902 TO 2014

WEATHER         OBSERVED          NORMAL  DEPART  LAST YEAR`S
                 VALUE   DATE(S)  VALUE   FROM    VALUE  DATE(S)
                                          NORMAL
................................................................
TEMPERATURE (F)

RECORD
 HIGH             110   07/11/1917
 LOW               58   07/16/1967

HIGHEST            97   07/28        MM      MM      103  07/13
                        07/27
                        07/14
LOWEST             69   07/20        MM      MM       68  07/01

AVG. MAXIMUM     92.8              94.8    -2.0     95.7
AVG. MINIMUM     73.6              74.6    -1.0     74.2
MEAN             83.2              84.7    -1.5     85.0

DAYS MAX >= 90     26              27.7    -1.7       27
DAYS MAX <= 32      0               0.0     0.0        0
DAYS MIN <= 32      0               0.0     0.0        0
DAYS MIN <= 0       0               0.0     0.0        0

PRECIPITATION (INCHES)

RECORD
 MAXIMUM         9.30   1902
 MINIMUM            T   2000
                        1993
TOTALS           6.72              2.14    4.58     1.43
DAILY AVG.       0.22              0.07    0.15     0.05

DAYS >= .01         7               5.7     1.3        5
DAYS >= .10         4               3.6     0.4        2
DAYS >= .50         3               1.5     1.5        2
DAYS >= 1.00        2               0.7     1.3        0
GREATEST
 24 HR. TOTAL    4.55   07/17 TO 07/17

DEGREE_DAYS
HEATING TOTAL       0                 0       0        0
 SINCE 7/1          0                 0       0        0
COOLING TOTAL     573               611     -38      631
 SINCE 1/1       1587              1715    -128     1779
.................................................................

WIND (MPH)
AVERAGE WIND SPEED              6.5
HIGHEST WIND SPEED/DIRECTION    31/010    DATE  07/03
HIGHEST GUST SPEED/DIRECTION    45/010    DATE  07/03

SKY COVER
AVERAGE SKY COVER           0.20

AVERAGE RH (PERCENT)     69

WEATHER CONDITIONS. NUMBER OF DAYS WITH
THUNDERSTORM              0     MIXED PRECIP               0
HEAVY RAIN                5     RAIN                       5
LIGHT RAIN                9     FREEZING RAIN              0
LT FREEZING RAIN          0     HAIL                       0
HEAVY SNOW                0     SNOW                       0
LIGHT SNOW                0     SLEET                      0
FOG                      16     FOG W/VIS <= 1/4 MILE      1
HAZE                      7

-  INDICATES NEGATIVE NUMBERS.
R  INDICATES RECORD WAS SET OR TIED.
MM INDICATES DATA IS MISSING.
T  INDICATES TRACE AMOUNT.

$$




U.S. Dept. of Commerce
NOAA National Weather Service
1325 East West Highway
Silver Spring, MD 20910
E-mail: w-nws.webmaster@noaa.gov
Page last modified: May 16, 2007
NATIONAL WEATHER SERVICE: for Safety, for Work, for Fun - FOR LIFE