637
CXUS54 KHGX 011734
CLMCLL

CLIMATE REPORT
NATIONAL WEATHER SERVICE HOUSTON/GALVESTON TX
1230 PM CDT TUE APR 1 2014

...................................

...THE COLLEGE STATION CLIMATE SUMMARY FOR THE MONTH OF MARCH 2014...

CLIMATE NORMAL PERIOD 1981 TO 2010
CLIMATE RECORD PERIOD 1902 TO 2014

WEATHER         OBSERVED          NORMAL  DEPART  LAST YEAR`S
                 VALUE   DATE(S)  VALUE   FROM    VALUE  DATE(S)
                                          NORMAL
................................................................
TEMPERATURE (F)
RECORD
 HIGH              96   03/30/1946
 LOW               17   03/05/2002
                        03/05/1989
                        03/03/1943

HIGHEST            84   03/28        MM      MM       88  03/18
LOWEST             22   03/03        MM      MM       34  03/26
                                                          03/06
                                                          03/01

AVG. MAXIMUM     67.6              71.7    -4.1     72.7
AVG. MINIMUM     45.9              51.0    -5.1     48.3
MEAN             56.8              61.4    -4.6     60.5

DAYS MAX >= 90      0               0.1    -0.1        0
DAYS MAX <= 32      1               0.0     1.0        0
DAYS MIN <= 32      3               0.9     2.1        0
DAYS MIN <= 0       0               0.0     0.0        0

PRECIPITATION (INCHES)
RECORD
 MAXIMUM         8.66   2012
 MINIMUM         0.29   1971

TOTALS           1.61              3.17   -1.56     1.73
DAILY AVG.       0.05              0.10   -0.05     0.06

DAYS >= .01         7               8.3    -1.3        4
DAYS >= .10         4               4.9    -0.9        2
DAYS >= .50         1               2.2    -1.2        1
DAYS >= 1.00        0               1.1    -1.1        1
GREATEST
 24 HR. TOTAL    0.89   03/08 TO 03/08

SNOWFALL (INCHES)
RECORDS
 TOTAL            0.1   2008

TOTALS            0.0               0.0     0.0      0.0
SINCE 7/1           T                 T     0.0      0.0

SNOWDEPTH AVG.      0                MM      MM        0
DAYS >= 1.0         0               0.0     0.0        0
GREATEST
 SNOW DEPTH         0   MM                             0  MM
 24 HR TOTAL      0.0   03/31 TO 03/31

DEGREE_DAYS
HEATING TOTAL     269               172      97      189
 SINCE 7/1       1993              1559     434     1248
COOLING TOTAL      23                59     -36       58
 SINCE 1/1         44                87     -43       93
.................................................................

WIND (MPH)
AVERAGE WIND SPEED              10.0
HIGHEST WIND SPEED/DIRECTION    32/320    DATE  03/28
HIGHEST GUST SPEED/DIRECTION    44/320    DATE  03/28

SKY COVER
AVERAGE SKY COVER           0.50

AVERAGE RH (PERCENT)     71

WEATHER CONDITIONS. NUMBER OF DAYS WITH
THUNDERSTORM              0     MIXED PRECIP               0
HEAVY RAIN                1     RAIN                       4
LIGHT RAIN               12     FREEZING RAIN              3
LT FREEZING RAIN          3     HAIL                       0
HEAVY SNOW                0     SNOW                       0
LIGHT SNOW                1     SLEET                      0
FOG                      17     FOG W/VIS <= 1/4 MILE      2
HAZE                      6

-  INDICATES NEGATIVE NUMBERS.
R  INDICATES RECORD WAS SET OR TIED.
MM INDICATES DATA IS MISSING.
T  INDICATES TRACE AMOUNT.

$$




U.S. Dept. of Commerce
NOAA National Weather Service
1325 East West Highway
Silver Spring, MD 20910
E-mail: w-nws.webmaster@noaa.gov
Page last modified: May 16, 2007
NATIONAL WEATHER SERVICE: for Safety, for Work, for Fun - FOR LIFE