838
CXUS54 KHGX 011756
CLMCLL

CLIMATE REPORT
NATIONAL WEATHER SERVICE HOUSTON/GALVESTON TX
1238 PM CDT TUE JUL 1 2014

...................................

...THE COLLEGE STATION CLIMATE SUMMARY FOR THE MONTH OF JUNE 2014...

CLIMATE NORMAL PERIOD 1981 TO 2010
CLIMATE RECORD PERIOD 1902 TO 2014

WEATHER         OBSERVED          NORMAL  DEPART  LAST YEAR`S
                 VALUE   DATE(S)  VALUE   FROM    VALUE  DATE(S)
                                          NORMAL
................................................................
TEMPERATURE (F)
RECORD
 HIGH             107   06/14/1998
 LOW               53   06/03/1919

HIGHEST            94   06/30        MM      MM      106  06/29
                        06/29
                        06/18
LOWEST             67   06/11        MM      MM       66  06/08
                                                          06/03

AVG. MAXIMUM     90.8              91.7    -0.9     95.0
AVG. MINIMUM     74.0              72.7     1.3     73.4
MEAN             82.4              82.2     0.2     84.2

DAYS MAX >= 90     24              21.0     3.0       27
DAYS MAX <= 32      0               0.0     0.0        0
DAYS MIN <= 32      0               0.0     0.0        0
DAYS MIN <= 0       0               0.0     0.0        0

PRECIPITATION (INCHES)

RECORD
 MAXIMUM        15.03   1905
 MINIMUM            T   2009
                        1998

TOTALS           1.61              4.45   -2.84     1.25
DAILY AVG.       0.05              0.15   -0.10     0.04

DAYS >= .01        10               8.5     1.5        3
DAYS >= .10         4               6.0    -2.0        3
DAYS >= .50         0               3.0    -3.0        1
DAYS >= 1.00        0               1.4    -1.4        1
GREATEST
 24 HR. TOTAL    0.48   06/23 TO 06/23

DEGREE_DAYS
HEATING TOTAL       0                 0       0        0
 SINCE 7/1       2064              1608     456     1354
COOLING TOTAL     527               516      11      584
 SINCE 1/1       1014              1104     -90     1148
.................................................................

WIND (MPH)
AVERAGE WIND SPEED              9.7
HIGHEST WIND SPEED/DIRECTION    30/180    DATE  06/24
HIGHEST GUST SPEED/DIRECTION    37/340    DATE  06/09

SKY COVER
AVERAGE SKY COVER           0.40

AVERAGE RH (PERCENT)     74

WEATHER CONDITIONS. NUMBER OF DAYS WITH

THUNDERSTORM              0     MIXED PRECIP               0
HEAVY RAIN                4     RAIN                       2
LIGHT RAIN               16     FREEZING RAIN              0
LT FREEZING RAIN          0     HAIL                       0
HEAVY SNOW                0     SNOW                       0
LIGHT SNOW                0     SLEET                      0
FOG                      10     FOG W/VIS <= 1/4 MILE      0
HAZE                      0

-  INDICATES NEGATIVE NUMBERS.
R  INDICATES RECORD WAS SET OR TIED.
MM INDICATES DATA IS MISSING.
T  INDICATES TRACE AMOUNT.

$$




U.S. Dept. of Commerce
NOAA National Weather Service
1325 East West Highway
Silver Spring, MD 20910
E-mail: w-nws.webmaster@noaa.gov
Page last modified: May 16, 2007
NATIONAL WEATHER SERVICE: for Safety, for Work, for Fun - FOR LIFE