885
CXUS54 KHGX 011724
CLMCLL

CLIMATE REPORT
NATIONAL WEATHER SERVICE HOUSTON/GALVESTON TX
1224 PM CDT WED OCT 1 2014

...................................

...THE COLLEGE STATION CLIMATE SUMMARY FOR THE MONTH OF SEPTEMBER 2014...

CLIMATE NORMAL PERIOD 1981 TO 2010
CLIMATE RECORD PERIOD 1902 TO 2014

WEATHER         OBSERVED          NORMAL  DEPART  LAST YEAR`S
                 VALUE   DATE(S)  VALUE   FROM    VALUE  DATE(S)
                                          NORMAL
................................................................
TEMPERATURE (F)
RECORD
 HIGH             112   09/04/2000
 LOW               42   09/27/1942
HIGHEST            98   09/10        MM      MM      100  09/03
                        09/03                             09/02
                                                          09/01
LOWEST             60   09/24        MM      MM       62  09/22
AVG. MAXIMUM     90.0              90.5    -0.5     94.1
AVG. MINIMUM     71.1              69.4     1.7     72.4
MEAN             80.6              80.0     0.6     83.2
DAYS MAX >= 90     18              18.2    -0.2       24
DAYS MAX <= 32      0               0.0     0.0        0
DAYS MIN <= 32      0               0.0     0.0        0
DAYS MIN <= 0       0               0.0     0.0        0

PRECIPITATION (INCHES)
RECORD
 MAXIMUM        12.13   1958
 MINIMUM            T   2005
TOTALS           6.57              3.18    3.39     5.19
DAILY AVG.       0.22              0.11    0.11     0.17
DAYS >= .01         7               6.7     0.3        6
DAYS >= .10         6               4.4     1.6        5
DAYS >= .50         2               2.0     0.0        3
DAYS >= 1.00        2               1.0     1.0        2
GREATEST
 24 HR. TOTAL    4.26   09/12 TO 09/12

DEGREE_DAYS
HEATING TOTAL       0                 2      -2        0
 SINCE 7/1          0                 2      -2        0
COOLING TOTAL     473               450      23      556
 SINCE 1/1       2680              2796    -116     3033
.................................................................

WIND (MPH)
AVERAGE WIND SPEED              6.5
HIGHEST WIND SPEED/DIRECTION    32/160    DATE  09/05
HIGHEST GUST SPEED/DIRECTION    41/350    DATE  09/12

SKY COVER
AVERAGE SKY COVER           0.30

AVERAGE RH (PERCENT)     71

WEATHER CONDITIONS. NUMBER OF DAYS WITH
THUNDERSTORM              0     MIXED PRECIP               0
HEAVY RAIN                4     RAIN                       6
LIGHT RAIN               12     FREEZING RAIN              0
LT FREEZING RAIN          0     HAIL                       0
HEAVY SNOW                0     SNOW                       0
LIGHT SNOW                0     SLEET                      0
FOG                       9     FOG W/VIS <= 1/4 MILE      0
HAZE                      0

-  INDICATES NEGATIVE NUMBERS.
R  INDICATES RECORD WAS SET OR TIED.
MM INDICATES DATA IS MISSING.
T  INDICATES TRACE AMOUNT.

$$




U.S. Dept. of Commerce
NOAA National Weather Service
1325 East West Highway
Silver Spring, MD 20910
E-mail: w-nws.webmaster@noaa.gov
Page last modified: May 16, 2007
NATIONAL WEATHER SERVICE: for Safety, for Work, for Fun - FOR LIFE