366
CXUS51 KCLE 011926
CLMCLE


CLIMATE REPORT
NATIONAL WEATHER SERVICE CLEVELAND OH
320 PM EDT TUE APR 1 2014

...................................

...THE CLEVELAND OH CLIMATE SUMMARY FOR THE MONTH OF MARCH 2014...

CLIMATE NORMAL PERIOD 1981 TO 2010
CLIMATE RECORD PERIOD 1871 TO 2014

WEATHER         OBSERVED          NORMAL  DEPART  LAST YEAR`S
                 VALUE   DATE(S)  VALUE   FROM    VALUE
                                          NORMAL
.............................................................
TEMPERATURE (F)
RECORD
 HIGH              83   03/22/2012
                        03/21/2012
                        03/20/2012
 LOW               -5   03/09/1984
                        03/12/1948
HIGHEST            63   03/11
LOWEST              0   03/04
AVG. MAXIMUM     41.4              46.6    -5.2     40.0
AVG. MINIMUM     23.1              30.2    -7.1     27.6
MEAN             32.2              38.4    -6.2     33.8
DAYS MAX >= 90      0               0.0     0.0        0
DAYS MAX <= 32      7               3.6     3.4        7
DAYS MIN <= 32     24              18.9     5.1       27
DAYS MIN <= 0       1               0.0     1.0        0

PRECIPITATION (INCHES)
RECORD
 MAXIMUM         8.31   1913
 MINIMUM         0.41   1910
TOTALS           2.20              2.93   -0.73     2.25
DAYS >= .01        14              14.2    -0.2       15
DAYS >= .10         6               7.8    -1.8        5
DAYS >= .50         2               1.6     0.4        1
DAYS >= 1.00        0               0.2    -0.2        0
GREATEST
 24 HR. TOTAL    0.62   03/29 TO 03/29              0.92

SNOWFALL (INCHES)
RECORDS
 TOTAL           30.4   2008
TOTALS           15.1              12.6     2.5     10.7
SINCE 7/1        84.8              64.8    20.0     51.4
DAYS >= 1.0         5               3.6     1.4        3
GREATEST
 24 HR TOTAL      5.0   03/29 TO 03/29

DEGREE_DAYS
HEATING TOTAL    1009               826     183      960
 SINCE 7/1       5690              5043     647     5139
COOLING TOTAL       0                 1      -1        0
 SINCE 1/1          0                 1      -1        0
..............................................................

WIND (MPH)
AVERAGE WIND SPEED              11.3
HIGHEST WIND SPEED/DIRECTION    37/020    DATE  03/12
HIGHEST GUST SPEED/DIRECTION    49/020    DATE  03/12

SKY COVER
AVERAGE SKY COVER           0.70

AVERAGE RH (PERCENT)     62

WEATHER CONDITIONS. NUMBER OF DAYS WITH
THUNDERSTORM              0     MIXED PRECIP               0
HEAVY RAIN                1     RAIN                       4
LIGHT RAIN                7     FREEZING RAIN              0
LT FREEZING RAIN          1     HAIL                       0
HEAVY SNOW                3     SNOW                       3
LIGHT SNOW               15     SLEET                      0
FOG                      12     FOG W/VIS <= 1/4 MILE      3
HAZE                     10

-  INDICATES NEGATIVE NUMBERS.
R  INDICATES RECORD WAS SET OR TIED.
MM INDICATES DATA IS MISSING.
T  INDICATES TRACE AMOUNT.

$$





U.S. Dept. of Commerce
NOAA National Weather Service
1325 East West Highway
Silver Spring, MD 20910
E-mail: w-nws.webmaster@noaa.gov
Page last modified: May 16, 2007
NATIONAL WEATHER SERVICE: for Safety, for Work, for Fun - FOR LIFE