022
CXUS53 KDVN 011422
CLMCID


CLIMATE REPORT
NATIONAL WEATHER SERVICE QUAD CITIES IA IL
918 AM CDT MON SEP 1 2014

...................................

...THE CEDAR RAPIDS IA CLIMATE SUMMARY FOR THE MONTH OF AUGUST 2014...

CLIMATE NORMAL PERIOD 1981 TO 2010
CLIMATE RECORD PERIOD 1891 TO 2014

WEATHER         OBSERVED          NORMAL  DEPART
                 VALUE   DATE(S)  VALUE   FROM
                                          NORMAL
................................................
TEMPERATURE (F)
RECORD
 HIGH             108   08/18/1936
                        08/03/1930
 LOW               37   08/30/1915
HIGHEST            91   08/24        83       8
LOWEST             51   08/13        58      -7
AVG. MAXIMUM     81.0              81.5    -0.5
AVG. MINIMUM     62.6              60.5     2.1
MEAN             71.8              71.0     0.8
DAYS MAX >= 90      1
DAYS MAX <= 32      0
DAYS MIN <= 32      0
DAYS MIN <= 0       0

PRECIPITATION (INCHES)
TOTALS           2.38              4.48   -2.10
DAILY AVG.       0.08              0.14   -0.06
DAYS >= .01        14
DAYS >= .10         8
DAYS >= .50         1
DAYS >= 1.00        0
GREATEST
 24 HR. TOTAL    0.51   08/31

DEGREE_DAYS
HEATING TOTAL       0                15     -15
 SINCE 7/1         19                19       0
COOLING TOTAL     220               201      19
 SINCE 1/1        617               668     -51
.................................................

WIND (MPH)
AVERAGE WIND SPEED              6.3
HIGHEST WIND SPEED/DIRECTION    24/330    DATE  08/31
HIGHEST GUST SPEED/DIRECTION    31/330    DATE  08/31

SKY COVER
POSSIBLE SUNSHINE (PERCENT)   MM
AVERAGE SKY COVER           0.30
NUMBER OF DAYS FAIR           18
NUMBER OF DAYS PC             10
NUMBER OF DAYS CLOUDY          3

AVERAGE RH (PERCENT)     81

WEATHER CONDITIONS. NUMBER OF DAYS WITH
THUNDERSTORM              0     HAIL                       0
SLEET                     0     FOG                       28
FOG W/VIS <= 1/4 MILE     7     HAZE                       8

-  INDICATES NEGATIVE NUMBERS.
R  INDICATES RECORD WAS SET OR TIED.
MM INDICATES DATA IS MISSING.
T  INDICATES TRACE AMOUNT.

$$






U.S. Dept. of Commerce
NOAA National Weather Service
1325 East West Highway
Silver Spring, MD 20910
E-mail: w-nws.webmaster@noaa.gov
Page last modified: May 16, 2007
NATIONAL WEATHER SERVICE: for Safety, for Work, for Fun - FOR LIFE