013
CXUS53 KDVN 011210
CLMCID


CLIMATE REPORT
NATIONAL WEATHER SERVICE QUAD CITIES IA IL
710 AM CDT TUE APR 1 2014

...................................

...THE CEDAR RAPIDS IA CLIMATE SUMMARY FOR THE MONTH OF MARCH 2014...

CLIMATE NORMAL PERIOD 1981 TO 2010
CLIMATE RECORD PERIOD 1891 TO 2014

WEATHER         OBSERVED          NORMAL  DEPART
                 VALUE   DATE(S)  VALUE   FROM
                                          NORMAL
................................................
TEMPERATURE (F)
RECORD
 HIGH              88   03/29/1986
 LOW              -20   03/01/1962
HIGHEST            68   03/31        53      15
LOWEST            -15   03/03        21     -36
AVG. MAXIMUM     40.0              46.5    -6.5
AVG. MINIMUM     20.5              26.7    -6.2
MEAN             30.3              36.6    -6.3
DAYS MAX >= 90      0
DAYS MAX <= 32      9
DAYS MIN <= 32     28
DAYS MIN <= 0       2

PRECIPITATION (INCHES)
TOTALS           0.39              2.10   -1.71
DAILY AVG.       0.01              0.07   -0.06
DAYS >= .01         6
DAYS >= .10         2
DAYS >= .50         0
DAYS >= 1.00        0
GREATEST
 24 HR. TOTAL    0.16   03/01 TO 03/01

DEGREE_DAYS
HEATING TOTAL    1070               881     189
 SINCE 7/1       7109              6164     945
COOLING TOTAL       0                 0       0
 SINCE 1/1          0                 0       0
.................................................

WIND (MPH)
AVERAGE WIND SPEED              12.0
HIGHEST WIND SPEED/DIRECTION    35/180    DATE  03/31
HIGHEST GUST SPEED/DIRECTION    47/200    DATE  03/31

SKY COVER
POSSIBLE SUNSHINE (PERCENT)   MM
AVERAGE SKY COVER           0.40
NUMBER OF DAYS FAIR           18
NUMBER OF DAYS PC              8
NUMBER OF DAYS CLOUDY          5

AVERAGE RH (PERCENT)     67

WEATHER CONDITIONS. NUMBER OF DAYS WITH
THUNDERSTORM              3     HAIL                       0
SLEET                     0     FOG                       14
FOG W/VIS <= 1/4 MILE     0     HAZE                      12

-  INDICATES NEGATIVE NUMBERS.
R  INDICATES RECORD WAS SET OR TIED.
MM INDICATES DATA IS MISSING.
T  INDICATES TRACE AMOUNT.

$$






U.S. Dept. of Commerce
NOAA National Weather Service
1325 East West Highway
Silver Spring, MD 20910
E-mail: w-nws.webmaster@noaa.gov
Page last modified: May 16, 2007
NATIONAL WEATHER SERVICE: for Safety, for Work, for Fun - FOR LIFE