787
CXUS53 KDVN 011505
CLMCID


CLIMATE REPORT
NATIONAL WEATHER SERVICE QUAD CITIES IA IL
956 AM CDT SAT NOV 1 2014

...................................

...THE CEDAR RAPIDS IA CLIMATE SUMMARY FOR THE MONTH OF OCTOBER 2014...

CLIMATE NORMAL PERIOD 1981 TO 2010
CLIMATE RECORD PERIOD 1891 TO 2014

WEATHER         OBSERVED          NORMAL  DEPART
                 VALUE   DATE(S)  VALUE   FROM
                                          NORMAL
................................................
TEMPERATURE (F)
RECORD
 HIGH              94   10/03/1997
 LOW               -2   10/30/1925
HIGHEST            78   10/27        68      10
LOWEST             24   10/31        35     -11
AVG. MAXIMUM     60.7              61.8    -1.1
AVG. MINIMUM     39.5              39.5     0.0
MEAN             50.1              50.6    -0.5
DAYS MAX >= 90      0
DAYS MAX <= 32      0
DAYS MIN <= 32      5
DAYS MIN <= 0       0

PRECIPITATION (INCHES)
TOTALS           2.57              2.62   -0.05
DAILY AVG.       0.08              0.08    0.00
DAYS >= .01         6
DAYS >= .10         3
DAYS >= .50         1
DAYS >= 1.00        1
GREATEST
 24 HR. TOTAL    1.82   10/13 TO 10/14

DEGREE_DAYS
HEATING TOTAL     453               453       0
 SINCE 7/1        613               610       3
COOLING TOTAL       0                 8      -8
 SINCE 1/1        670               748     -78
.................................................

WIND (MPH)
AVERAGE WIND SPEED              10.1
HIGHEST WIND SPEED/DIRECTION    33/290    DATE  10/03
HIGHEST GUST SPEED/DIRECTION    44/310    DATE  10/03

SKY COVER
POSSIBLE SUNSHINE (PERCENT)   MM
AVERAGE SKY COVER           0.40
NUMBER OF DAYS FAIR           15
NUMBER OF DAYS PC              9
NUMBER OF DAYS CLOUDY          7

AVERAGE RH (PERCENT)     73

WEATHER CONDITIONS. NUMBER OF DAYS WITH
THUNDERSTORM              0     HAIL                       0
SLEET                     0     FOG                       12
FOG W/VIS <= 1/4 MILE     5     HAZE                       2

-  INDICATES NEGATIVE NUMBERS.
R  INDICATES RECORD WAS SET OR TIED.
MM INDICATES DATA IS MISSING.
T  INDICATES TRACE AMOUNT.

$$





U.S. Dept. of Commerce
NOAA National Weather Service
1325 East West Highway
Silver Spring, MD 20910
E-mail: w-nws.webmaster@noaa.gov
Page last modified: May 16, 2007
NATIONAL WEATHER SERVICE: for Safety, for Work, for Fun - FOR LIFE