107
CXUS53 KDVN 012100
CLMCID


CLIMATE REPORT
NATIONAL WEATHER SERVICE QUAD CITIES IA IL
400 PM CDT TUE JUL 1 2014

...................................

...THE CEDAR RAPIDS IA CLIMATE SUMMARY FOR THE MONTH OF JUNE 2014...

CLIMATE NORMAL PERIOD 1981 TO 2010
CLIMATE RECORD PERIOD 1891 TO 2014

WEATHER         OBSERVED          NORMAL  DEPART
                 VALUE   DATE(S)  VALUE   FROM
                                          NORMAL
................................................
TEMPERATURE (F)
RECORD
 HIGH             103   06/27/1934
                        06/28/1931
                        06/26/1931
 LOW               36   06/04/1945
HIGHEST            88   06/01        84       4
LOWEST             45   06/13        55     -10
AVG. MAXIMUM     79.9              80.3    -0.4
AVG. MINIMUM     61.3              58.8     2.5
MEAN             70.6              69.6     1.0
DAYS MAX >= 90      0
DAYS MAX <= 32      0
DAYS MIN <= 32      0
DAYS MIN <= 0       0

PRECIPITATION (INCHES)
TOTALS          13.29              4.92    8.37
DAILY AVG.       0.44              0.16    0.28
DAYS >= .01        16
DAYS >= .10        14
DAYS >= .50         9
DAYS >= 1.00        5
GREATEST
 24 HR. TOTAL    3.08   06/29 TO 06/30

DEGREE_DAYS
HEATING TOTAL       5                29     -24
 SINCE 7/1       7820              6866     954
COOLING TOTAL     183               166      17
 SINCE 1/1        263               215      48
.................................................

WIND (MPH)
AVERAGE WIND SPEED              9.0
HIGHEST WIND SPEED/DIRECTION    49/260    DATE  06/30
HIGHEST GUST SPEED/DIRECTION    71/260    DATE  06/30

SKY COVER
POSSIBLE SUNSHINE (PERCENT)   MM
AVERAGE SKY COVER           0.40
NUMBER OF DAYS FAIR           15
NUMBER OF DAYS PC             13
NUMBER OF DAYS CLOUDY          2

AVERAGE RH (PERCENT)     74

WEATHER CONDITIONS. NUMBER OF DAYS WITH
THUNDERSTORM             14     HAIL                       0
SLEET                     0     FOG                       17
FOG W/VIS <= 1/4 MILE     3     HAZE                       5

-  INDICATES NEGATIVE NUMBERS.
R  INDICATES RECORD WAS SET OR TIED.
MM INDICATES DATA IS MISSING.
T  INDICATES TRACE AMOUNT.

$$





U.S. Dept. of Commerce
NOAA National Weather Service
1325 East West Highway
Silver Spring, MD 20910
E-mail: w-nws.webmaster@noaa.gov
Page last modified: May 16, 2007
NATIONAL WEATHER SERVICE: for Safety, for Work, for Fun - FOR LIFE