388
CXUS53 KDVN 011040
CLMCID


CLIMATE REPORT
NATIONAL WEATHER SERVICE QUAD CITIES IA IL
540 AM CDT FRI AUG 1 2014

...................................

...THE CEDAR RAPIDS IA CLIMATE SUMMARY FOR THE MONTH OF JULY 2014...

CLIMATE NORMAL PERIOD 1981 TO 2010
CLIMATE RECORD PERIOD 1891 TO 2014

WEATHER         OBSERVED          NORMAL  DEPART
                 VALUE   DATE(S)  VALUE   FROM
                                          NORMAL
................................................
TEMPERATURE (F)
RECORD
 HIGH             110   07/05/1911
 LOW               42   07/02/1924
HIGHEST            89   07/22        86       3
LOWEST             49   07/16        62     -13
AVG. MAXIMUM     78.4              83.5    -5.1
AVG. MINIMUM     58.5              62.5    -4.0
MEAN             68.4              73.0    -4.6
DAYS MAX >= 90      0
DAYS MAX <= 32      0
DAYS MIN <= 32      0
DAYS MIN <= 0       0

PRECIPITATION (INCHES)
TOTALS           3.57              4.46   -0.89
DAILY AVG.       0.12              0.14   -0.02
DAYS >= .01         6
DAYS >= .10         3
DAYS >= .50         3
DAYS >= 1.00        1
GREATEST
 24 HR. TOTAL    2.29   07/12 TO 07/12

DEGREE_DAYS
HEATING TOTAL      19                 4      15
 SINCE 7/1         19                 4      15
COOLING TOTAL     134               252    -118
 SINCE 1/1        397               467     -70
.................................................

WIND (MPH)
AVERAGE WIND SPEED              8.2
HIGHEST WIND SPEED/DIRECTION    38/300    DATE  07/12
HIGHEST GUST SPEED/DIRECTION    48/270    DATE  07/12

SKY COVER
POSSIBLE SUNSHINE (PERCENT)   MM
AVERAGE SKY COVER           0.30
NUMBER OF DAYS FAIR           23
NUMBER OF DAYS PC              7
NUMBER OF DAYS CLOUDY          1

AVERAGE RH (PERCENT)     73

WEATHER CONDITIONS. NUMBER OF DAYS WITH
THUNDERSTORM              4     HAIL                       0
SLEET                     0     FOG                       15
FOG W/VIS <= 1/4 MILE     2     HAZE                      13

-  INDICATES NEGATIVE NUMBERS.
R  INDICATES RECORD WAS SET OR TIED.
MM INDICATES DATA IS MISSING.
T  INDICATES TRACE AMOUNT.

$$





U.S. Dept. of Commerce
NOAA National Weather Service
1325 East West Highway
Silver Spring, MD 20910
E-mail: w-nws.webmaster@noaa.gov
Page last modified: May 16, 2007
NATIONAL WEATHER SERVICE: for Safety, for Work, for Fun - FOR LIFE