568
CXUS52 KCHS 021136
CLMCHS

CLIMATE REPORT
NATIONAL WEATHER SERVICE CHARLESTON SC
734 AM EDT WED JUL 2 2014

...................................

...THE NORTH CHARLESTON SC CLIMATE SUMMARY FOR THE MONTH OF JUNE 2014...

CLIMATE NORMAL PERIOD 1981 TO 2010
CLIMATE RECORD PERIOD 1938 TO 2014

WEATHER         OBSERVED          NORMAL  DEPART  LAST YEAR`S
                 VALUE   DATE(S)  VALUE   FROM    VALUE  DATE(S)
                                          NORMAL
................................................................
TEMPERATURE (F)
RECORD
 HIGH             103   06/24/1944
 LOW               49   06/16/1933
HIGHEST            98   06/21                         96  06/13
LOWEST             61   06/02                         65  06/16
AVG. MAXIMUM     91.6              88.4     3.2     88.1
AVG. MINIMUM     72.4              69.6     2.8     72.2
MEAN             82.0              79.0     3.0     80.2
DAYS MAX >= 90     23              12.0    11.0        8
DAYS MAX <= 32      0               0.0     0.0        0
DAYS MIN <= 32      0               0.0     0.0        0
DAYS MIN <= 0       0               0.0     0.0        0

PRECIPITATION (INCHES)
RECORD
 MAXIMUM        27.24   1973
 MINIMUM         0.96   1970
                        1954
TOTALS           3.59              5.65   -2.06    13.32
DAYS >= .01         9              11.9    -2.9       18
DAYS >= .10         8               7.9     0.1       12
DAYS >= .50         2               3.9    -1.9        9
DAYS >= 1.00        1               1.7    -0.7        5
GREATEST
 24 HR. TOTAL    1.25   06/23 TO 06/23

DEGREE_DAYS
HEATING TOTAL       0                 1      -1        0
 SINCE 7/1       1875              1976    -101     1846
COOLING TOTAL     518               421      97      464
 SINCE 1/1       1028               783     245      811
.................................................................

WIND (MPH)
AVERAGE WIND SPEED              7.1
HIGHEST WIND SPEED/DIRECTION    22/100
HIGHEST GUST SPEED/DIRECTION    29/090


WEATHER CONDITIONS. NUMBER OF DAYS WITH
THUNDERSTORM              9     MIXED PRECIP               0
HEAVY RAIN                6     RAIN                       4
LIGHT RAIN               12     FREEZING RAIN              0
LT FREEZING RAIN          0     HAIL                       0
HEAVY SNOW                0     SNOW                       0
LIGHT SNOW                0     SLEET                      0
FOG                      14     FOG W/VIS <= 1/4 MILE      1
HAZE                      4

-  INDICATES NEGATIVE NUMBERS.
R  INDICATES RECORD WAS SET OR TIED.
MM INDICATES DATA IS MISSING.
T  INDICATES TRACE AMOUNT.

$$







U.S. Dept. of Commerce
NOAA National Weather Service
1325 East West Highway
Silver Spring, MD 20910
E-mail: w-nws.webmaster@noaa.gov
Page last modified: May 16, 2007
NATIONAL WEATHER SERVICE: for Safety, for Work, for Fun - FOR LIFE