576
CXUS54 KMRX 011600
CLMCHA

CLIMATE REPORT
NATIONAL WEATHER SERVICE MORRISTOWN TN
1159 AM EDT TUE APR 1 2014

...................................

...THE CHATTANOOGA CLIMATE SUMMARY FOR THE MONTH OF MARCH 2014...

CLIMATE NORMAL PERIOD 1981 TO 2010
CLIMATE RECORD PERIOD 1879 TO 2014

WEATHER         OBSERVED          NORMAL  DEPART
                 VALUE   DATE(S)  VALUE   FROM
                                          NORMAL
................................................
TEMPERATURE (F)
HIGHEST            78   03/11
LOWEST             26   03/26
AVG. MAXIMUM     62.8              63.7    -0.9
AVG. MINIMUM     38.6              40.7    -2.1
MEAN             50.7              52.2    -1.5
DAYS MAX >= 90      0
DAYS MAX <= 32      0
DAYS MIN <= 32      6
DAYS MIN <= 0       0

PRECIPITATION (INCHES)
RECORD
 MAXIMUM        16.32   1980
 MINIMUM         0.93   1910
TOTALS           2.38              4.98   -2.60
DAYS >= .01         7
DAYS >= .10         5
DAYS >= .50         1
DAYS >= 1.00        1
GREATEST
 24 HR. TOTAL    1.24   03/16 TO 03/16

SNOWFALL (INCHES)
TOTALS              T               1.2    -1.2
SINCE 7/1         8.4
SNOWDEPTH AVG.      0
DAYS >= TRACE       1
GREATEST
 SNOW DEPTH         0   MM

DEGREE_DAYS
HEATING TOTAL     435               404      31
 SINCE 7/1       3229              3026     203
COOLING TOTAL       0                 7      -7
 SINCE 1/1          0                 7      -7
.................................................



-  INDICATES NEGATIVE NUMBERS.
R  INDICATES RECORD WAS SET OR TIED.
MM INDICATES DATA IS MISSING.
T  INDICATES TRACE AMOUNT.

$$




U.S. Dept. of Commerce
NOAA National Weather Service
1325 East West Highway
Silver Spring, MD 20910
E-mail: w-nws.webmaster@noaa.gov
Page last modified: May 16, 2007
NATIONAL WEATHER SERVICE: for Safety, for Work, for Fun - FOR LIFE