520
CXUS54 KMRX 011738
CLMCHA

CLIMATE REPORT
NATIONAL WEATHER SERVICE MORRISTOWN TN
138 PM EDT TUE JUL 1 2014

...................................

...THE CHATTANOOGA CLIMATE SUMMARY FOR THE MONTH OF JUNE 2014...

CLIMATE NORMAL PERIOD 1981 TO 2010
CLIMATE RECORD PERIOD 1879 TO 2014

WEATHER         OBSERVED          NORMAL  DEPART
                 VALUE   DATE(S)  VALUE   FROM
                                          NORMAL
................................................
TEMPERATURE (F)
HIGHEST            94   06/17
LOWEST             64   06/14
AVG. MAXIMUM     87.6              87.1     0.5
AVG. MINIMUM     68.6              65.8     2.8
MEAN             78.1              76.5     1.6
DAYS MAX >= 90     12
DAYS MAX <= 32      0
DAYS MIN <= 32      0
DAYS MIN <= 0       0

PRECIPITATION (INCHES)
RECORD
 MAXIMUM         9.40   1949
 MINIMUM         0.29   1931
TOTALS           4.99              4.05    0.94
DAYS >= .01        18
DAYS >= .10        14
DAYS >= .50         3
DAYS >= 1.00        1
GREATEST
 24 HR. TOTAL    1.32   06/10 TO 06/10

SNOWFALL (INCHES)
TOTALS            0.0               0.0     0.0
SINCE 7/1         8.4
SNOWDEPTH AVG.      0
DAYS >= TRACE       0
GREATEST
 SNOW DEPTH         0   MM

DEGREE_DAYS
HEATING TOTAL       0                 2      -2
 SINCE 7/1       3396              3240     156
COOLING TOTAL     401               345      56
 SINCE 1/1        659               541     118
.................................................



-  INDICATES NEGATIVE NUMBERS.
R  INDICATES RECORD WAS SET OR TIED.
MM INDICATES DATA IS MISSING.
T  INDICATES TRACE AMOUNT.

$$




U.S. Dept. of Commerce
NOAA National Weather Service
1325 East West Highway
Silver Spring, MD 20910
E-mail: w-nws.webmaster@noaa.gov
Page last modified: May 16, 2007
NATIONAL WEATHER SERVICE: for Safety, for Work, for Fun - FOR LIFE