111
CXUS54 KMRX 012304
CLMCHA

CLIMATE REPORT
NATIONAL WEATHER SERVICE MORRISTOWN TN
604 PM EST MON DEC 1 2014

...................................

...THE CHATTANOOGA CLIMATE SUMMARY FOR THE MONTH OF NOVEMBER 2014...

CLIMATE NORMAL PERIOD 1981 TO 2010
CLIMATE RECORD PERIOD 1879 TO 2014

WEATHER         OBSERVED          NORMAL  DEPART
                 VALUE   DATE(S)  VALUE   FROM
                                          NORMAL
................................................
TEMPERATURE (F)
HIGHEST            73   11/11
LOWEST             19   11/19
AVG. MAXIMUM     57.1              62.3    -5.2
AVG. MINIMUM     35.2              40.2    -5.0
MEAN             46.1              51.2    -5.1
DAYS MAX >= 90      0
DAYS MAX <= 32      0
DAYS MIN <= 32     13
DAYS MIN <= 0       0

PRECIPITATION (INCHES)
RECORD
 MAXIMUM        13.59   1948
 MINIMUM         0.16   1890
TOTALS           3.45              5.00   -1.55
DAYS >= .01         6
DAYS >= .10         4
DAYS >= .50         3
DAYS >= 1.00        2
GREATEST
 24 HR. TOTAL    1.76   11/16 TO 11/17

SNOWFALL (INCHES)
TOTALS              T                 T     0.0
SINCE 7/1           T
SNOWDEPTH AVG.      0
DAYS >= TRACE       2
GREATEST
 SNOW DEPTH         0   MM

DEGREE_DAYS
HEATING TOTAL     556               417     139
 SINCE 7/1        676               589      87
COOLING TOTAL       0                 4      -4
 SINCE 1/1       1910              1741     169
.................................................



-  INDICATES NEGATIVE NUMBERS.
R  INDICATES RECORD WAS SET OR TIED.
MM INDICATES DATA IS MISSING.
T  INDICATES TRACE AMOUNT.

$$




U.S. Dept. of Commerce
NOAA National Weather Service
1325 East West Highway
Silver Spring, MD 20910
E-mail: w-nws.webmaster@noaa.gov
Page last modified: May 16, 2007
NATIONAL WEATHER SERVICE: for Safety, for Work, for Fun - FOR LIFE