674
CXUS54 KLUB 012108
CLMCDS


CLIMATE REPORT
NATIONAL WEATHER SERVICE LUBBOCK, TX
307 PM CST MON DEC 1 2014

...................................

...THE CHILDRESS CLIMATE SUMMARY FOR THE MONTH OF NOVEMBER 2014...

CLIMATE NORMAL PERIOD 1981 TO 2010
CLIMATE RECORD PERIOD 1893 TO 2014

WEATHER         OBSERVED          NORMAL  DEPART  LAST YEAR`S
                 VALUE   DATE(S)  VALUE   FROM    VALUE  DATE(S)
                                          NORMAL
................................................................
TEMPERATURE (F)
RECORD
 HIGH              93   11/03/2005
                        11/05/1945
 LOW                6   11/21/1906
HIGHEST            87   11/10                         83  11/16
LOWEST             13   11/17                         23  11/13
AVG. MAXIMUM     61.6              64.8    -3.2     61.7
AVG. MINIMUM     35.1              38.5    -3.4     37.0
MEAN             48.3              51.6    -3.3     49.3

PRECIPITATION (INCHES)
RECORD
 MAXIMUM           MM   MM
 MINIMUM           MM   MM
TOTALS           0.79              1.25   -0.46     0.62
DAILY AVG.       0.03              0.04   -0.01
DAYS >= .01         3                                  3
DAYS >= .10         2                                  3
DAYS >= .50         1                                  0
DAYS >= 1.00        0                                  0
GREATEST
 24 HR. TOTAL    0.64   11/03 TO 11/04

SNOWFALL (INCHES)
RECORDS
 TOTAL             MM   MM
 24 HR TOTAL       MM
TOTALS            2.0               0.7     1.3
SINCE 7/1         2.0               0.9     1.1
DAYS >= TRACE       1
DAYS >= 1.0         1
GREATEST
 SNOW DEPTH         1   11/16
 24 HR TOTAL      2.0   11/16 TO 11/16

DEGREE_DAYS
HEATING TOTAL     492               408      84      472
 SINCE 7/1        555               560      -5
COOLING TOTAL       1                 7      -6        9
 SINCE 1/1       2317              2207     110
.................................................................

WIND (MPH)
AVERAGE WIND SPEED              10.9
HIGHEST WIND SPEED/DIRECTION    43/010    DATE  11/10
HIGHEST GUST SPEED/DIRECTION    56/010    DATE  11/10

SKY COVER
POSSIBLE SUNSHINE (PERCENT)   MM
AVERAGE SKY COVER           0.20
NUMBER OF DAYS FAIR           23
NUMBER OF DAYS PC              2
NUMBER OF DAYS CLOUDY          5

AVERAGE RH (PERCENT)     53

WEATHER CONDITIONS. NUMBER OF DAYS WITH
THUNDERSTORM              0     MIXED PRECIP               0
HEAVY RAIN                1     RAIN                       2
LIGHT RAIN                3     FREEZING RAIN              0
LT FREEZING RAIN          1     HAIL                       0
HEAVY SNOW                1     SNOW                       1
LIGHT SNOW                1     SLEET                      0
FOG                       6     FOG W/VIS <= 1/4 MILE      3
HAZE                      2

-  INDICATES NEGATIVE NUMBERS.
R  INDICATES RECORD WAS SET OR TIED.
MM INDICATES DATA IS MISSING.
T  INDICATES TRACE AMOUNT.

$$




U.S. Dept. of Commerce
NOAA National Weather Service
1325 East West Highway
Silver Spring, MD 20910
E-mail: w-nws.webmaster@noaa.gov
Page last modified: May 16, 2007
NATIONAL WEATHER SERVICE: for Safety, for Work, for Fun - FOR LIFE