670
CXUS54 KLUB 231500
CLMCDS


CLIMATE REPORT
NATIONAL WEATHER SERVICE LUBBOCK, TX
900 AM CST FRI JAN 23 2015

...................................

...THE CHILDRESS CLIMATE SUMMARY FOR THE MONTH OF DECEMBER 2014...

CLIMATE NORMAL PERIOD 1981 TO 2010
CLIMATE RECORD PERIOD 1893 TO 2015

WEATHER         OBSERVED          NORMAL  DEPART  LAST YEAR`S
                 VALUE   DATE(S)  VALUE   FROM    VALUE  DATE(S)
                                          NORMAL
................................................................
TEMPERATURE (F)
RECORD
 HIGH              88   12/04/1954
 LOW               -5   12/23/1989
HIGHEST            69   12/13                         80  12/03
                        12/09
LOWEST             12   12/31                          6  12/07
AVG. MAXIMUM     53.9              54.6    -0.7     52.0
AVG. MINIMUM     35.0              29.4     5.6     27.0
MEAN             44.4              42.0     2.4     39.5

PRECIPITATION (INCHES)
RECORD
 MAXIMUM           MM   MM
 MINIMUM           MM   MM
TOTALS           0.20              0.91   -0.71     1.09
DAILY AVG.       0.01              0.03   -0.02
DAYS >= .01         3                                  5
DAYS >= .10         1                                  3
DAYS >= .50         0                                  1
DAYS >= 1.00        0                                  0
GREATEST
 24 HR. TOTAL    0.14   12/17 TO 12/17

SNOWFALL (INCHES)
RECORDS
 TOTAL             MM   MM
 24 HR TOTAL       MM
TOTALS              T               1.7    -1.7
SINCE 7/1         2.0               2.6    -0.6
DAYS >= TRACE       3
DAYS >= 1.0         0
GREATEST
 SNOW DEPTH         0   MM
 24 HR TOTAL        T   12/31 TO 12/31

DEGREE_DAYS
HEATING TOTAL     630               713     -83      782
 SINCE 7/1       1185              1273     -88
COOLING TOTAL       0                 0       0        0
 SINCE 1/1       2317              2207     110
.................................................................

WIND (MPH)
AVERAGE WIND SPEED              9.4
HIGHEST WIND SPEED/DIRECTION    33/240    DATE  12/14
HIGHEST GUST SPEED/DIRECTION    45/240    DATE  12/14

SKY COVER
POSSIBLE SUNSHINE (PERCENT)   MM
AVERAGE SKY COVER           0.50
NUMBER OF DAYS FAIR           11
NUMBER OF DAYS PC             11
NUMBER OF DAYS CLOUDY          9

AVERAGE RH (PERCENT)     66

WEATHER CONDITIONS. NUMBER OF DAYS WITH
THUNDERSTORM              0     MIXED PRECIP               0
HEAVY RAIN                0     RAIN                       0
LIGHT RAIN                7     FREEZING RAIN              0
LT FREEZING RAIN          1     HAIL                       0
HEAVY SNOW                0     SNOW                       0
LIGHT SNOW                3     SLEET                      0
FOG                      19     FOG W/VIS <= 1/4 MILE     12
HAZE                      5

-  INDICATES NEGATIVE NUMBERS.
R  INDICATES RECORD WAS SET OR TIED.
MM INDICATES DATA IS MISSING.
T  INDICATES TRACE AMOUNT.

$$




U.S. Dept. of Commerce
NOAA National Weather Service
1325 East West Highway
Silver Spring, MD 20910
E-mail: w-nws.webmaster@noaa.gov
Page last modified: May 16, 2007
NATIONAL WEATHER SERVICE: for Safety, for Work, for Fun - FOR LIFE