050
CXUS54 KLUB 022258
CLMCDS


CLIMATE REPORT
NATIONAL WEATHER SERVICE LUBBOCK, TX
548 PM CDT WED JUL 2 2014

...................................

...THE CHILDRESS CLIMATE SUMMARY FOR THE MONTH OF JUNE 2014...

CLIMATE NORMAL PERIOD 1981 TO 2010
CLIMATE RECORD PERIOD 1893 TO 2014

WEATHER         OBSERVED          NORMAL  DEPART  LAST YEAR`S
                 VALUE   DATE(S)  VALUE   FROM    VALUE  DATE(S)
                                          NORMAL
................................................................
TEMPERATURE (F)
RECORD
 HIGH             117   06/26/2011
                        06/27/1994                                                      LOW               44   06/15/1893
HIGHEST           103   06/04                        105  06/27
LOWEST             58   06/10                         60  06/02
AVG. MAXIMUM     90.7              91.6    -0.9     93.6
AVG. MINIMUM     68.4              66.4     2.0     69.5
MEAN             79.6              79.0     0.6     81.5

PRECIPITATION (INCHES)
RECORD
 MAXIMUM        12.05    1941
 MINIMUM         0.11    1953
TOTALS           4.72              3.95    0.77     3.33
DAILY AVG.       0.16              0.13    0.03
DAYS >= .01         8                                  7
DAYS >= .10         5                                  5
DAYS >= .50         3                                  4
DAYS >= 1.00        2                                  0
GREATEST
 24 HR. TOTAL    3.00   06/07 TO 06/08

DEGREE_DAYS
HEATING TOTAL       0                 2      -2        0
 SINCE 7/1       3456              3117     339
COOLING TOTAL     445               421      24      502
 SINCE 1/1        809               733      76
.................................................................

WIND (MPH)
AVERAGE WIND SPEED              13.5
HIGHEST WIND SPEED/DIRECTION    43/010    DATE  06/23
HIGHEST GUST SPEED/DIRECTION    53/340    DATE  06/23

SKY COVER
POSSIBLE SUNSHINE (PERCENT)   MM
AVERAGE SKY COVER           0.20
NUMBER OF DAYS FAIR           23
NUMBER OF DAYS PC              7
NUMBER OF DAYS CLOUDY          0

AVERAGE RH (PERCENT)     63

WEATHER CONDITIONS. NUMBER OF DAYS WITH
THUNDERSTORM              0     MIXED PRECIP               0
HEAVY RAIN                4     RAIN                       5
LIGHT RAIN               10     FREEZING RAIN              0
LT FREEZING RAIN          0     HAIL                       0
HEAVY SNOW                0     SNOW                       0
LIGHT SNOW                0     SLEET                      0
FOG                       5     FOG W/VIS <= 1/4 MILE      0
HAZE                      8

-  INDICATES NEGATIVE NUMBERS.
R  INDICATES RECORD WAS SET OR TIED.
MM INDICATES DATA IS MISSING.
T  INDICATES TRACE AMOUNT.

$$





U.S. Dept. of Commerce
NOAA National Weather Service
1325 East West Highway
Silver Spring, MD 20910
E-mail: w-nws.webmaster@noaa.gov
Page last modified: May 16, 2007
NATIONAL WEATHER SERVICE: for Safety, for Work, for Fun - FOR LIFE