224
CXUS54 KLUB 011548
CLMCDS


CLIMATE REPORT
NATIONAL WEATHER SERVICE LUBBOCK, TX
1047 AM CDT WED OCT 1 2014

...................................

...THE CHILDRESS CLIMATE SUMMARY FOR THE MONTH OF SEPTEMBER 2014...

CLIMATE NORMAL PERIOD 1981 TO 2010
CLIMATE RECORD PERIOD 1893 TO 2014

WEATHER         OBSERVED          NORMAL  DEPART  LAST YEAR`S
                 VALUE   DATE(S)  VALUE   FROM    VALUE  DATE(S)
                                          NORMAL
................................................................
TEMPERATURE (F)
RECORD
 HIGH             108   09/01/1951
 LOW               34   09/30/1984
HIGHEST           100   09/01                         99  09/07
LOWEST             52   09/13                         49  09/29
AVG. MAXIMUM     85.1              87.0    -1.9     90.2
AVG. MINIMUM     64.9              61.4     3.5     64.4
MEAN             75.0              74.2     0.8     77.3

PRECIPITATION (INCHES)
RECORD
 MAXIMUM           MM   MM
 MINIMUM           MM   MM
TOTALS           1.63              2.42   -0.79     0.69
DAILY AVG.       0.05              0.08   -0.03
DAYS >= .01         8                                  6
DAYS >= .10         4                                  3
DAYS >= .50         1                                  0
DAYS >= 1.00        0                                  0
GREATEST
 24 HR. TOTAL    1.17   09/05 TO 09/06

DEGREE_DAYS
HEATING TOTAL      10                17      -7        0
 SINCE 7/1         10                17      -7
COOLING TOTAL     319               293      26      375
 SINCE 1/1       2178              2124      54
.................................................................

WIND (MPH)
AVERAGE WIND SPEED              8.7
HIGHEST WIND SPEED/DIRECTION    28/190    DATE  09/04
HIGHEST GUST SPEED/DIRECTION    37/180    DATE  09/04

SKY COVER
POSSIBLE SUNSHINE (PERCENT)   MM
AVERAGE SKY COVER           0.30
NUMBER OF DAYS FAIR           19
NUMBER OF DAYS PC              7
NUMBER OF DAYS CLOUDY          3

AVERAGE RH (PERCENT)     65

WEATHER CONDITIONS. NUMBER OF DAYS WITH
THUNDERSTORM              0     MIXED PRECIP               0
HEAVY RAIN                3     RAIN                       4
LIGHT RAIN               10     FREEZING RAIN              0
LT FREEZING RAIN          0     HAIL                       0
HEAVY SNOW                0     SNOW                       0
LIGHT SNOW                0     SLEET                      0
FOG                       7     FOG W/VIS <= 1/4 MILE      2
HAZE                      1

-  INDICATES NEGATIVE NUMBERS.
R  INDICATES RECORD WAS SET OR TIED.
MM INDICATES DATA IS MISSING.
T  INDICATES TRACE AMOUNT.

$$





U.S. Dept. of Commerce
NOAA National Weather Service
1325 East West Highway
Silver Spring, MD 20910
E-mail: w-nws.webmaster@noaa.gov
Page last modified: May 16, 2007
NATIONAL WEATHER SERVICE: for Safety, for Work, for Fun - FOR LIFE