658
CXUS55 KCYS 081700
CLMCDR


CLIMATE REPORT
NATIONAL WEATHER SERVICE CHEYENNE WY
1100 AM MDT TUE APR 8 2014

...................................

...THE CHADRON NE AIRPORT CLIMATE SUMMARY FOR THE MONTH OF MARCH 2014...

CLIMATE NORMAL PERIOD 1981 TO 2010
CLIMATE RECORD PERIOD 1895 TO 2014

WEATHER         OBSERVED          NORMAL  DEPART  LAST YEAR`S
                 VALUE   DATE(S)  VALUE   FROM    VALUE
                                          NORMAL
.............................................................
TEMPERATURE (F)
RECORD
 HIGH              85   03/31/1946
 LOW              -26   03/05/1989
HIGHEST            75   03/26        MM      MM       75
LOWEST             -8   03/02        MM      MM        2
AVG. MAXIMUM     49.8              50.8    -1.0     52.1
AVG. MINIMUM     21.5              20.8     0.7     21.0
MEAN             35.6              35.8    -0.2     36.6
DAYS MAX >= 90      0               0.0                0
DAYS MAX <= 32      4               3.6                2
DAYS MIN <= 32     28              27.4               28
DAYS MIN <= 0       2               1.4                0

PRECIPITATION (INCHES)
RECORD
 MAXIMUM         3.22   2000
 MINIMUM         0.00   2006
                        2002
                        2001
TOTALS           0.56              1.23   -0.67     0.69
DAYS >= .01         8               5.9     2.1        7
DAYS >= .10         3               3.3    -0.3        2
DAYS >= .50         0               0.7    -0.7        0
DAYS >= 1.00        0               0.2    -0.2        0
GREATEST
 24 HR. TOTAL    0.23   02/28 TO 03/01

DEGREE_DAYS
HEATING TOTAL     898               905      -7      873
 SINCE 7/1       6372              6157     215     5769
COOLING TOTAL       0                 0       0        0
 SINCE 1/1          0                 0       0        0
..............................................................

WIND (MPH)
AVERAGE WIND SPEED              9.2
HIGHEST WIND SPEED/DIRECTION    36/020    DATE  03/18
HIGHEST GUST SPEED/DIRECTION    45/020    DATE  03/18

SKY COVER
POSSIBLE SUNSHINE (PERCENT)   MM
AVERAGE SKY COVER           0.40
NUMBER OF DAYS FAIR           19
NUMBER OF DAYS PC              6
NUMBER OF DAYS CLOUDY          6

AVERAGE RH (PERCENT)     66

WEATHER CONDITIONS. NUMBER OF DAYS WITH
THUNDERSTORM              0     MIXED PRECIP               0
HEAVY RAIN                0     RAIN                       0
LIGHT RAIN                5     FREEZING RAIN              0
LT FREEZING RAIN          0     HAIL                       0
HEAVY SNOW                1     SNOW                       4
LIGHT SNOW               11     SLEET                      0
FOG                      12     FOG W/VIS <= 1/4 MILE      3
HAZE                      6

-  INDICATES NEGATIVE NUMBERS.
R  INDICATES RECORD WAS SET OR TIED.
MM INDICATES DATA IS MISSING.
T  INDICATES TRACE AMOUNT.

$$




U.S. Dept. of Commerce
NOAA National Weather Service
1325 East West Highway
Silver Spring, MD 20910
E-mail: w-nws.webmaster@noaa.gov
Page last modified: May 16, 2007
NATIONAL WEATHER SERVICE: for Safety, for Work, for Fun - FOR LIFE