033
CXUS51 KCAR 020217
CLMCAR


CLIMATE REPORT
NATIONAL WEATHER SERVICE CARIBOU, ME
1017 PM EDT MON SEP 1 2014

...................................

...THE CARIBOU ME CLIMATE SUMMARY FOR THE MONTH OF AUGUST 2014...

CLIMATE NORMAL PERIOD 1981 TO 2010
CLIMATE RECORD PERIOD 1939 TO 2014

WEATHER         OBSERVED          NORMAL  DEPART  LAST YEAR`S
                 VALUE   DATE(S)  VALUE   FROM    VALUE  DATE(S)
                                          NORMAL
................................................................
TEMPERATURE (F)
RECORD
 HIGH              95   08/02/1975
                        08/16/1944
                        08/14/1944
 LOW               34   08/25/2003
                        08/31/2002
                        08/30/1982
HIGHEST            88   08/25        MM      MM       85  08/21
                        08/24
LOWEST             44   08/29        MM      MM       43  08/30
                                                          08/24
AVG. MAXIMUM     77.0              74.3     2.7     73.4
AVG. MINIMUM     54.8              52.9     1.9     52.5
MEAN             65.9              63.6     2.3     62.9
DAYS MAX >= 90      0               0.2    -0.2        0
DAYS MAX <= 32      0               0.0     0.0        0
DAYS MIN <= 32      0               0.0     0.0        0
DAYS MIN <= 0       0               0.0     0.0        0

PRECIPITATION (INCHES)
RECORD
 MAXIMUM        12.09   1981
 MINIMUM         0.93   1957
TOTALS           1.79                     -1.97
DAILY AVG.       0.06              0.12   -0.06     0.18
DAYS >= .01         9              13.0    -4.0       17
DAYS >= .10         5               7.6    -2.6       12
DAYS >= .50         2               2.3    -0.3        6
DAYS >= 1.00        0               0.7    -0.7        0
GREATEST
 24 HR. TOTAL    0.70   08/16 TO 08/17           08/04 TO 08/04
                                                          08/31 TO 08/31
                                                          08/31 TO 08/31

SNOWFALL (INCHES)
RECORDS
 TOTAL            0.0   MM
TOTALS            0.0               0.0     0.0      0.0
SINCE 7/1         0.0               0.0     0.0      0.0
SNOWDEPTH AVG.      0                MM      MM        0
DAYS >= 1.0         0               0.0     0.0        0
GREATEST
 SNOW DEPTH         0   MM                             0  MM
 24 HR TOTAL      0.0   08/31 TO 08/31           08/31 TO 08/31
                                                          08/31 TO 08/31
                                                          08/31 TO 08/31

DEGREE_DAYS
HEATING TOTAL      34                96     -62       86
 SINCE 7/1         58               154     -96      114
COOLING TOTAL      72                53      19       29
 SINCE 1/1        241               169      72      179
..................................................

WIND (MPH)
AVERAGE WIND SPEED              5.2
HIGHEST WIND SPEED/DIRECTION    22/160    DATE  08/14
HIGHEST GUST SPEED/DIRECTION    32/140    DATE  08/14

SKY COVER
POSSIBLE SUNSHINE (PERCENT)   MM
AVERAGE SKY COVER           0.40
NUMBER OF DAYS FAIR           16
NUMBER OF DAYS PC              9
NUMBER OF DAYS CLOUDY          6

AVERAGE RH (PERCENT)     73

WEATHER CONDITIONS. NUMBER OF DAYS WITH
THUNDERSTORM              0     MIXED PRECIP               0
HEAVY RAIN                4     RAIN                       2
LIGHT RAIN               14     FREEZING RAIN              0
LT FREEZING RAIN          0     HAIL                       0
HEAVY SNOW                0     SNOW                       0
LIGHT SNOW                0     SLEET                      0
FOG                      15     FOG W/VIS <= 1/4 MILE      5
HAZE                      3

-  INDICATES NEGATIVE NUMBERS.
R  INDICATES RECORD WAS SET OR TIED.
MM INDICATES DATA IS MISSING.
T  INDICATES TRACE AMOUNT.

$$




U.S. Dept. of Commerce
NOAA National Weather Service
1325 East West Highway
Silver Spring, MD 20910
E-mail: w-nws.webmaster@noaa.gov
Page last modified: May 16, 2007
NATIONAL WEATHER SERVICE: for Safety, for Work, for Fun - FOR LIFE