655
CXUS51 KCAR 031346
CLMCAR


CLIMATE REPORT
NATIONAL WEATHER SERVICE CARIBOU, ME
844 AM EST MON NOV 3 2014

...................................

...THE CARIBOU ME CLIMATE SUMMARY FOR THE MONTH OF OCTOBER 2014...

CLIMATE NORMAL PERIOD 1981 TO 2010
CLIMATE RECORD PERIOD 1939 TO 2014

WEATHER         OBSERVED          NORMAL  DEPART  LAST YEAR`S
                 VALUE   DATE(S)  VALUE   FROM    VALUE  DATE(S)
                                          NORMAL
................................................................
TEMPERATURE (F)
RECORD
 HIGH              82   10/09/2011
 LOW               14   10/19/1972
                        10/22/1940
HIGHEST            74   10/15     10000   -9926       73  10/02
                                                          10/01
LOWEST             27   10/21        MM      MM       21  10/30
AVG. MAXIMUM     55.3              52.0     3.3     55.8
AVG. MINIMUM     39.4              34.6     4.8     36.0
MEAN             47.3              43.3     4.0     45.9
DAYS MAX >= 90      0               0.0     0.0        0
DAYS MAX <= 32      0               0.1    -0.1        0
DAYS MIN <= 32      4              12.5    -8.5        9
DAYS MIN <= 0       0               0.0     0.0        0

PRECIPITATION (INCHES)
RECORD
 MAXIMUM         8.73   1990
 MINIMUM         0.63   1955
TOTALS           5.79                      2.26
DAILY AVG.       0.19              0.11    0.08     0.08
DAYS >= .01        13              13.1    -0.1       10
DAYS >= .10         9               7.6     1.4        7
DAYS >= .50         4               2.2     1.8        1
DAYS >= 1.00        1               0.7     0.3        0
GREATEST
 24 HR. TOTAL    1.80   10/16 TO 10/17           10/07 TO 10/07
                                                          10/28 TO 10/28
                                                          10/28 TO 10/28

SNOWFALL (INCHES)
RECORDS
 TOTAL           12.1   1963
TOTALS            0.0               1.6    -1.6      1.0
SINCE 7/1         0.0               1.7    -1.7      1.0
SNOWDEPTH AVG.      0                MM      MM        0
DAYS >= 1.0         0               0.3    -0.3        1
GREATEST
 SNOW DEPTH         0   MM                             1  10/29
 24 HR TOTAL      0.0   10/31 TO 10/31           10/28 TO 10/28
                                                          10/28 TO 10/28
                                                          10/28 TO 10/28

DEGREE_DAYS
HEATING TOTAL     541               673    -132      585
 SINCE 7/1        893              1140    -247      956
COOLING TOTAL       1                 0       1        0
 SINCE 1/1        266               180      86      192
.........................................................

WIND (MPH)
AVERAGE WIND SPEED              7.3
HIGHEST WIND SPEED/DIRECTION    26/230    DATE  10/17
HIGHEST GUST SPEED/DIRECTION    38/220    DATE  10/17

SKY COVER
POSSIBLE SUNSHINE (PERCENT)   MM
AVERAGE SKY COVER           0.60
NUMBER OF DAYS FAIR            7
NUMBER OF DAYS PC             10
NUMBER OF DAYS CLOUDY         14

AVERAGE RH (PERCENT)     76

WEATHER CONDITIONS. NUMBER OF DAYS WITH
THUNDERSTORM              0     MIXED PRECIP               0
HEAVY RAIN                4     RAIN                       7
LIGHT RAIN               17     FREEZING RAIN              0
LT FREEZING RAIN          0     HAIL                       0
HEAVY SNOW                0     SNOW                       0
LIGHT SNOW                0     SLEET                      0
FOG                      16     FOG W/VIS <= 1/4 MILE      3
HAZE                      4

-  INDICATES NEGATIVE NUMBERS.
R  INDICATES RECORD WAS SET OR TIED.
MM INDICATES DATA IS MISSING.
T  INDICATES TRACE AMOUNT.

--------------------------------------------------------------------------------------
..NORTHERN AND EASTERN MAINE MONTHLY AREA CLIMATE NARRATIVE...
...A MILD AND WET MONTH...

OCTOBER 2014 FEATURED ABOVE NORMAL TEMPERATURES ACROSS NORTHERN AND
EASTERN MAINE.  PRECIPITATION WAS WELL ABOVE NORMAL AND RANGED FROM
150 TO 200 PERCENT OF NORMAL ACROSS MOST OF THE REGION.  AMOUNTS
WERE A BIT LESS IN THE SAINT JOHN VALLEY WHERE THEY RANGED FROM 110-
130 PERCENT OF NORMAL.

TEMPERATURES WERE ABOVE NORMAL AND RANGED FROM 2 TO 5 DEGREES ABOVE
NORMAL.  AT CARIBOU...THE AVERAGE TEMPERATURE OF 47.3 DEGREES WAS 4
DEGREES ABOVE NORMAL.  IT WAS THE MILDEST OCTOBER SINCE 2007...AND
RANKED AS THE 7TH WARMEST OCTOBER SINCE WEATHER RECORD BEGAN IN
1939. AT BANGOR...THE AVERAGE TEMPERATURE OF 51.6 DEGREES WAS 4.4
DEGREES ABOVE NORMAL.  IT WAS THE MILDEST OCTOBER SINCE 2007...AND
RANKED AS THE 9TH WARMEST OCTOBER SINCE WEATHER RECORD BEGAN IN
1926.

A TOTAL OF 5.79 INCHES OF RAIN WAS OBSERVED AT CARIBOU....WHICH WAS
2.26 INCHES ABOVE NORMAL.  IT WAS THE WETTEST OCTOBER SINCE 2005...
AND RANKED AS THE 7TH WETTEST OCTOBER SINCE WEATHER RECORD BEGAN IN
1939. AT BANGOR...A TOTAL OF 6.85 INCHES OF RAIN WAS
OBSERVED...WHICH WAS 2.68 INCHES ABOVE NORMAL.  IT RANKED AS THE 6TH
WETTEST OCTOBER ON RECORD SINCE WEATHER RECORDS BEGAN IN 1926.

THUNDER WAS NOT OBSERVED AT CARIBOU...BUT WAS OBSERVED ON ONE DAY
(THE 8TH) AT BANGOR.  DENSE FOG REDUCING THE VISIBILITY TO ONE
QUARTER MILE OR LESS WAS OBSERVED AT CARIBOU ON 3 DAYS...AND AT
BANGOR ON 2 DAYS.  THE PEAK WIND GUST OBSERVED AT CARIBOU WAS 38 MPH
ON THE 17TH.  AT BANGOR THE PEAK WIND GUST OF 36 MPH WAS OBSERVED
ON THE 7TH AND AGAIN ON THE 27TH OF THE MONTH.

NO SNOW WAS OBSERVED AT EITHER CARIBOU OR BANGOR THIS PAST OCTOBER.
ALTHOUGH NOT ALL THAT UNUSUAL TO NOT HAVE MEASURABLE SNOWFALL DURING
THE MONTH OF OCTOBER AT CARIBOU IT DOES HAPPEN ON AVERAGE OF ABOUT 2
OUT OF EVERY 3 YEARS.  MEASURABLE SNOWFALL AT BANGOR DURING THE
MONTH OF OCTOBER IS NOT ALL THAT COMMON OCCURRING ON AVERAGE OF
ABOUT ONCE EVERY TEN YEARS.

THE OUTLOOK FROM THE CLIMATE PREDICTION CENTER FOR THE MONTH OF
NOVEMBER FOR OUR REGION CALLS FOR AN INCREASED LIKELIHOOD OF ABOVE
NORMAL TEMPERATURES.  THERE ARE NO STRONG CLIMATE SIGNALS THAT WOULD
POINT TOWARD AN UNUSUALLY WET (SNOWY) OR DRY MONTH.  THE AVERAGE
TEMPERATURES CONTINUE A RAPID DROP OFF DURING THE MONTH OF NOVEMBER.
AT CARIBOU (BANGOR)...THE AVERAGE HIGH FALLS FROM 45 (51) TO 32
(40).  THE AVERAGE LOW TEMPERATURES AT CARIBOU (BANGOR) FALL FROM 30
(33) TO 18 (23). AVERAGE MONTHLY SNOWFALL FOR NOVEMBER IS 10.5
INCHES AT CARIBOU AND 2.3 INCHES AT BANGOR. NEARLY 2 HOURS OF
DAYLIGHT IS LOST DURING THE MONTH OF NOVEMBER.

$$

cb/vjn




U.S. Dept. of Commerce
NOAA National Weather Service
1325 East West Highway
Silver Spring, MD 20910
E-mail: w-nws.webmaster@noaa.gov
Page last modified: May 16, 2007
NATIONAL WEATHER SERVICE: for Safety, for Work, for Fun - FOR LIFE