025
CXUS55 KABQ 022048
CLMCAO

ABQCLMCAO 000
TTAA00 KABQ 011237


CLIMATE REPORT
NATIONAL WEATHER SERVICE ALBUQUERQUE NM
150 PM MST TUE DEC 2 2014

...................................

...THE CLAYTON  NM CLIMATE SUMMARY FOR THE MONTH OF NOVEMBER 2014...

CLIMATE NORMAL PERIOD 1981 TO 2010
CLIMATE RECORD PERIOD 1896 TO 2014

WEATHER         OBSERVED          NORMAL  DEPART  LAST YEAR`S
                 VALUE   DATE(S)  VALUE   FROM    VALUE  DATE(S)
                                          NORMAL
................................................................
TEMPERATURE (F)
RECORD
 HIGH              86   11/08/2006
 LOW              -10   11/27/1976
HIGHEST            81   11/07        MM      MM       72  11/11
LOWEST              8   11/13        MM      MM       15  11/25
                        11/12                             11/24
AVG. MAXIMUM     56.9              57.2    -0.3     55.2
AVG. MINIMUM     26.5              30.0    -3.5     28.5
MEAN             41.7              43.6    -1.9     41.8
DAYS MAX >= 90      0               0.0     0.0        0
DAYS MAX <= 32      4               0.8     3.2        3
DAYS MIN <= 32     21              17.6     3.4       20
DAYS MIN <= 0       0               0.0     0.0        0

PRECIPITATION (INCHES)
RECORD
 MAXIMUM           MM   MM
 MINIMUM           MM   MM
TOTALS           0.57              0.45    0.12     0.30
DAILY AVG.       0.02              0.01    0.01     0.01
DAYS >= .01         6               3.3     2.7        5
DAYS >= .10         2               1.2     0.8        0
DAYS >= .50         0               0.2    -0.2        0
DAYS >= 1.00        0               0.0     0.0        0
GREATEST
 24 HR. TOTAL    0.31   11/02 TO 11/03              0.12

SNOWFALL (INCHES)
RECORDS
 TOTAL             MM   MM
TOTALS            2.6               3.0    -0.4      2.3
SINCE 7/1         2.6               4.1    -1.5      2.3
SNOWDEPTH AVG.      0                MM      MM        0
DAYS >= 1.0         1               1.1    -0.1        2
GREATEST
 SNOW DEPTH         1   11/17                          2  11/25
                        11/16                             11/24
 24 HR TOTAL      1.6   MM                           1.2

DEGREE_DAYS
HEATING TOTAL     691               642      49      689
 SINCE 7/1        952              1052    -100     1075
COOLING TOTAL       0                 0       0        0
 SINCE 1/1       1130               909     221     1267
.................................................................

WIND (MPH)
AVERAGE WIND SPEED              13.1
HIGHEST WIND SPEED/DIRECTION    52/240    DATE  11/02
HIGHEST GUST SPEED/DIRECTION    72/250    DATE  11/02

SKY COVER
AVERAGE SKY COVER           0.20

AVERAGE RH (PERCENT)     49

WEATHER CONDITIONS. NUMBER OF DAYS WITH
THUNDERSTORM              0     MIXED PRECIP               0
HEAVY RAIN                0     RAIN                       1
LIGHT RAIN                3     FREEZING RAIN              0
LT FREEZING RAIN          0     HAIL                       0
HEAVY SNOW                0     SNOW                       0
LIGHT SNOW                5     SLEET                      0
FOG                       5     FOG W/VIS <= 1/4 MILE      0
HAZE                      3

-  INDICATES NEGATIVE NUMBERS.
R  INDICATES RECORD WAS SET OR TIED.
MM INDICATES DATA IS MISSING.
T  INDICATES TRACE AMOUNT.

$$







U.S. Dept. of Commerce
NOAA National Weather Service
1325 East West Highway
Silver Spring, MD 20910
E-mail: w-nws.webmaster@noaa.gov
Page last modified: May 16, 2007
NATIONAL WEATHER SERVICE: for Safety, for Work, for Fun - FOR LIFE