605
CXUS52 KCAE 040016 AAA
CLMCAE

CLIMATE REPORT...UPDATED FOR NUMBER OF DAYS WITH THUNDER...
NATIONAL WEATHER SERVICE COLUMBIA SC
816 PM EDT SUN AUG 3 2014

...................................

...THE COLUMBIA METRO AIRPORT SC CLIMATE SUMMARY FOR THE MONTH OF JULY 2014...

CLIMATE NORMAL PERIOD 1981 TO 2010
CLIMATE RECORD PERIOD 1887 TO 2014

WEATHER         OBSERVED          NORMAL  DEPART
                 VALUE   DATE(S)  VALUE   FROM
                                          NORMAL
................................................
TEMPERATURE (F)
RECORD
 HIGH             107   07/29/1952
                        07/24/1952
                        07/23/1952
 LOW               54   07/07/1951
                        07/08/1892
HIGHEST           101   07/28        MM      MM
LOWEST             68   07/17        MM      MM
AVG. MAXIMUM     92.7              92.7     0.0
AVG. MINIMUM     73.4              71.6     1.8
MEAN             83.0              82.2     0.8
DAYS MAX >= 90     25              23.0     2.0
DAYS MAX <= 32      0               0.0     0.0
DAYS MIN <= 32      0               0.0     0.0
DAYS MIN <= 0       0               0.0     0.0

PRECIPITATION (INCHES)
RECORD
 MAXIMUM        17.46   1991
 MINIMUM         0.57   1977
TOTALS           2.83              5.46   -2.63
DAILY AVG.       0.09              0.18   -0.09
DAYS >= .01         9              11.8    -2.8
DAYS >= .10         6               7.7    -1.7
DAYS >= .50         2               3.6    -1.6
DAYS >= 1.00        1               1.7    -0.7
GREATEST
 24 HR. TOTAL    1.32   07/10 TO 07/10
 STORM TOTAL       MM
 (MM/DD(HH))            MM

SNOWFALL (INCHES)
RECORDS
 TOTAL             MM   MM
TOTALS            0.0               0.0     0.0
SINCE 7/1         0.0               0.0     0.0
DAYS >= TRACE       0               0.0     0.0
DAYS >= 1.0         0               0.0     0.0
GREATEST
 SNOW DEPTH         0   MM

DEGREE_DAYS
HEATING TOTAL       0                 0       0
 SINCE 7/1          0                 0       0
COOLING TOTAL     567               532      35
 SINCE 1/1       1501              1277     224

FREEZE DATES
RECORD
 EARLIEST     10/15/1991
 LATEST       04/03/1964
EARLIEST                        11/05
LATEST                          03/22
.................................................

WIND (MPH)
AVERAGE WIND SPEED              5.8
RESULTANT WIND SPEED/DIRECTION   1/156
HIGHEST WIND SPEED/DIRECTION    24/150    DATE  07/31
HIGHEST GUST SPEED/DIRECTION    31/150    DATE  07/31

SKY COVER
POSSIBLE SUNSHINE (PERCENT)   MM
AVERAGE SKY COVER           0.50
NUMBER OF DAYS FAIR            4
NUMBER OF DAYS PC             23
NUMBER OF DAYS CLOUDY          4

AVERAGE RH (PERCENT)     62

WEATHER CONDITIONS. NUMBER OF DAYS WITH
THUNDERSTORM              6     MIXED PRECIP               0
HEAVY RAIN                4     RAIN                       5
LIGHT RAIN               12     FREEZING RAIN              0
LT FREEZING RAIN          0     HAIL                       0
HEAVY SNOW                0     SNOW                       0
LIGHT SNOW                0     SLEET                      0
FOG                      11     FOG W/VIS <= 1/4 MILE      1
HAZE                     12

-  INDICATES NEGATIVE NUMBERS.
R  INDICATES RECORD WAS SET OR TIED.
MM INDICATES DATA IS MISSING.
T  INDICATES TRACE AMOUNT.

$$








U.S. Dept. of Commerce
NOAA National Weather Service
1325 East West Highway
Silver Spring, MD 20910
E-mail: w-nws.webmaster@noaa.gov
Page last modified: May 16, 2007
NATIONAL WEATHER SERVICE: for Safety, for Work, for Fun - FOR LIFE