730
CXUS55 KRIW 011904
CLMBYG

CLIMATE REPORT
NATIONAL WEATHER SERVICE RIVERTON WY
1252 AM MDT FRI AUG 1 2014

...PRELIMINARY MONTHLY CLIMATE SUMMARY FOR THE JOHNSON COUNTY
AIRPORT NEAR BUFFALO FOR THE MONTH OF JULY 2014...

...OFFICIAL CLIMATE DATA FOR THE MONTH OF JULY 2014 WILL BE
AVAILABLE APPROXIMATELY IN SEPTEMBER 2014 FROM THE NATIONAL CLIMATIC
DATA CENTER HTTP://WWW.NCDC.NOAA.GOV/OL/CLIMATEDATA.HTML).
UNOFFICIAL ASOS DAILY SUMMARIES ARE AVAILABLE ON THE INTERNET AT
HTTP://WWW.CRH.NOAA.GOV/RIW/CLIMATE/...

...BUFFALO WAS SLIGHTLY COOLER AND DRIER THAN NORMAL IN JULY...

THE AVERAGE TEMPERATURE FOR BUFFALO IN JULY WAS 70.5 DEGREES...WHICH
WAS 0.2 DEGREES BELOW NORMAL. THE WARMEST DAILY HIGH WAS 100 DEGREES
ON THE 23RD AND THE 24TH...AND THE COOLEST READING WAS 46 DEGREES ON
THE 2ND. A DAILY RECORD HIGH OF 100 DEGREES WAS TIED ON THE 23RD...
WITH THE OLDER RECORD BACK IN 2007. A RECORD LOW OF 46 DEGREES WAS
SET ON THE 2ND...WHICH BROKE THE OLD RECORD OF 50 DEGREES THAT WAS
SET BACK IN 1999.

TOTAL PRECIPITATION FOR THE MONTH WAS 0.94 INCHES...WHICH WAS 57
PERCENT OF NORMAL. THIS MAKES IT THE 7TH DRIEST JUNE ON RECORD SINCE
1998. THE WETTEST 24 HOUR PERIOD OF THE MONTH WAS ON THE 15TH...
WHEN 0.59 OF AN INCH FELL. THIS ALSO BROKE THE DAILY RECORD
RAINFALL...THE OLD RECORD BEING 0.12 OF ON INCH THAT FELL BACK IN
2001. THE HIGHEST WIND GUST WAS 54 MPH...WHICH OCCURRED ON THE 7TH.

...................................

...THE BUFFALO WY CLIMATE SUMMARY FOR THE MONTH OF JULY 2014...

CLIMATE NORMAL PERIOD 1981 TO 2010
CLIMATE RECORD PERIOD 1998 TO 2014

WEATHER         OBSERVED          NORMAL  DEPART
                 VALUE   DATE(S)  VALUE   FROM
                                          NORMAL
................................................
TEMPERATURE (F)
RECORD
 HIGH             104   07/14/2002
 LOW               41   07/12/2008
HIGHEST           100   07/24
                        07/23
LOWEST             46   07/02
AVG. MAXIMUM     84.7              84.7     0.0
AVG. MINIMUM     56.3              56.8    -0.5
MEAN             70.5              70.7    -0.2
DAYS MAX >= 90      7
DAYS MAX <= 32      0
DAYS MIN <= 32      0
DAYS MIN <= 0       0

PRECIPITATION (INCHES)
RECORD
 MAXIMUM         3.24   2009
 MINIMUM         0.07   1999
TOTALS           0.94              1.66   -0.72
DAILY AVG.       0.03
DAYS >= .01         5
DAYS >= .10         3
DAYS >= .50         1
DAYS >= 1.00        0
GREATEST
 24 HR. TOTAL    0.59   07/15 TO 07/16

DEGREE_DAYS
HEATING TOTAL      11                25     -14
 SINCE 7/1         11                25     -14
COOLING TOTAL     189               203     -14
 SINCE 1/1        205               261     -56
.................................................

WIND (MPH)
AVERAGE WIND SPEED              8.8
HIGHEST WIND SPEED/DIRECTION    41/350    DATE  07/07
HIGHEST GUST SPEED/DIRECTION    54/350    DATE  07/07

SKY COVER
POSSIBLE SUNSHINE (PERCENT)   MM
AVERAGE SKY COVER           0.10
NUMBER OF DAYS FAIR           28
NUMBER OF DAYS PC              3
NUMBER OF DAYS CLOUDY          0

AVERAGE RH (PERCENT)     46

WEATHER CONDITIONS. NUMBER OF DAYS WITH
THUNDERSTORM             10     MIXED PRECIP               0
HEAVY RAIN                1     RAIN                       1
LIGHT RAIN                6     FREEZING RAIN              0
LT FREEZING RAIN          0     HAIL                       0
HEAVY SNOW                0     SNOW                       0
LIGHT SNOW                0     SLEET                      0
FOG                       2     FOG W/VIS <= 1/4 MILE      0
HAZE                      5

-  INDICATES NEGATIVE NUMBERS.
R  INDICATES RECORD WAS SET OR TIED.
MM INDICATES DATA IS MISSING.
T  INDICATES TRACE AMOUNT.

LOOKING AHEAD TO AUGUST 2014...THE AVERAGE HIGH TEMPERATURE ON THE
FIRST OF THE MONTH IS 86 DEGREES...AND THE AVERAGE LOW IS 58
DEGREES. THE AVERAGE HIGH BY THE END OF THE MONTH IS 80 DEGREES...
AND THE AVERAGE LOW TEMPERATURE IS 51. THE AVERAGE MONTHLY
PRECIPITATION IS 0.81 INCHES.

$$







U.S. Dept. of Commerce
NOAA National Weather Service
1325 East West Highway
Silver Spring, MD 20910
E-mail: w-nws.webmaster@noaa.gov
Page last modified: May 16, 2007
NATIONAL WEATHER SERVICE: for Safety, for Work, for Fun - FOR LIFE