526
CXUS53 KLMK 011216
CLMBWG


CLIMATE REPORT
NATIONAL WEATHER SERVICE LOUISVILLE KY
815 AM EDT SAT NOV 1 2014

...................................

...THE BOWLING GREEN CLIMATE SUMMARY FOR THE MONTH OF OCTOBER 2014...

CLIMATE NORMAL PERIOD 1981 TO 2010
CLIMATE RECORD PERIOD 1870 TO 2014

WEATHER         OBSERVED          NORMAL  DEPART  LAST YEAR`S
                 VALUE   DATE(S)  VALUE   FROM    VALUE  DATE(S)
                                          NORMAL
................................................................
TEMPERATURE (F)
RECORD
 HIGH              94   10/12/1930
                        10/14/1928
                        10/03/1911
 LOW               17   10/31/1887
HIGHEST            89   10/02        MM      MM       85  10/05
LOWEST             35   10/23        MM      MM       26  10/26
                        10/05                             10/25
AVG. MAXIMUM     71.0              71.2    -0.2     69.7
AVG. MINIMUM     48.0              46.3     1.7     47.7
MEAN             59.5              58.8     0.7     58.7
DAYS MAX >= 90      0               0.2    -0.2        0
DAYS MAX <= 32      0               0.0     0.0        0
DAYS MIN <= 32      0               2.0    -2.0        3
DAYS MIN <= 0       0               0.0     0.0        0

PRECIPITATION (INCHES)
RECORD
 MAXIMUM         8.38   2007
 MINIMUM         0.03   1924
TOTALS           5.38              3.38    2.00     4.04
DAILY AVG.       0.17              0.11    0.06     0.13
DAYS >= .01        12               8.5     3.5       13
DAYS >= .10         8               5.3     2.7        9
DAYS >= .50         6               2.3     3.7        3
DAYS >= 1.00        1               0.9     0.1        1
GREATEST
 24 HR. TOTAL    2.26   10/13 TO 10/14

SNOWFALL (INCHES)
RECORDS
 TOTAL            0.9   5
                        0
TOTALS            0.0                 T     0.0      0.0
SINCE 7/1         0.0                 T     0.0      0.0
SNOWDEPTH AVG.      0                MM      MM        0
DAYS >= 1.0         0               0.0     0.0        0
GREATEST
 SNOW DEPTH         0   MM                             0  MM
 24 HR TOTAL      0.0   10/31 TO 10/31

DEGREE_DAYS
HEATING TOTAL     194               227     -33      238
 SINCE 7/1        218               263     -45      250
COOLING TOTAL      32                33      -1       47
 SINCE 1/1       1488              1488       0     1499
.................................................................

WIND (MPH)
AVERAGE WIND SPEED              6.0
HIGHEST WIND SPEED/DIRECTION    39/240    DATE  10/03
HIGHEST GUST SPEED/DIRECTION    59/230    DATE  10/03

SKY COVER
POSSIBLE SUNSHINE (PERCENT)   MM
AVERAGE SKY COVER           0.40
NUMBER OF DAYS FAIR           19
NUMBER OF DAYS PC              5
NUMBER OF DAYS CLOUDY          7

AVERAGE RH (PERCENT)     70

WEATHER CONDITIONS. NUMBER OF DAYS WITH
THUNDERSTORM              0     MIXED PRECIP               0
HEAVY RAIN                7     RAIN                       6
LIGHT RAIN               14     FREEZING RAIN              0
LT FREEZING RAIN          0     HAIL                       0
HEAVY SNOW                0     SNOW                       0
LIGHT SNOW                0     SLEET                      0
FOG                      25     FOG W/VIS <= 1/4 MILE     10
HAZE                      4

-  INDICATES NEGATIVE NUMBERS.
R  INDICATES RECORD WAS SET OR TIED.
MM INDICATES DATA IS MISSING.
T  INDICATES TRACE AMOUNT.

$$




U.S. Dept. of Commerce
NOAA National Weather Service
1325 East West Highway
Silver Spring, MD 20910
E-mail: w-nws.webmaster@noaa.gov
Page last modified: May 16, 2007
NATIONAL WEATHER SERVICE: for Safety, for Work, for Fun - FOR LIFE