141
CXUS46 KLOX 020138
CLMBUR


CLIMATE REPORT
NATIONAL WEATHER SERVICE LOS ANGELES/OXNARD CA
537 PM PST THU JAN 1 2015

...................................

...THE BOB HOPE AIRPORT (BURBANK) CA CLIMATE SUMMARY FOR THE YEAR OF 2014...

CLIMATE NORMAL PERIOD 1981 TO 2010
CLIMATE RECORD PERIOD 1939 TO 2014

WEATHER         OBSERVED          NORMAL  DEPART  LAST YEAR`S
                 VALUE   DATE(S)  VALUE   FROM    VALUE
                                          NORMAL
.............................................................
TEMPERATURE (F)
HIGHEST           105   09/15        78      27
LOWEST             36   12/29        52     -16
                        12/27
AVG. MAXIMUM     79.6              76.4     3.2
AVG. MINIMUM     57.0              51.8     5.2
MEAN             68.3              64.1     4.2
DAYS MAX >= 90     60
DAYS MAX <= 32      0
DAYS MIN <= 32      0
DAYS MIN <= 0       0

PRECIPITATION (INCHES)
RECORD
 MAXIMUM           MM   MM
 MINIMUM           MM   MM
TOTALS           9.45             17.31   -7.86
DAILY AVG.          T
DAYS >= .01        19
DAYS >= .10        10
DAYS >= .50         7
DAYS >= 1.00        3
GREATEST
 24 HR. TOTAL    3.00   MM

DEGREE_DAYS
HEATING TOTAL     659              1569    -910      946
 SINCE 7/1        298               567    -269      298
COOLING TOTAL    1958              1245     713     2025
 SINCE 1/1       1958              1246     712     2025
..............................................................

WIND (MPH)
AVERAGE WIND SPEED              4.7
HIGHEST WIND SPEED/DIRECTION    37/030    DATE  04/29
HIGHEST GUST SPEED/DIRECTION    49/040    DATE  04/29

SKY COVER
POSSIBLE SUNSHINE (PERCENT)   MM
AVERAGE SKY COVER           0.20
NUMBER OF DAYS FAIR          301
NUMBER OF DAYS PC             47
NUMBER OF DAYS CLOUDY         17

AVERAGE RH (PERCENT)     52

WEATHER CONDITIONS. NUMBER OF DAYS WITH
THUNDERSTORM              0     MIXED PRECIP               0
HEAVY RAIN               11     RAIN                      10
LIGHT RAIN               30     FREEZING RAIN              0
LT FREEZING RAIN          0     HAIL                       0
HEAVY SNOW                0     SNOW                       0
LIGHT SNOW                0     SLEET                      0
FOG                      70     FOG W/VIS <= 1/4 MILE      8
HAZE                    123

-  INDICATES NEGATIVE NUMBERS.
R  INDICATES RECORD WAS SET OR TIED.
MM INDICATES DATA IS MISSING.
T  INDICATES TRACE AMOUNT.

$$




U.S. Dept. of Commerce
NOAA National Weather Service
1325 East West Highway
Silver Spring, MD 20910
E-mail: w-nws.webmaster@noaa.gov
Page last modified: May 16, 2007
NATIONAL WEATHER SERVICE: for Safety, for Work, for Fun - FOR LIFE