464
CXUS51 KBTV 011355
CLMBTV


CLIMATE REPORT
NATIONAL WEATHER SERVICE BURLINGTON VT
948 AM EDT MON SEP 1 2014

...................................

...THE BURLINGTON VT CLIMATE SUMMARY FOR THE MONTH OF AUGUST 2014...

CLIMATE NORMAL PERIOD 1981 TO 2010
CLIMATE RECORD PERIOD 1884 TO 2014

WEATHER         OBSERVED          NORMAL  DEPART  LAST YEAR`S
                 VALUE   DATE(S)  VALUE   FROM    VALUE  DATE(S)
                                          NORMAL
................................................................
TEMPERATURE (F)
RECORD
 HIGH             101   08/11/1944
 LOW               35   08/31/1976
HIGHEST            87   08/11        78       9       88  08/21
LOWEST             49   08/19        58      -9       49  08/24
AVG. MAXIMUM     78.3              79.0    -0.7     79.4
AVG. MINIMUM     59.6              58.5     1.1     59.5
MEAN             69.0              68.8     0.2     69.4
DAYS MAX >= 90      0               1.2    -1.2        0
DAYS MAX <= 32      0               0.0     0.0        0
DAYS MIN <= 32      0               0.0     0.0        0
DAYS MIN <= 0       0               0.0     0.0        0

PRECIPITATION (INCHES)
RECORD
 MAXIMUM        11.54   1955
 MINIMUM         0.72   1957
TOTALS           2.05              3.91   -1.86     3.07
DAILY AVG.       0.07              0.13   -0.06     0.10
DAYS >= .01        15              12.3     2.7       11
DAYS >= .10         4               7.7    -3.7        8
DAYS >= .50         1               2.6    -1.6        2
DAYS >= 1.00        1               0.9     0.1        0
GREATEST
 24 HR. TOTAL    1.25   08/13 TO 08/14           08/22 TO 08/22

DEGREE_DAYS
HEATING TOTAL      12                29     -17        9
 SINCE 7/1         13                42     -29       16
COOLING TOTAL     143               145      -2      153
 SINCE 1/1        493               448      45      600
..................................................

WIND (MPH)
AVERAGE WIND SPEED              6.2
HIGHEST WIND SPEED/DIRECTION    25/190    DATE  08/30
HIGHEST GUST SPEED/DIRECTION    32/200    DATE  08/31

SKY COVER
POSSIBLE SUNSHINE (PERCENT)   MM
AVERAGE SKY COVER           0.50
NUMBER OF DAYS FAIR            8
NUMBER OF DAYS PC             15
NUMBER OF DAYS CLOUDY          8

AVERAGE RH (PERCENT)     69

WEATHER CONDITIONS. NUMBER OF DAYS WITH
THUNDERSTORM              0     MIXED PRECIP               0
HEAVY RAIN                2     RAIN                       2
LIGHT RAIN               16     FREEZING RAIN              0
LT FREEZING RAIN          0     HAIL                       0
HEAVY SNOW                0     SNOW                       0
LIGHT SNOW                0     SLEET                      0
FOG                      12     FOG W/VIS <= 1/4 MILE      0
HAZE                      0

-  INDICATES NEGATIVE NUMBERS.
R  INDICATES RECORD WAS SET OR TIED.
MM INDICATES DATA IS MISSING.
T  INDICATES TRACE AMOUNT.

$$





U.S. Dept. of Commerce
NOAA National Weather Service
1325 East West Highway
Silver Spring, MD 20910
E-mail: w-nws.webmaster@noaa.gov
Page last modified: May 16, 2007
NATIONAL WEATHER SERVICE: for Safety, for Work, for Fun - FOR LIFE