380
CXUS51 KBTV 011337 CCA
CLMBTV

ALBCLMBTV 000
TTAA00 KBTV 011216


CLIMATE REPORT
NATIONAL WEATHER SERVICE BURLINGTON VT
816 AM EDT FRI AUG 1 2014

...................................

...THE BURLINGTON VT CLIMATE SUMMARY FOR THE MONTH OF JULY 2014...

CLIMATE NORMAL PERIOD 1981 TO 2010
CLIMATE RECORD PERIOD 1884 TO 2014

WEATHER         OBSERVED          NORMAL  DEPART  LAST YEAR`S
                 VALUE   DATE(S)  VALUE   FROM    VALUE  DATE(S)
                                          NORMAL
................................................................
TEMPERATURE (F)
RECORD
 HIGH             100   07/14/1995
                        07/03/1911
 LOW               39   07/06/1962
HIGHEST            92   07/01        81      11       98  07/19
LOWEST             52   07/30        60      -8       48  07/25
AVG. MAXIMUM     81.3              80.9     0.4     83.6
AVG. MINIMUM     61.6              60.3     1.3     63.9
MEAN             71.5              70.6     0.9     73.8
DAYS MAX >= 90      3               2.2     0.8        6
DAYS MAX <= 32      0               0.0     0.0        0
DAYS MIN <= 32      0               0.0     0.0        0
DAYS MIN <= 0       0               0.0     0.0        0

PRECIPITATION (INCHES)
RECORD
 MAXIMUM         9.31   1998
 MINIMUM         0.58   1933
TOTALS           5.54              4.16    1.38     4.49
DAILY AVG.       0.18              0.13    0.05     0.14
DAYS >= .01        11              12.0    -1.0       19
DAYS >= .10         9               8.0     1.0        9
DAYS >= .50         4               2.8     1.2        2
DAYS >= 1.00        3               1.0     2.0        1
GREATEST
 24 HR. TOTAL    1.61   07/28 TO 07/28           07/04 TO 07/04
                                                          07/03 TO 07/04
                                                          07/04 TO 07/04
 STORM TOTAL       MM                                 MM
 (MM/DD(HH))            MM                    07/04(00) TO 07/04(00)
                                                 07/04(00) TO 07/04(00)4
                                                 07/04(00) TO 07/04(00)4

DEGREE_DAYS
HEATING TOTAL       1                13     -12        7
 SINCE 7/1          1                13     -12        7
COOLING TOTAL     208               187      21      285
 SINCE 1/1        350               303      47      447
.....................................................

WIND (MPH)
AVERAGE WIND SPEED              7.4
HIGHEST WIND SPEED/DIRECTION    25/230    DATE  07/31
HIGHEST GUST SPEED/DIRECTION    35/210    DATE  07/31

SKY COVER
POSSIBLE SUNSHINE (PERCENT)   MM
AVERAGE SKY COVER           0.50
NUMBER OF DAYS FAIR            8
NUMBER OF DAYS PC             21
NUMBER OF DAYS CLOUDY          2

AVERAGE RH (PERCENT)     67

WEATHER CONDITIONS. NUMBER OF DAYS WITH
THUNDERSTORM              5     MIXED PRECIP               0
HEAVY RAIN                7     RAIN                       8
LIGHT RAIN               12     FREEZING RAIN              0
LT FREEZING RAIN          0     HAIL                       0
HEAVY SNOW                0     SNOW                       0
LIGHT SNOW                0     SLEET                      0
FOG                      11     FOG W/VIS <= 1/4 MILE      2
HAZE                      1

-  INDICATES NEGATIVE NUMBERS.
R  INDICATES RECORD WAS SET OR TIED.
MM INDICATES DATA IS MISSING.
T  INDICATES TRACE AMOUNT.

$$











U.S. Dept. of Commerce
NOAA National Weather Service
1325 East West Highway
Silver Spring, MD 20910
E-mail: w-nws.webmaster@noaa.gov
Page last modified: May 16, 2007
NATIONAL WEATHER SERVICE: for Safety, for Work, for Fun - FOR LIFE