735
CXUS51 KBTV 011347
CLMBTV


CLIMATE REPORT
NATIONAL WEATHER SERVICE BURLINGTON VT
943 AM EDT SAT NOV 1 2014

...................................

...THE BURLINGTON VT CLIMATE SUMMARY FOR THE MONTH OF OCTOBER 2014...

CLIMATE NORMAL PERIOD 1981 TO 2010
CLIMATE RECORD PERIOD 1884 TO 2014

WEATHER         OBSERVED          NORMAL  DEPART  LAST YEAR`S
                 VALUE   DATE(S)  VALUE   FROM    VALUE  DATE(S)
                                          NORMAL
................................................................
TEMPERATURE (F)
RECORD
 HIGH              85   10/11/1949
                        10/17/1947
 LOW               15   10/20/1972
HIGHEST            80   10/15        57      23       80  10/07
                                                          10/02
LOWEST             34   10/20        39      -5       22  10/29
AVG. MAXIMUM     60.5              57.2     3.3     61.5
AVG. MINIMUM     46.5              39.1     7.4     41.8
MEAN             53.5              48.1     5.4     51.7
DAYS MAX >= 90      0               0.0     0.0        0
DAYS MAX <= 32      0               0.0     0.0        0
DAYS MIN <= 32      0               7.2    -7.2        6
DAYS MIN <= 0       0               0.0     0.0        0

PRECIPITATION (INCHES)
RECORD
 MAXIMUM         6.75   1918
 MINIMUM         0.15   1924
TOTALS           4.17              3.60    0.57     2.59
DAILY AVG.       0.13              0.12    0.01     0.08
DAYS >= .01        13              12.9     0.1       13
DAYS >= .10        11               7.7     3.3        6
DAYS >= .50         2               2.1    -0.1        1
DAYS >= 1.00        2               0.9     1.1        1
GREATEST
 24 HR. TOTAL    1.12   10/16 TO 10/16           10/07 TO 10/07

SNOWFALL (INCHES)
RECORDS
 TOTAL            5.1   5
                        0

TOTALS            0.0               0.3    -0.3        T
SINCE 7/1         0.0               0.3    -0.3        T
SNOWDEPTH AVG.      0                MM      MM        0
DAYS >= 1.0         0               0.1    -0.1        0
GREATEST
 SNOW DEPTH         0   MM                             0  MM
 24 HR TOTAL      0.0   MM

DEGREE_DAYS
HEATING TOTAL     366               524    -158      408
 SINCE 7/1        530               741    -211      619
COOLING TOTAL      18                 2      16        4
 SINCE 1/1        582               491      91      662
......................................................

WIND (MPH)
AVERAGE WIND SPEED              7.9
HIGHEST WIND SPEED/DIRECTION    25/190    DATE  10/14
HIGHEST GUST SPEED/DIRECTION    37/260    DATE  10/09

SKY COVER
POSSIBLE SUNSHINE (PERCENT)   MM
AVERAGE SKY COVER           0.70
NUMBER OF DAYS FAIR            3
NUMBER OF DAYS PC             13
NUMBER OF DAYS CLOUDY         15

AVERAGE RH (PERCENT)     70

WEATHER CONDITIONS. NUMBER OF DAYS WITH
THUNDERSTORM              0     MIXED PRECIP               0
HEAVY RAIN                2     RAIN                       6
LIGHT RAIN               19     FREEZING RAIN              0
LT FREEZING RAIN          0     HAIL                       0
HEAVY SNOW                0     SNOW                       0
LIGHT SNOW                0     SLEET                      0
FOG                      13     FOG W/VIS <= 1/4 MILE      0
HAZE                      4

-  INDICATES NEGATIVE NUMBERS.
R  INDICATES RECORD WAS SET OR TIED.
MM INDICATES DATA IS MISSING.
T  INDICATES TRACE AMOUNT.

$$






U.S. Dept. of Commerce
NOAA National Weather Service
1325 East West Highway
Silver Spring, MD 20910
E-mail: w-nws.webmaster@noaa.gov
Page last modified: May 16, 2007
NATIONAL WEATHER SERVICE: for Safety, for Work, for Fun - FOR LIFE