308
CXUS51 KBTV 011658
CLMBTV

CLIMATE REPORT
NATIONAL WEATHER SERVICE BURLINGTON VT
1203 PM EDT TUE APR 1 2014

...................................

...THE BURLINGTON VT CLIMATE SUMMARY FOR THE MONTH OF MARCH 2014...

CLIMATE NORMAL PERIOD 1981 TO 2010
CLIMATE RECORD PERIOD 1884 TO 2014

WEATHER         OBSERVED          NORMAL  DEPART  LAST YEAR`S
                 VALUE   DATE(S)  VALUE   FROM    VALUE  DATE(S)
                                          NORMAL
................................................................
TEMPERATURE (F)
RECORD
 HIGH              84   03/31/1998
                        03/29/1946
 LOW              -24   03/04/1938
HIGHEST            44   03/28        39       5       56  03/31
                        03/15                             03/10
                        03/11
LOWEST             -8   03/17        22     -30        8  03/18
AVG. MAXIMUM     32.6              40.0    -7.4     40.2
AVG. MINIMUM     11.6              22.0   -10.4     25.4
MEAN             22.1              31.0    -8.9     32.8
DAYS MAX >= 90      0               0.0     0.0        0
DAYS MAX <= 32     12               7.0     5.0        5
DAYS MIN <= 32     29              25.2     3.8       27
DAYS MIN <= 0       7               1.3     5.7        0

PRECIPITATION (INCHES)
RECORD
 MAXIMUM         4.53   1913
 MINIMUM         0.22   1915
TOTALS           1.88              2.22   -0.34     2.05
DAILY AVG.       0.06              0.07   -0.01     0.07
DAYS >= .01        11              12.9    -1.9       15
DAYS >= .10         5               6.1    -1.1        3
DAYS >= .50         2               1.2     0.8        2
DAYS >= 1.00        0               0.1    -0.1        1
GREATEST
 24 HR. TOTAL    0.64   03/12 TO 03/12           03/12 TO 03/12
                                                          03/19 TO 03/19
                                                          03/19 TO 03/19
 STORM TOTAL       MM                                 MM
 (MM/DD(HH))            MM                    03/12(00) TO 03/12(00)
                                                 03/19(00) TO 03/19(00)9
                                                 03/19(00) TO 03/19(00)9

SNOWFALL (INCHES)
RECORDS
 TOTAL           47.6   5
                        0
                        -26215
TOTALS           25.4              15.8     9.6     16.2
SINCE 7/1        83.7              76.6     7.1     81.9
SNOWDEPTH AVG.      8                 6       2        1
DAYS >= 1.0         6               3.7     2.3        3
GREATEST
 SNOW DEPTH        17   03/13                          7  03/20
 24 HR TOTAL     15.2   MM                       03/19 TO 03/19
                                                          03/19 TO 03/19
                                                          03/19 TO 03/19

DEGREE_DAYS
HEATING TOTAL    1322              1054     268      988
 SINCE 7/1       6787              6464     323     5866
COOLING TOTAL       0                 0       0        0
 SINCE 1/1          0                 0       0        0
..........................................................

WIND (MPH)
AVERAGE WIND SPEED              9.3
HIGHEST WIND SPEED/DIRECTION    33/190    DATE  03/14
HIGHEST GUST SPEED/DIRECTION    43/180    DATE  03/14

SKY COVER
POSSIBLE SUNSHINE (PERCENT)   MM
AVERAGE SKY COVER           0.60
NUMBER OF DAYS FAIR            8
NUMBER OF DAYS PC             14
NUMBER OF DAYS CLOUDY          9

AVERAGE RH (PERCENT)     62

WEATHER CONDITIONS. NUMBER OF DAYS WITH
THUNDERSTORM              0     MIXED PRECIP               0
HEAVY RAIN                0     RAIN                       3
LIGHT RAIN                4     FREEZING RAIN              0
LT FREEZING RAIN          2     HAIL                       0
HEAVY SNOW                2     SNOW                       5
LIGHT SNOW               16     SLEET                      1
FOG                      15     FOG W/VIS <= 1/4 MILE      1
HAZE                     12

-  INDICATES NEGATIVE NUMBERS.
R  INDICATES RECORD WAS SET OR TIED.
MM INDICATES DATA IS MISSING.
T  INDICATES TRACE AMOUNT.

$$








U.S. Dept. of Commerce
NOAA National Weather Service
1325 East West Highway
Silver Spring, MD 20910
E-mail: w-nws.webmaster@noaa.gov
Page last modified: May 16, 2007
NATIONAL WEATHER SERVICE: for Safety, for Work, for Fun - FOR LIFE