016
CXUS55 KMSO 011330
CLMBTM


CLIMATE REPORT
NATIONAL WEATHER SERVICE MISSOULA, MT
730 AM MDT TUE APR 1 2014

...................................

...THE BUTTE MT CLIMATE SUMMARY FOR THE MONTH OF MARCH 2014...

CLIMATE NORMAL PERIOD 1981 TO 2010
CLIMATE RECORD PERIOD 1895 TO 2014

WEATHER         OBSERVED          NORMAL  DEPART  LAST YEAR`S
                 VALUE   DATE(S)  VALUE   FROM    VALUE
                                          NORMAL
.............................................................
TEMPERATURE (F)
RECORD
 HIGH              69   03/15/1994
 LOW              -36   03/10/1948
HIGHEST            58   03/25        MM      MM       59
LOWEST             -9   03/01        MM      MM        2
AVG. MAXIMUM     41.0              43.5    -2.5     43.3
AVG. MINIMUM     19.5              19.3     0.2     19.4
MEAN             30.3              31.4    -1.1     31.4
DAYS MAX >= 90      0               0.0     0.0        0
DAYS MAX <= 32      2               3.5    -1.5        5
DAYS MIN <= 32     31              29.2     1.8       30
DAYS MIN <= 0       2               1.8     0.2        0

PRECIPITATION (INCHES)
RECORD
 MAXIMUM         3.15   1918
 MINIMUM         0.07   1959
TOTALS           1.25              0.76    0.49     0.26
DAILY AVG.       0.04              0.02    0.02     0.01
DAYS >= .01        11               9.7     1.3        6
DAYS >= .10         5               2.7     2.3        1
DAYS >= .50         0               0.0     0.0        0
DAYS >= 1.00        0               0.0     0.0        0
GREATEST
 24 HR. TOTAL    0.35   03/10 TO 03/10              0.13

DEGREE_DAYS
HEATING TOTAL    1068              1042      26
 SINCE 7/1       7446              7611    -165
COOLING TOTAL       0                 0       0
 SINCE 1/1          0                 0       0
..............................................................

WIND (MPH)
AVERAGE WIND SPEED              6.2
HIGHEST WIND SPEED/DIRECTION    33/310    DATE  03/20
HIGHEST GUST SPEED/DIRECTION    43/320    DATE  03/20

SKY COVER
POSSIBLE SUNSHINE (PERCENT)   MM
AVERAGE SKY COVER           0.50
NUMBER OF DAYS FAIR            7
NUMBER OF DAYS PC             17
NUMBER OF DAYS CLOUDY          7

AVERAGE RH (PERCENT)     64

WEATHER CONDITIONS. NUMBER OF DAYS WITH
THUNDERSTORM              0     MIXED PRECIP               0
HEAVY RAIN                0     RAIN                       1
LIGHT RAIN                5     FREEZING RAIN              0
LT FREEZING RAIN          0     HAIL                       0
HEAVY SNOW                3     SNOW                       6
LIGHT SNOW               17     SLEET                      0
FOG                      14     FOG W/VIS <= 1/4 MILE      4
HAZE                      7

-  INDICATES NEGATIVE NUMBERS.
R  INDICATES RECORD WAS SET OR TIED.
MM INDICATES DATA IS MISSING.
T  INDICATES TRACE AMOUNT.

$$




U.S. Dept. of Commerce
NOAA National Weather Service
1325 East West Highway
Silver Spring, MD 20910
E-mail: w-nws.webmaster@noaa.gov
Page last modified: May 16, 2007
NATIONAL WEATHER SERVICE: for Safety, for Work, for Fun - FOR LIFE