484
CXUS55 KMSO 011250
CLMBTM


CLIMATE REPORT
NATIONAL WEATHER SERVICE MISSOULA, MT
650 AM MDT FRI AUG 1 2014

...................................

...THE BUTTE MT CLIMATE SUMMARY FOR THE MONTH OF JULY 2014...

CLIMATE NORMAL PERIOD 1981 TO 2010
CLIMATE RECORD PERIOD 1895 TO 2014

WEATHER         OBSERVED          NORMAL  DEPART  LAST YEAR`S
                 VALUE   DATE(S)  VALUE   FROM    VALUE
                                          NORMAL
.............................................................
TEMPERATURE (F)
RECORD
 HIGH             100   07/22/1931
 LOW               28   07/07/1971
HIGHEST            88   07/13        MM      MM       95
LOWEST             36   07/25        MM      MM       41
AVG. MAXIMUM     82.9              80.7     2.2     85.1
AVG. MINIMUM     48.0              45.7     2.3     47.6
MEAN             65.5              63.2     2.3     66.3
DAYS MAX >= 90      0               3.4    -3.4        5
DAYS MAX <= 32      0               0.0     0.0        0
DAYS MIN <= 32      0               0.2    -0.2        0
DAYS MIN <= 0       0               0.0     0.0        0

PRECIPITATION (INCHES)
RECORD
 MAXIMUM         4.38   1937
 MINIMUM         0.04   1953
TOTALS           0.69              1.35   -0.66     0.71
DAILY AVG.       0.02              0.04   -0.02     0.02
DAYS >= .01         7               9.0    -2.0        8
DAYS >= .10         3               4.4    -1.4        2
DAYS >= .50         0               0.4    -0.4        0
DAYS >= 1.00        0               0.2    -0.2        0
GREATEST
 24 HR. TOTAL    0.24   07/21 TO 07/22              0.37

DEGREE_DAYS
HEATING TOTAL      35               100     -65
 SINCE 7/1         35               100     -65
COOLING TOTAL      61                44      17
 SINCE 1/1         61                51      10
..............................................................

WIND (MPH)
AVERAGE WIND SPEED              6.0
HIGHEST WIND SPEED/DIRECTION    28/020    DATE  07/30
HIGHEST GUST SPEED/DIRECTION    36/260    DATE  07/09

SKY COVER
POSSIBLE SUNSHINE (PERCENT)   MM
AVERAGE SKY COVER           0.10
NUMBER OF DAYS FAIR           29
NUMBER OF DAYS PC              2
NUMBER OF DAYS CLOUDY          0

AVERAGE RH (PERCENT)     49

WEATHER CONDITIONS. NUMBER OF DAYS WITH
THUNDERSTORM              0     MIXED PRECIP               0
HEAVY RAIN                0     RAIN                       4
LIGHT RAIN               13     FREEZING RAIN              0
LT FREEZING RAIN          0     HAIL                       0
HEAVY SNOW                0     SNOW                       0
LIGHT SNOW                0     SLEET                      0
FOG                       4     FOG W/VIS <= 1/4 MILE      0
HAZE                      3

-  INDICATES NEGATIVE NUMBERS.
R  INDICATES RECORD WAS SET OR TIED.
MM INDICATES DATA IS MISSING.
T  INDICATES TRACE AMOUNT.

$$




U.S. Dept. of Commerce
NOAA National Weather Service
1325 East West Highway
Silver Spring, MD 20910
E-mail: w-nws.webmaster@noaa.gov
Page last modified: May 16, 2007
NATIONAL WEATHER SERVICE: for Safety, for Work, for Fun - FOR LIFE