095
CXUS55 KMSO 020807
CLMBTM


CLIMATE REPORT
NATIONAL WEATHER SERVICE MISSOULA, MT
107 AM MST TUE DEC 2 2014

...................................

...THE BUTTE MT CLIMATE SUMMARY FOR THE MONTH OF NOVEMBER 2014...

CLIMATE NORMAL PERIOD 1981 TO 2010
CLIMATE RECORD PERIOD 1895 TO 2014

WEATHER         OBSERVED          NORMAL  DEPART  LAST YEAR`S
                 VALUE   DATE(S)  VALUE   FROM    VALUE
                                          NORMAL
.............................................................
TEMPERATURE (F)
RECORD
 HIGH              70   11/12/1999
 LOW              -42   11/13/1959
HIGHEST            62   11/01        MM      MM       61
LOWEST            -19   11/12        MM      MM        0
AVG. MAXIMUM     36.3              39.8    -3.5     43.0
AVG. MINIMUM     12.6              15.6    -3.0     18.8
MEAN             24.4              27.7    -3.3     30.9
DAYS MAX >= 90      0               0.0     0.0        0
DAYS MAX <= 32     10               6.9     3.1        3
DAYS MIN <= 32     28              27.7     0.3       30
DAYS MIN <= 0       8               4.2     3.8        1

PRECIPITATION (INCHES)
RECORD
 MAXIMUM         3.00   1921
 MINIMUM            T   1901
TOTALS           1.00              0.60    0.40     0.20
DAILY AVG.       0.03              0.02    0.01     0.01
DAYS >= .01        11               8.0     3.0        4
DAYS >= .10         4               1.9     2.1        1
DAYS >= .50         0               0.1    -0.1        0
DAYS >= 1.00        0               0.0     0.0        0
GREATEST
 24 HR. TOTAL    0.58   11/25 TO 11/26              0.10

DEGREE_DAYS
HEATING TOTAL    1209              1119      90
 SINCE 7/1       2330              2490    -160
COOLING TOTAL       0                 0       0
 SINCE 1/1         78                81      -3
..............................................................

WIND (MPH)
AVERAGE WIND SPEED              5.8
HIGHEST WIND SPEED/DIRECTION    38/190    DATE  11/01
HIGHEST GUST SPEED/DIRECTION    53/200    DATE  11/29

SKY COVER
POSSIBLE SUNSHINE (PERCENT)   MM
AVERAGE SKY COVER           0.50
NUMBER OF DAYS FAIR            8
NUMBER OF DAYS PC             17
NUMBER OF DAYS CLOUDY          5

AVERAGE RH (PERCENT)     67

WEATHER CONDITIONS. NUMBER OF DAYS WITH
THUNDERSTORM              0     MIXED PRECIP               0
HEAVY RAIN                0     RAIN                       0
LIGHT RAIN                8     FREEZING RAIN              0
LT FREEZING RAIN          0     HAIL                       0
HEAVY SNOW                1     SNOW                       3
LIGHT SNOW               14     SLEET                      0
FOG                      15     FOG W/VIS <= 1/4 MILE      1
HAZE                      7

-  INDICATES NEGATIVE NUMBERS.
R  INDICATES RECORD WAS SET OR TIED.
MM INDICATES DATA IS MISSING.
T  INDICATES TRACE AMOUNT.

$$




U.S. Dept. of Commerce
NOAA National Weather Service
1325 East West Highway
Silver Spring, MD 20910
E-mail: w-nws.webmaster@noaa.gov
Page last modified: May 16, 2007
NATIONAL WEATHER SERVICE: for Safety, for Work, for Fun - FOR LIFE