900
CXUS55 KMSO 011355
CLMBTM


CLIMATE REPORT
NATIONAL WEATHER SERVICE MISSOULA, MT
755 AM MDT TUE JUL 1 2014

...................................

...THE BUTTE MT CLIMATE SUMMARY FOR THE MONTH OF JUNE 2014...

CLIMATE NORMAL PERIOD 1981 TO 2010
CLIMATE RECORD PERIOD 1895 TO 2014

WEATHER         OBSERVED          NORMAL  DEPART  LAST YEAR`S
                 VALUE   DATE(S)  VALUE   FROM    VALUE
                                          NORMAL
.............................................................
TEMPERATURE (F)
RECORD
 HIGH              97   06/26/1919
 LOW               22   06/06/1916
HIGHEST            77   06/24        MM      MM       89
LOWEST             31   06/15        MM      MM       29
AVG. MAXIMUM     66.7              70.2    -3.5     72.2
AVG. MINIMUM     39.2              41.1    -1.9     42.0
MEAN             53.0              55.7    -2.7     57.1
DAYS MAX >= 90      0               0.2    -0.2        0
DAYS MAX <= 32      0               0.0     0.0        0
DAYS MIN <= 32      2               2.2    -0.2        3
DAYS MIN <= 0       0               0.0     0.0        0

PRECIPITATION (INCHES)
RECORD
 MAXIMUM         8.86   1913
 MINIMUM         0.29   1974
TOTALS           3.43              2.26    1.17     1.65
DAILY AVG.       0.11              0.08    0.03     0.05
DAYS >= .01        13              12.9     0.1       14
DAYS >= .10         7               6.1     0.9        8
DAYS >= .50         2               1.0     1.0        0
DAYS >= 1.00        1               0.2     0.8        0
GREATEST
 24 HR. TOTAL    1.48   06/26 TO 06/26              0.49

DEGREE_DAYS
HEATING TOTAL     353               287      66
 SINCE 7/1       9102              9219    -117
COOLING TOTAL       0                 7      -7
 SINCE 1/1          0                 7      -7
..............................................................

WIND (MPH)
AVERAGE WIND SPEED              6.5
HIGHEST WIND SPEED/DIRECTION    29/240    DATE  06/20
HIGHEST GUST SPEED/DIRECTION    42/240    DATE  06/20

SKY COVER
POSSIBLE SUNSHINE (PERCENT)   MM
AVERAGE SKY COVER           0.40
NUMBER OF DAYS FAIR           12
NUMBER OF DAYS PC             15
NUMBER OF DAYS CLOUDY          3

AVERAGE RH (PERCENT)     58

WEATHER CONDITIONS. NUMBER OF DAYS WITH
THUNDERSTORM              0     MIXED PRECIP               0
HEAVY RAIN                1     RAIN                       6
LIGHT RAIN               19     FREEZING RAIN              0
LT FREEZING RAIN          0     HAIL                       0
HEAVY SNOW                0     SNOW                       1
LIGHT SNOW                1     SLEET                      0
FOG                       7     FOG W/VIS <= 1/4 MILE      0
HAZE                      1

-  INDICATES NEGATIVE NUMBERS.
R  INDICATES RECORD WAS SET OR TIED.
MM INDICATES DATA IS MISSING.
T  INDICATES TRACE AMOUNT.

$$




U.S. Dept. of Commerce
NOAA National Weather Service
1325 East West Highway
Silver Spring, MD 20910
E-mail: w-nws.webmaster@noaa.gov
Page last modified: May 16, 2007
NATIONAL WEATHER SERVICE: for Safety, for Work, for Fun - FOR LIFE