250
CXAK59 PABR 030031 CCA
CLMBRW

CLIMATE REPORT
NATIONAL WEATHER SERVICE BARROW, AK
331 PM AKST SUN NOV 2 2014

...................................

...THE BARROW WSO AP CLIMATE SUMMARY FOR THE MONTH OF OCTOBER 2014...

CLIMATE NORMAL PERIOD 1981 TO 2010
CLIMATE RECORD PERIOD 1915 TO 2014

WEATHER         OBSERVED          NORMAL  DEPART  LAST YEAR`S
                 VALUE   DATE(S)  VALUE   FROM    VALUE  DATE(S)
                                          NORMAL
................................................................
TEMPERATURE (F)
RECORD
 HIGH              43   10/03/1954
 LOW              -32   10/27/1970
HIGHEST            34   10/01        34       0      35  10/18
LOWEST              4                -8      12      -2  10/31
AVG. MAXIMUM       24.8              21.8     3.0    28.9
AVG. MINIMUM       17.8              12.6     5.2    20.5
MEAN               21.3              17.2     4.1    24.7
DAYS MAX >= 90      0                 0.0     0.0     0
DAYS MAX <= 32     30                28.4     1.6    28
DAYS MAX >= 80      0                 0.0     0.0     0
DAYS MAX >= 70      0                 0.0     0.0     0
DAYS MIN <= 32     31                30.8     0.2    31
DAYS MIN <= 0       0                 5.6    -5.6     1

PRECIPITATION (INCHES)
RECORD
 MAXIMUM            1.65   1925
 MINIMUM            0.12   1930
TOTALS              1.12              0.41    0.71    0.49
DAILY AVG.          0.04              0.02    0.02    0.02
DAYS >= .01        19                12.2     6.8    14
DAYS >= .10         3                 0.6     2.4     1
DAYS >= .50         0                 0.0     0.0     0
DAYS >= 1.0         0                 0.0     0.0     0
GREATEST
 24 HR TOTAL        0.23   10/02-03                   0.11  10/14

SNOWFALL (INCHES)
RECORDS
 TOTAL             23.8   2011
 24 HR TOTAL       15.0   10-26-1926
 SNOW DEPTH        12     10-30-2008
TOTALS             14.0               9.1     4.9     7.1
SINCE 7/1          24.9              14.8    10.1    16.3
SNOWDEPTH AVG.      3                 4      -1       2
DAYS >= TRACE      31                26.9     4.1    27
DAYS >= 1.0         5                 2.6     2.4     2
DAYS >= 6.0         0                 0.0     0.0     0
GREATEST
 SNOW DEPTH         5   10/31                         4  10/03
 24 HR TOTAL      2.7   10/02-03                    1.4  10/24

DEGREE_DAYS
HEATING TOTAL    1346              1482    -136    1241
 SINCE 7/1       3952              4022     -70    3654
COOLING TOTAL       0                 0       0       0
 SINCE 1/1          0                 0       0       0
................................................................

WIND (MPH)
AVERAGE WIND SPEED               15.8
HIGHEST WIND SPEED/DIRECTION     41/060    DATE   10/20
HIGHEST GUST SPEED/DIRECTION     50/060    DATE   10/20

SKY COVER
POSSIBLE SUNSHINE (PERCENT)   MM
AVERAGE SKY COVER             MM
NUMBER OF DAYS FAIR           MM
NUMBER OF DAYS PC             MM
NUMBER OF DAYS CLOUDY         MM

AVERAGE RH (PERCENT)     MM

WEATHER CONDITIONS. NUMBER OF DAYS WITH
THUNDERSTORM              0     ICE PELLETS                 0
RAIN                      4     GLAZE                       5
DRIZZLE                   2     HAIL                        0
SNOW                     31     HAZE                        0
FOG                      22     FOG W/VIS <= 1/4 MILE       1
BLOWING SNOW             14


-  INDICATES NEGATIVE NUMBERS.
R  INDICATES RECORD WAS SET OR TIED.
MM INDICATES DATA IS MISSING.
T  INDICATES TRACE AMOUNT.

&&
4TH-  DAILY PCPN IS 0.02 IN.  ASOS HAS 0.01 WHICH IS NOT CORRECT. RFL
14TH- GLAZE REPORTED BUT NOT ENTERED ON ASOS. RFL
16TH- DAILY SNOWFALL IS 0.1 IN. ASOS HAS TRACE WHICH IS NOT CORRECT. RFL
18TH- SNOW DEPTH IS 3 IN. NO FOG OR MIST ON THIS DAY. ASOS HAD 2 IN
         SNOW DEPTH DEPTH WHICH IS NOT CORRECT. ASOS HAD FOG AND THAT IS
         NOT CORRECT. RFL
19TH- SNOW DEPTH IS 3 IN. ASOS HAD 2 IN SNOW DEPTH WHICH IS NOT CORRECT. RFL

$$
RFL NOV 14





U.S. Dept. of Commerce
NOAA National Weather Service
1325 East West Highway
Silver Spring, MD 20910
E-mail: w-nws.webmaster@noaa.gov
Page last modified: May 16, 2007
NATIONAL WEATHER SERVICE: for Safety, for Work, for Fun - FOR LIFE