590
CXUS44 KBRO 011314
CLMBRO


CLIMATE REPORT
NATIONAL WEATHER SERVICE BROWNSVILLE TX
814 AM CDT MON SEP 1 2014

...................................

...THE BROWNSVILLE CLIMATE SUMMARY FOR THE MONTH OF AUGUST 2014...

CLIMATE NORMAL PERIOD 1981 TO 2010
CLIMATE RECORD PERIOD 1878 TO 2014

WEATHER         OBSERVED          NORMAL  DEPART  LAST YEAR`S
                 VALUE   DATE(S)  VALUE   FROM    VALUE  DATE(S)
                                          NORMAL
................................................................
TEMPERATURE (F)
HIGHEST            99   08/27        98       1       MM  MM
                        08/26
                        08/15
LOWEST             74   08/05        72       2       MM  MM
                        08/04
AVG. MAXIMUM     96.3              94.4     1.9       MM
AVG. MINIMUM     76.9              76.2     0.7       MM
MEAN             86.6              85.3     1.3       MM
DAYS MAX >= 90     30              28.6     1.4       MM
DAYS MAX <= 32      0               0.0     0.0       MM
DAYS MIN <= 32      0               0.0     0.0       MM
DAYS MIN <= 0       0               0.0     0.0       MM

PRECIPITATION (INCHES)
TOTALS           1.91              2.44   -0.53       MM
DAILY AVG.       0.06              0.08   -0.02       MM
DAYS >= .01         5               6.6    -1.6       MM
DAYS >= .10         3               4.1    -1.1       MM
DAYS >= .50         1               1.6    -0.6       MM
DAYS >= 1.00        1               0.7     0.3       MM
GREATEST
 24 HR. TOTAL    1.68   08/29 TO 08/30
 STORM TOTAL       MM
 (MM/DD(HH))            MM

SNOWFALL (INCHES)
TOTALS            0.0               0.0     0.0       MM
SINCE 7/1         0.0               0.0     0.0
SNOWDEPTH AVG.      0                MM      MM

DEGREE_DAYS
HEATING TOTAL       0                 0       0       MM
 SINCE 7/1          0                 0       0       MM
COOLING TOTAL     677               629      48       MM
 SINCE 1/1       2820              2907     -87       MM
.................................................................

WIND (MPH)
AVERAGE WIND SPEED              9.7
HIGHEST WIND SPEED/DIRECTION    43/180    DATE  08/18
HIGHEST GUST SPEED/DIRECTION    53/180    DATE  08/18

SKY COVER
POSSIBLE SUNSHINE (PERCENT)   MM
AVERAGE SKY COVER           0.20
NUMBER OF DAYS FAIR           27
NUMBER OF DAYS PC              4
NUMBER OF DAYS CLOUDY          0

AVERAGE RH (PERCENT)     71

WEATHER CONDITIONS. NUMBER OF DAYS WITH
THUNDERSTORM              0     MIXED PRECIP               0
HEAVY RAIN                1     RAIN                       2
LIGHT RAIN                6     FREEZING RAIN              0
LT FREEZING RAIN          0     HAIL                       0
HEAVY SNOW                0     SNOW                       0
LIGHT SNOW                0     SLEET                      0
FOG                       0     FOG W/VIS <= 1/4 MILE      0
HAZE                      0

-  INDICATES NEGATIVE NUMBERS.
R  INDICATES RECORD WAS SET OR TIED.
MM INDICATES DATA IS MISSING.
T  INDICATES TRACE AMOUNT.

$$




U.S. Dept. of Commerce
NOAA National Weather Service
1325 East West Highway
Silver Spring, MD 20910
E-mail: w-nws.webmaster@noaa.gov
Page last modified: May 16, 2007
NATIONAL WEATHER SERVICE: for Safety, for Work, for Fun - FOR LIFE