992
CXUS44 KBRO 011338
CLMBRO


CLIMATE REPORT
NATIONAL WEATHER SERVICE BROWNSVILLE TX
836 AM CDT TUE JUL 1 2014

...................................

...THE BROWNSVILLE CLIMATE SUMMARY FOR THE MONTH OF JUNE 2014...

CLIMATE NORMAL PERIOD 1981 TO 2010
CLIMATE RECORD PERIOD 1878 TO 2014

WEATHER         OBSERVED          NORMAL  DEPART  LAST YEAR`S
                 VALUE   DATE(S)  VALUE   FROM    VALUE  DATE(S)
                                          NORMAL
................................................................
TEMPERATURE (F)
HIGHEST            96   06/12        95       1      102  06/29
LOWEST             72   06/01        68       4       72  06/04
                                                          06/03
AVG. MAXIMUM     92.5              92.1     0.4     94.4
AVG. MINIMUM     76.7              75.7     1.0     76.5
MEAN             84.6              83.9     0.7     85.5
DAYS MAX >= 90     28              24.4     3.6       29
DAYS MAX <= 32      0               0.0     0.0        0
DAYS MIN <= 32      0               0.0     0.0        0
DAYS MIN <= 0       0               0.0     0.0        0

PRECIPITATION (INCHES)
TOTALS           0.64              2.57   -1.93     0.85
DAILY AVG.       0.02              0.09   -0.07     0.03
DAYS >= .01         4               5.9    -1.9        5
DAYS >= .10         2               3.6    -1.6        2
DAYS >= .50         0               1.4    -1.4        0
DAYS >= 1.00        0               0.6    -0.6        0
GREATEST
 24 HR. TOTAL    0.28   06/25 TO 06/26

DEGREE_DAYS
HEATING TOTAL       0                 0       0        0
 SINCE 7/1        824               554     270      329
COOLING TOTAL     597               567      30      623
 SINCE 1/1       1519              1660    -141     1745

WIND (MPH)
AVERAGE WIND SPEED              12.9
HIGHEST WIND SPEED/DIRECTION    31/170    DATE  06/25
HIGHEST GUST SPEED/DIRECTION    39/170    DATE  06/25

SKY COVER
POSSIBLE SUNSHINE (PERCENT)   MM
AVERAGE SKY COVER           0.40
NUMBER OF DAYS FAIR           16
NUMBER OF DAYS PC             12
NUMBER OF DAYS CLOUDY          2

AVERAGE RH (PERCENT)     75

WEATHER CONDITIONS. NUMBER OF DAYS WITH
THUNDERSTORM              0     MIXED PRECIP               0
HEAVY RAIN                1     RAIN                       4
LIGHT RAIN                8     FREEZING RAIN              0
LT FREEZING RAIN          0     HAIL                       0
HEAVY SNOW                0     SNOW                       0
LIGHT SNOW                0     SLEET                      0
FOG                       9     FOG W/VIS <= 1/4 MILE      0
HAZE                      0

-  INDICATES NEGATIVE NUMBERS.
R  INDICATES RECORD WAS SET OR TIED.
MM INDICATES DATA IS MISSING.
T  INDICATES TRACE AMOUNT.

$$





U.S. Dept. of Commerce
NOAA National Weather Service
1325 East West Highway
Silver Spring, MD 20910
E-mail: w-nws.webmaster@noaa.gov
Page last modified: May 16, 2007
NATIONAL WEATHER SERVICE: for Safety, for Work, for Fun - FOR LIFE