338
CXUS44 KBRO 021657
CLMBRO


CLIMATE REPORT
NATIONAL WEATHER SERVICE BROWNSVILLE TX
1055 AM CST TUE DEC 2 2014

...................................

...THE BROWNSVILLE CLIMATE SUMMARY FOR THE MONTH OF NOVEMBER 2014...

CLIMATE NORMAL PERIOD 1981 TO 2010
CLIMATE RECORD PERIOD 1878 TO 2014

WEATHER         OBSERVED          NORMAL  DEPART  LAST YEAR`S
                 VALUE   DATE(S)  VALUE   FROM    VALUE  DATE(S)
                                          NORMAL
................................................................
TEMPERATURE (F)
HIGHEST            86   11/23        89      -3       88  11/22
                        11/11                             11/21
                        11/04                             11/20
LOWEST             39   11/13        42      -3       36  11/28
AVG. MAXIMUM     74.1              79.1    -5.0     76.1
AVG. MINIMUM     55.4              59.6    -4.2     57.7
MEAN             64.7              69.4    -4.7     66.9
DAYS MAX >= 90      0               0.4    -0.4        0
DAYS MAX <= 32      0               0.0     0.0        0
DAYS MIN <= 32      0               0.0     0.0        0
DAYS MIN <= 0       0               0.0     0.0        0

PRECIPITATION (INCHES)
TOTALS           3.46              1.82    1.64     1.93
DAILY AVG.       0.12              0.06    0.06     0.06
DAYS >= .01        12               6.0     6.0       10
DAYS >= .10         4               2.9     1.1        5
DAYS >= .50         2               1.0     1.0        1
DAYS >= 1.00        2               0.5     1.5        1
GREATEST
 24 HR. TOTAL    1.69   11/07 TO 11/07

DEGREE_DAYS
HEATING TOTAL     113                50      63      108
 SINCE 7/1        113                54      59      108
COOLING TOTAL     111               180     -69      173
 SINCE 1/1       3900              3945     -45     4120
.................................................................

WIND (MPH)
AVERAGE WIND SPEED              9.7
HIGHEST WIND SPEED/DIRECTION    32/140    DATE  11/22
HIGHEST GUST SPEED/DIRECTION    41/140    DATE  11/22

SKY COVER
POSSIBLE SUNSHINE (PERCENT)   MM
AVERAGE SKY COVER           0.60
NUMBER OF DAYS FAIR            8
NUMBER OF DAYS PC             10
NUMBER OF DAYS CLOUDY         12

AVERAGE RH (PERCENT)     75

WEATHER CONDITIONS. NUMBER OF DAYS WITH
THUNDERSTORM              0     MIXED PRECIP               0
HEAVY RAIN                3     RAIN                       4
LIGHT RAIN               17     FREEZING RAIN              0
LT FREEZING RAIN          0     HAIL                       0
HEAVY SNOW                0     SNOW                       0
LIGHT SNOW                0     SLEET                      0
FOG                      22     FOG W/VIS <= 1/4 MILE      5
HAZE                      2

-  INDICATES NEGATIVE NUMBERS.
R  INDICATES RECORD WAS SET OR TIED.
MM INDICATES DATA IS MISSING.
T  INDICATES TRACE AMOUNT.

$$





U.S. Dept. of Commerce
NOAA National Weather Service
1325 East West Highway
Silver Spring, MD 20910
E-mail: w-nws.webmaster@noaa.gov
Page last modified: May 16, 2007
NATIONAL WEATHER SERVICE: for Safety, for Work, for Fun - FOR LIFE