275
CXUS53 KDVN 011249
CLMBRL


CLIMATE REPORT
NATIONAL WEATHER SERVICE QUAD CITIES IA IL
641 AM CST MON DEC 1 2014

...................................

...THE BURLINGTON IA CLIMATE SUMMARY FOR THE MONTH OF NOVEMBER 2014...

CLIMATE NORMAL PERIOD 1981 TO 2010
CLIMATE RECORD PERIOD 1897 TO 2014

WEATHER         OBSERVED          NORMAL  DEPART
                 VALUE   DATE(S)  VALUE   FROM
                                          NORMAL
................................................
TEMPERATURE (F)
RECORD
 HIGH              86   11/17/1899
 LOW               -2   11/08/1991
                        11/26/1977
                        11/29/1976
HIGHEST            69   11/10        59      10
                        11/03
LOWEST              4   11/27        26     -22
AVG. MAXIMUM     43.0              51.5    -8.5
AVG. MINIMUM     24.5              33.3    -8.8
MEAN             33.8              42.4    -8.6
DAYS MAX >= 90      0
DAYS MAX <= 32     12
DAYS MIN <= 32     23
DAYS MIN <= 0       0

PRECIPITATION (INCHES)
TOTALS           1.39              2.50   -1.11
DAILY AVG.       0.05              0.08   -0.03
DAYS >= .01         9
DAYS >= .10         4
DAYS >= .50         1
DAYS >= 1.00        0
GREATEST
 24 HR. TOTAL    1.01   11/23 TO 11/24

DEGREE_DAYS
HEATING TOTAL     928               679     249
 SINCE 7/1       1377              1073     304
COOLING TOTAL       0                 1      -1
 SINCE 1/1        940              1207    -267
.................................................

WIND (MPH)
AVERAGE WIND SPEED              10.2
HIGHEST WIND SPEED/DIRECTION    29/330    DATE  11/06
HIGHEST GUST SPEED/DIRECTION    44/330    DATE  11/06

SKY COVER
POSSIBLE SUNSHINE (PERCENT)   MM
AVERAGE SKY COVER           0.50
NUMBER OF DAYS FAIR            9
NUMBER OF DAYS PC             13
NUMBER OF DAYS CLOUDY          8

AVERAGE RH (PERCENT)     71

WEATHER CONDITIONS. NUMBER OF DAYS WITH
THUNDERSTORM              0     HAIL                       0
SLEET                     0     FOG                       11
FOG W/VIS <= 1/4 MILE     2     HAZE                       7

-  INDICATES NEGATIVE NUMBERS.
R  INDICATES RECORD WAS SET OR TIED.
MM INDICATES DATA IS MISSING.
T  INDICATES TRACE AMOUNT.

$$







U.S. Dept. of Commerce
NOAA National Weather Service
1325 East West Highway
Silver Spring, MD 20910
E-mail: w-nws.webmaster@noaa.gov
Page last modified: May 16, 2007
NATIONAL WEATHER SERVICE: for Safety, for Work, for Fun - FOR LIFE