012
CXUS53 KDVN 011210
CLMBRL


CLIMATE REPORT
NATIONAL WEATHER SERVICE QUAD CITIES IA IL
710 AM CDT TUE APR 1 2014

...................................

...THE BURLINGTON IA CLIMATE SUMMARY FOR THE MONTH OF MARCH 2014...

CLIMATE NORMAL PERIOD 1981 TO 2010
CLIMATE RECORD PERIOD 1897 TO 2014

WEATHER         OBSERVED          NORMAL  DEPART
                 VALUE   DATE(S)  VALUE   FROM
                                          NORMAL
................................................
TEMPERATURE (F)
RECORD
 HIGH              88   03/29/1986
                        03/23/1910
                        03/21/1907
 LOW              -13   03/05/1960
HIGHEST            70   03/31        55      15
LOWEST             -8   03/03        26     -34
AVG. MAXIMUM     43.8              51.5    -7.7
AVG. MINIMUM     23.4              31.7    -8.3
MEAN             33.6              41.6    -8.0
DAYS MAX >= 90      0
DAYS MAX <= 32      5
DAYS MIN <= 32     22
DAYS MIN <= 0       2

PRECIPITATION (INCHES)
TOTALS           1.17              2.79   -1.62
DAILY AVG.       0.04              0.09   -0.05
DAYS >= .01        11
DAYS >= .10         5
DAYS >= .50         0
DAYS >= 1.00        0
GREATEST
 24 HR. TOTAL    0.38   03/11 TO 03/12

DEGREE_DAYS
HEATING TOTAL     965               728     237
 SINCE 7/1       6288              5106    1182
COOLING TOTAL       0                 2      -2
 SINCE 1/1          0                 2      -2
.................................................

WIND (MPH)
AVERAGE WIND SPEED              10.7
HIGHEST WIND SPEED/DIRECTION    32/180    DATE  03/31
HIGHEST GUST SPEED/DIRECTION    43/190    DATE  03/31

SKY COVER
POSSIBLE SUNSHINE (PERCENT)   MM
AVERAGE SKY COVER           0.40
NUMBER OF DAYS FAIR           19
NUMBER OF DAYS PC              5
NUMBER OF DAYS CLOUDY          7

AVERAGE RH (PERCENT)     68

WEATHER CONDITIONS. NUMBER OF DAYS WITH
THUNDERSTORM              2     HAIL                       0
SLEET                     0     FOG                       16
FOG W/VIS <= 1/4 MILE     1     HAZE                      10

-  INDICATES NEGATIVE NUMBERS.
R  INDICATES RECORD WAS SET OR TIED.
MM INDICATES DATA IS MISSING.
T  INDICATES TRACE AMOUNT.

$$






U.S. Dept. of Commerce
NOAA National Weather Service
1325 East West Highway
Silver Spring, MD 20910
E-mail: w-nws.webmaster@noaa.gov
Page last modified: May 16, 2007
NATIONAL WEATHER SERVICE: for Safety, for Work, for Fun - FOR LIFE