790
CXUS53 KDVN 011505
CLMBRL


CLIMATE REPORT
NATIONAL WEATHER SERVICE QUAD CITIES IA IL
956 AM CDT SAT NOV 1 2014

...................................

...THE BURLINGTON IA CLIMATE SUMMARY FOR THE MONTH OF OCTOBER 2014...

CLIMATE NORMAL PERIOD 1981 TO 2010
CLIMATE RECORD PERIOD 1897 TO 2014

WEATHER         OBSERVED          NORMAL  DEPART
                 VALUE   DATE(S)  VALUE   FROM
                                          NORMAL
................................................
TEMPERATURE (F)
RECORD
 HIGH              95   10/03/2006
                        10/13/1899
                        09/06/1922
 LOW               10   10/30/1925
HIGHEST            76   10/27        72       4
LOWEST             29   10/31        40     -11
AVG. MAXIMUM     63.5              66.1    -2.6
AVG. MINIMUM     44.1              44.6    -0.5
MEAN             53.8              55.4    -1.6
DAYS MAX >= 90      0
DAYS MAX <= 32      0
DAYS MIN <= 32      1
DAYS MIN <= 0       0

PRECIPITATION (INCHES)
TOTALS           4.13              3.12    1.01
DAILY AVG.       0.13              0.10    0.03
DAYS >= .01         7
DAYS >= .10         5
DAYS >= .50         4
DAYS >= 1.00        2
GREATEST
 24 HR. TOTAL    1.80   10/13 TO 10/14

DEGREE_DAYS
HEATING TOTAL     341               323      18
 SINCE 7/1        449               394      55
COOLING TOTAL       3                24     -21
 SINCE 1/1        940              1206    -266
.................................................

WIND (MPH)
AVERAGE WIND SPEED              8.1
HIGHEST WIND SPEED/DIRECTION    29/340    DATE  10/03
HIGHEST GUST SPEED/DIRECTION    39/310    DATE  10/03

SKY COVER
POSSIBLE SUNSHINE (PERCENT)   MM
AVERAGE SKY COVER           0.40
NUMBER OF DAYS FAIR           16
NUMBER OF DAYS PC              8
NUMBER OF DAYS CLOUDY          7

AVERAGE RH (PERCENT)     73

WEATHER CONDITIONS. NUMBER OF DAYS WITH
THUNDERSTORM              0     HAIL                       0
SLEET                     0     FOG                       11
FOG W/VIS <= 1/4 MILE     6     HAZE                       3

-  INDICATES NEGATIVE NUMBERS.
R  INDICATES RECORD WAS SET OR TIED.
MM INDICATES DATA IS MISSING.
T  INDICATES TRACE AMOUNT.

$$





U.S. Dept. of Commerce
NOAA National Weather Service
1325 East West Highway
Silver Spring, MD 20910
E-mail: w-nws.webmaster@noaa.gov
Page last modified: May 16, 2007
NATIONAL WEATHER SERVICE: for Safety, for Work, for Fun - FOR LIFE