334
CXUS53 KDVN 011459
CLMBRL


CLIMATE REPORT
NATIONAL WEATHER SERVICE QUAD CITIES IA IL
957 AM CDT MON SEP 1 2014

...................................

...THE BURLINGTON IA CLIMATE SUMMARY FOR THE MONTH OF AUGUST 2014...

CLIMATE NORMAL PERIOD 1981 TO 2010
CLIMATE RECORD PERIOD 1897 TO 2014

WEATHER         OBSERVED          NORMAL  DEPART
                 VALUE   DATE(S)  VALUE   FROM
                                          NORMAL
................................................
TEMPERATURE (F)
RECORD
 HIGH             110   08/08/1934
 LOW               41   08/20/1950
HIGHEST            93   08/25        86       7
LOWEST             51   08/13        63     -12
AVG. MAXIMUM     81.9              85.0    -3.1
AVG. MINIMUM     65.6              65.1     0.5
MEAN             73.8              75.1    -1.3
DAYS MAX >= 90      2
DAYS MAX <= 32      0
DAYS MIN <= 32      0
DAYS MIN <= 0       0

PRECIPITATION (INCHES)
TOTALS           6.21              4.27    1.94
DAILY AVG.       0.20              0.14    0.06
DAYS >= .01        15
DAYS >= .10        11
DAYS >= .50         5
DAYS >= 1.00        1
GREATEST
 24 HR. TOTAL    1.38   08/28

DEGREE_DAYS
HEATING TOTAL       0                 3      -3
 SINCE 7/1          7                 4       3
COOLING TOTAL     279               314     -35
 SINCE 1/1        854              1043    -189
.................................................

WIND (MPH)
AVERAGE WIND SPEED              6.0
HIGHEST WIND SPEED/DIRECTION    28/280    DATE  08/23
HIGHEST GUST SPEED/DIRECTION    36/280    DATE  08/23

SKY COVER
POSSIBLE SUNSHINE (PERCENT)   MM
AVERAGE SKY COVER           0.40
NUMBER OF DAYS FAIR           17
NUMBER OF DAYS PC              8
NUMBER OF DAYS CLOUDY          6

AVERAGE RH (PERCENT)     81

WEATHER CONDITIONS. NUMBER OF DAYS WITH
THUNDERSTORM              0     HAIL                       0
SLEET                     0     FOG                       26
FOG W/VIS <= 1/4 MILE     8     HAZE                       8

-  INDICATES NEGATIVE NUMBERS.
R  INDICATES RECORD WAS SET OR TIED.
MM INDICATES DATA IS MISSING.
T  INDICATES TRACE AMOUNT.

$$





U.S. Dept. of Commerce
NOAA National Weather Service
1325 East West Highway
Silver Spring, MD 20910
E-mail: w-nws.webmaster@noaa.gov
Page last modified: May 16, 2007
NATIONAL WEATHER SERVICE: for Safety, for Work, for Fun - FOR LIFE