306
CXUS53 KDVN 012100
CLMBRL


CLIMATE REPORT
NATIONAL WEATHER SERVICE QUAD CITIES IA IL
400 PM CDT TUE JUL 1 2014

...................................

...THE BURLINGTON IA CLIMATE SUMMARY FOR THE MONTH OF JUNE 2014...

CLIMATE NORMAL PERIOD 1981 TO 2010
CLIMATE RECORD PERIOD 1897 TO 2014

WEATHER         OBSERVED          NORMAL  DEPART
                 VALUE   DATE(S)  VALUE   FROM
                                          NORMAL
................................................
TEMPERATURE (F)
RECORD
 HIGH             105   06/29/1934
                        06/27/1934
 LOW               39   06/08/1913
HIGHEST            89   06/19        84       5
                        06/18
LOWEST             52   06/13        59      -7
AVG. MAXIMUM     82.4              83.6    -1.2
AVG. MINIMUM     63.9              62.9     1.0
MEAN             73.2              73.3    -0.1
DAYS MAX >= 90      0
DAYS MAX <= 32      0
DAYS MIN <= 32      0
DAYS MIN <= 0       0

PRECIPITATION (INCHES)
TOTALS           9.09              4.47    4.62
DAILY AVG.       0.30              0.15    0.15
DAYS >= .01        15
DAYS >= .10        10
DAYS >= .50         6
DAYS >= 1.00        3
GREATEST
 24 HR. TOTAL    3.14   06/22 TO 06/23

DEGREE_DAYS
HEATING TOTAL       2                13     -11
 SINCE 7/1       6826              5600    1226
COOLING TOTAL     255               260      -5
 SINCE 1/1        393               363      30
.................................................

WIND (MPH)
AVERAGE WIND SPEED              7.8
HIGHEST WIND SPEED/DIRECTION    39/010    DATE  06/30
HIGHEST GUST SPEED/DIRECTION    53/030    DATE  06/30

SKY COVER
POSSIBLE SUNSHINE (PERCENT)   MM
AVERAGE SKY COVER           0.30
NUMBER OF DAYS FAIR           18
NUMBER OF DAYS PC             10
NUMBER OF DAYS CLOUDY          2

AVERAGE RH (PERCENT)     76

WEATHER CONDITIONS. NUMBER OF DAYS WITH
THUNDERSTORM              7     HAIL                       0
SLEET                     0     FOG                       21
FOG W/VIS <= 1/4 MILE     1     HAZE                       6

-  INDICATES NEGATIVE NUMBERS.
R  INDICATES RECORD WAS SET OR TIED.
MM INDICATES DATA IS MISSING.
T  INDICATES TRACE AMOUNT.

$$





U.S. Dept. of Commerce
NOAA National Weather Service
1325 East West Highway
Silver Spring, MD 20910
E-mail: w-nws.webmaster@noaa.gov
Page last modified: May 16, 2007
NATIONAL WEATHER SERVICE: for Safety, for Work, for Fun - FOR LIFE