181
CXUS55 KRIW 011818
CLMBPI

CLIMATE REPORT
NATIONAL WEATHER SERVICE RIVERTON WY
1216 PM MDT FRI AUG 1 2014


...PRELIMINARY MONTHLY CLIMATE SUMMARY FOR THE MILEY MEMORIAL FIELD
IN BIG PINEY FOR THE MONTH OF JULY 2014...

...OFFICIAL CLIMATE DATA FOR THE MONTH OF JULY 2014 WILL BE
AVAILABLE APPROXIMATELY IN SEPTEMBER 2014 FROM THE NATIONAL CLIMATIC
DATA CENTER (HTTP://WWW.NCDC.NOAA.GOV/OL/CLIMATEDATA.HTML).
UNOFFICIAL ASOS DAILY SUMMARIES ARE AVAILABLE ON THE INTERNET AT
HTTP://WWW.CRH.NOAA.GOV/RIW/CLIMATE/...

...JULY WAS WARMER AND DRIER THAN NORMAL IN BIG PINEY...

THE AVERAGE TEMPERATURE FOR BIG PINEY IN JULY WAS 63.9 DEGREES...
WHICH WAS 2.0 DEGREES ABOVE NORMAL. THE WARMEST DAILY HIGH FOR THE
MONTH WAS 92 DEGREES ON 23RD...AND COLDEST READING WAS 31 DEGREES ON
THE 1ST. ONLY ONE TEMPERATURE RECORD WAS SET IN JULY...AND IT WAS A
RECORD DAILY LOW OF 31 DEGREES ON THE 1ST. THE OLD RECORD WAS 33
DEGREES THAT WAS SET BACK IN 1991.

TOTAL PRECIPITATION FOR THE MONTH WAS 0.44 INCHES...WHICH WAS 62
PERCENT OF NORMAL. THE WETTEST 24 HOUR PERIOD OF THE MONTH WAS THE
29TH AND 30TH...WHEN 0.15 OF AN INCH OF PRECIPITATION OCCURRED. THE
HIGHEST WIND GUST WAS 48 MPH...WHICH OCCURRED ON THE 17TH.


...THE BIG PINEY WY CLIMATE SUMMARY FOR THE MONTH OF JULY 2014...

CLIMATE NORMAL PERIOD 1981 TO 2010
CLIMATE RECORD PERIOD 1976 TO 2014

WEATHER         OBSERVED          NORMAL  DEPART
                 VALUE   DATE(S)  VALUE   FROM
                                          NORMAL
................................................
TEMPERATURE (F)
RECORD
 HIGH              96   07/14/2002
                        07/13/1976
 LOW               23   07/20/1987
HIGHEST            92   07/23
LOWEST             31   07/01
AVG. MAXIMUM     83.5              80.6     2.9
AVG. MINIMUM     44.3              43.3     1.0
MEAN             63.9              61.9     2.0
DAYS MAX >= 90      2
DAYS MAX <= 32      0
DAYS MIN <= 32      1
DAYS MIN <= 0       0

PRECIPITATION (INCHES)
RECORD
 MAXIMUM         2.66   1982
 MINIMUM            T   1990
                        1988
TOTALS           0.44              0.71   -0.27
DAILY AVG.       0.01
DAYS >= .01         8
DAYS >= .10         2
DAYS >= .50         0
DAYS >= 1.00        0
GREATEST
 24 HR. TOTAL    0.15   07/29 TO 07/30

DEGREE_DAYS
HEATING TOTAL      54               117     -63
 SINCE 7/1         54               117     -63
COOLING TOTAL      26                22       4
 SINCE 1/1         26                24       2
.................................................

WIND (MPH)
AVERAGE WIND SPEED              7.3
HIGHEST WIND SPEED/DIRECTION    38/320    DATE  07/17
HIGHEST GUST SPEED/DIRECTION    48/320    DATE  07/17

SKY COVER
POSSIBLE SUNSHINE (PERCENT)   MM
AVERAGE SKY COVER           0.10
NUMBER OF DAYS FAIR           27
NUMBER OF DAYS PC              2
NUMBER OF DAYS CLOUDY          2

AVERAGE RH (PERCENT)     47

WEATHER CONDITIONS. NUMBER OF DAYS WITH
THUNDERSTORM              6     MIXED PRECIP               0
HEAVY RAIN                2     RAIN                       3
LIGHT RAIN               11     FREEZING RAIN              0
LT FREEZING RAIN          0     HAIL                       0
HEAVY SNOW                0     SNOW                       0
LIGHT SNOW                0     SLEET                      0
FOG                       3     FOG W/VIS <= 1/4 MILE      0
HAZE                      2

-  INDICATES NEGATIVE NUMBERS.
R  INDICATES RECORD WAS SET OR TIED.
MM INDICATES DATA IS MISSING.
T  INDICATES TRACE AMOUNT.

LOOKING AHEAD TO AUGUST 2014...THE AVERAGE HIGH TEMPERATURE ON THE
FIRST OF THE MONTH IS 82 DEGREES...AND THE AVERAGE LOW TEMPERATURE
IS 43 DEGREES. THE AVERAGE HIGH BY THE END OF THE MONTH IS 75
DEGREES...AND THE AVERAGE LOW TEMPERATURE IS 36 DEGREES. THE AVERAGE
MONTHLY PRECIPITATION IS 0.69 INCHES.

$$






U.S. Dept. of Commerce
NOAA National Weather Service
1325 East West Highway
Silver Spring, MD 20910
E-mail: w-nws.webmaster@noaa.gov
Page last modified: May 16, 2007
NATIONAL WEATHER SERVICE: for Safety, for Work, for Fun - FOR LIFE