049
CXUS51 KBOX 011341
CLMBOS


CLIMATE REPORT
NATIONAL WEATHER SERVICE TAUNTON MA
804 AM EST MON DEC 1 2014

...................................

...THE BOSTON MA CLIMATE SUMMARY FOR THE MONTH OF NOVEMBER 2014...

CLIMATE NORMAL PERIOD 1981 TO 2010
CLIMATE RECORD PERIOD 1872 TO 2014

WEATHER         OBSERVED          NORMAL  DEPART
                 VALUE   DATE(S)  VALUE   FROM
                                          NORMAL
................................................
TEMPERATURE (F)
RECORD
 HIGH              83   11/02/1950
 LOW               -2   11/30/1875
HIGHEST            66   11/05
LOWEST             23   11/29
AVG. MAXIMUM     49.5              51.5    -2.0
AVG. MINIMUM     35.5              38.0    -2.5
MEAN             42.5              44.7    -2.2
DAYS MAX >= 90      0               0.0     0.0
DAYS MAX <= 32      0               0.3    -0.3
DAYS MIN <= 32     11               5.6     5.4
DAYS MIN <= 0       0               0.0     0.0

PRECIPITATION (INCHES)
RECORD
 MAXIMUM        11.03   1876
 MINIMUM         0.59   1917
TOTALS           5.27              3.99    1.28
DAILY AVG.       0.18              0.13    0.05
DAYS >= .01        10              10.6    -0.6
DAYS >= .10         8               6.6     1.4
DAYS >= .50         4               2.8     1.2
DAYS >= 1.00        2               1.0     1.0
GREATEST
 24 HR. TOTAL    1.64   11/16 TO 11/17

SNOWFALL (INCHES)
RECORDS
 TOTAL             MM   MM
 SNOW DEPTH        MM   MM
TOTALS            2.6               1.3     1.3
SINCE 7/1         2.6               1.3     1.3
SNOWDEPTH AVG.     MM
DAYS >= 1.0         1               0.4     0.6
GREATEST
 SNOW DEPTH        MM
 24 HR TOTAL      2.3   11/28 TO 11/28

DEGREE_DAYS
HEATING TOTAL     666               608      58
 SINCE 7/1       1013              1055     -42
COOLING TOTAL       0                 0       0
 SINCE 1/1        769               747      22
.................................................

WIND (MPH)
AVERAGE WIND SPEED              10.9
RESULTANT WIND SPEED/DIRECTION   6/269
HIGHEST WIND SPEED/DIRECTION    35/320    DATE  11/02
HIGHEST GUST SPEED/DIRECTION    44/330    DATE  11/02

SKY COVER
POSSIBLE SUNSHINE (PERCENT)   MM
AVERAGE SKY COVER           0.60
NUMBER OF DAYS FAIR            6
NUMBER OF DAYS PC             13
NUMBER OF DAYS CLOUDY         11

AVERAGE RH (PERCENT)     62

WEATHER CONDITIONS. NUMBER OF DAYS WITH
THUNDERSTORM              0     MIXED PRECIP               1
HEAVY RAIN                3     RAIN                       8
LIGHT RAIN               12     FREEZING RAIN              0
LT FREEZING RAIN          0     HAIL                       1
HEAVY SNOW                0     SNOW                       3
LIGHT SNOW                5     SLEET                      1
FOG                      13     FOG W/VIS <= 1/4 MILE      1
HAZE                      0

-  INDICATES NEGATIVE NUMBERS.
R  INDICATES RECORD WAS SET OR TIED.
MM INDICATES DATA IS MISSING.
T  INDICATES TRACE AMOUNT.

$$

SIPPRELL






U.S. Dept. of Commerce
NOAA National Weather Service
1325 East West Highway
Silver Spring, MD 20910
E-mail: w-nws.webmaster@noaa.gov
Page last modified: May 16, 2007
NATIONAL WEATHER SERVICE: for Safety, for Work, for Fun - FOR LIFE