531
CXUS51 KBOX 012226
CLMBOS


CLIMATE REPORT
NATIONAL WEATHER SERVICE TAUNTON MA
616 PM EDT FRI AUG 1 2014

...................................

...THE BOSTON MA CLIMATE SUMMARY FOR THE MONTH OF JULY 2014...

CLIMATE NORMAL PERIOD 1981 TO 2010
CLIMATE RECORD PERIOD 1872 TO 2014

WEATHER         OBSERVED          NORMAL  DEPART
                 VALUE   DATE(S)  VALUE   FROM
                                          NORMAL
................................................
TEMPERATURE (F)
RECORD
 HIGH             104   07/04/1911
 LOW               50   07/06/1879
HIGHEST            92   07/23
                        07/08
                        07/03
LOWEST             59   07/05
AVG. MAXIMUM     82.2              81.4     0.8
AVG. MINIMUM     66.0              65.4     0.6
MEAN             74.1              73.4     0.7
DAYS MAX >= 90      4               4.3    -0.3
DAYS MAX <= 32      0               0.0     0.0
DAYS MIN <= 32      0               0.0     0.0
DAYS MIN <= 0       0               0.0     0.0

PRECIPITATION (INCHES)
RECORD
 MAXIMUM        11.69   1921
 MINIMUM         0.52   1952
TOTALS           4.57              3.43    1.14
DAILY AVG.       0.15              0.11    0.04
DAYS >= .01         8               9.6    -1.6
DAYS >= .10         7               6.2     0.8
DAYS >= .50         3               2.4     0.6
DAYS >= 1.00        1               0.8     0.2
GREATEST
 24 HR. TOTAL    2.23   07/04 TO 07/05

SNOWFALL (INCHES)
RECORDS
 TOTAL             MM   MM
 SNOW DEPTH        MM   MM
TOTALS            0.0               0.0     0.0
SINCE 7/1         0.0               0.0     0.0
SNOWDEPTH AVG.     MM
DAYS >= 1.0         0               0.0     0.0
GREATEST
 SNOW DEPTH        MM
 24 HR TOTAL      0.0   07/31 TO 07/31

DEGREE_DAYS
HEATING TOTAL       0                 6      -6
 SINCE 7/1          0                 6      -6
COOLING TOTAL     291               266      25
 SINCE 1/1        451               432      19
.................................................

WIND (MPH)
AVERAGE WIND SPEED              10.3
RESULTANT WIND SPEED/DIRECTION   6/214
HIGHEST WIND SPEED/DIRECTION    30/310    DATE  07/05
HIGHEST GUST SPEED/DIRECTION    43/270    DATE  07/03

SKY COVER
POSSIBLE SUNSHINE (PERCENT)   MM
AVERAGE SKY COVER           0.60
NUMBER OF DAYS FAIR            4
NUMBER OF DAYS PC             20
NUMBER OF DAYS CLOUDY          7

AVERAGE RH (PERCENT)     68

WEATHER CONDITIONS. NUMBER OF DAYS WITH
THUNDERSTORM              0     MIXED PRECIP               0
HEAVY RAIN                7     RAIN                       6
LIGHT RAIN               12     FREEZING RAIN              0
LT FREEZING RAIN          0     HAIL                       0
HEAVY SNOW                0     SNOW                       0
LIGHT SNOW                0     SLEET                      0
FOG                       9     FOG W/VIS <= 1/4 MILE      0
HAZE                      2

-  INDICATES NEGATIVE NUMBERS.
R  INDICATES RECORD WAS SET OR TIED.
MM INDICATES DATA IS MISSING.
T  INDICATES TRACE AMOUNT.

$$




U.S. Dept. of Commerce
NOAA National Weather Service
1325 East West Highway
Silver Spring, MD 20910
E-mail: w-nws.webmaster@noaa.gov
Page last modified: May 16, 2007
NATIONAL WEATHER SERVICE: for Safety, for Work, for Fun - FOR LIFE