724
CXUS51 KBOX 011449
CLMBOS


CLIMATE REPORT
NATIONAL WEATHER SERVICE TAUNTON MA
1039 AM EDT MON SEP 1 2014

...................................

...THE BOSTON MA CLIMATE SUMMARY FOR THE MONTH OF AUGUST 2014...

CLIMATE NORMAL PERIOD 1981 TO 2010
CLIMATE RECORD PERIOD 1872 TO 2014

WEATHER         OBSERVED          NORMAL  DEPART
                 VALUE   DATE(S)  VALUE   FROM
                                          NORMAL
................................................
TEMPERATURE (F)
RECORD
 HIGH             102   MM
 LOW               46   12/31/1999
HIGHEST            91   08/27
LOWEST             58   08/30
AVG. MAXIMUM     78.4              79.6    -1.2
AVG. MINIMUM     63.2              64.6    -1.4
MEAN             70.8              72.1    -1.3
DAYS MAX >= 90      1               2.8    -1.8
DAYS MAX <= 32      0               0.0     0.0
DAYS MIN <= 32      0               0.0     0.0
DAYS MIN <= 0       0               0.0     0.0

PRECIPITATION (INCHES)
RECORD
 MAXIMUM        17.09   1955
 MINIMUM         0.39   1883
TOTALS           1.75              3.35   -1.60
DAILY AVG.       0.06              0.11   -0.05
DAYS >= .01         7               9.4    -2.4
DAYS >= .10         2               5.8    -3.8
DAYS >= .50         2               2.0     0.0
DAYS >= 1.00        1               0.8     0.2
GREATEST
 24 HR. TOTAL    1.06   08/13 TO 08/13
                        08/12 TO 08/13
                        08/13 TO 08/13

SNOWFALL (INCHES)
RECORDS
 TOTAL             MM   MM
 SNOW DEPTH        MM   MM
TOTALS            0.0               0.0     0.0
SINCE 7/1         0.0               0.0     0.0
SNOWDEPTH AVG.      0
DAYS >= 1.0         0               0.0     0.0
GREATEST
 SNOW DEPTH         0   MM
 24 HR TOTAL      0.0   08/31 TO 08/31

DEGREE_DAYS
HEATING TOTAL       0                 7      -7
 SINCE 7/1          0                13     -13
COOLING TOTAL     188               227     -39
 SINCE 1/1        639               659     -20
.................................................

WIND (MPH)
AVERAGE WIND SPEED              9.0
RESULTANT WIND SPEED/DIRECTION   1/223
HIGHEST WIND SPEED/DIRECTION    25/100    DATE  08/13
HIGHEST GUST SPEED/DIRECTION    33/250    DATE  08/27

SKY COVER
POSSIBLE SUNSHINE (PERCENT)   MM
AVERAGE SKY COVER           0.50
NUMBER OF DAYS FAIR           14
NUMBER OF DAYS PC             11
NUMBER OF DAYS CLOUDY          6

AVERAGE RH (PERCENT)     68

WEATHER CONDITIONS. NUMBER OF DAYS WITH
THUNDERSTORM              0     MIXED PRECIP               0
HEAVY RAIN                2     RAIN                       2
LIGHT RAIN               10     FREEZING RAIN              0
LT FREEZING RAIN          0     HAIL                       0
HEAVY SNOW                0     SNOW                       0
LIGHT SNOW                0     SLEET                      0
FOG                       5     FOG W/VIS <= 1/4 MILE      0
HAZE                      2

-  INDICATES NEGATIVE NUMBERS.
R  INDICATES RECORD WAS SET OR TIED.
MM INDICATES DATA IS MISSING.
T  INDICATES TRACE AMOUNT.

$$




U.S. Dept. of Commerce
NOAA National Weather Service
1325 East West Highway
Silver Spring, MD 20910
E-mail: w-nws.webmaster@noaa.gov
Page last modified: May 16, 2007
NATIONAL WEATHER SERVICE: for Safety, for Work, for Fun - FOR LIFE