206
CXUS56 KBOI 012140
CLMBNO


CLIMATE REPORT
NATIONAL WEATHER SERVICE BOISE ID
340 PM MDT WED OCT 1 2014

...................................

...THE BURNS OR CLIMATE SUMMARY FOR THE MONTH OF SEPTEMBER 2014...

CLIMATE NORMAL PERIOD 1981 TO 2010
CLIMATE RECORD PERIOD 1939 TO 2014

WEATHER         OBSERVED          NORMAL  DEPART
                 VALUE   DATE(S)  VALUE   FROM
                                          NORMAL
................................................
TEMPERATURE (F)
HIGHEST            89   09/16        MM      MM
                        09/15
LOWEST             26   09/12        MM      MM
AVG. MAXIMUM     78.8              75.5     3.3
AVG. MINIMUM     37.4              36.3     1.1
MEAN             58.1              55.9     2.2
DAYS MAX >= 90      0
DAYS MAX <= 32      0
DAYS MIN <= 32      6
DAYS MIN <= 0       0

PRECIPITATION (INCHES)
RECORD
 MAXIMUM         2.13   1986
TOTALS           0.26              0.44   -0.18
DAYS >= .01         3
DAYS >= .10         1
DAYS >= .50         0
DAYS >= 1.00        0
GREATEST
 24 HR. TOTAL    0.25   09/27 TO 09/28

DEGREE_DAYS
HEATING TOTAL     194               282     -88
 SINCE 7/1        259               419    -160
COOLING TOTAL       5                 9      -4
 SINCE 1/1        318               215     103
.................................................

WIND (MPH)
AVERAGE WIND SPEED              7.4
RESULTANT WIND SPEED/DIRECTION   3/267
HIGHEST WIND SPEED/DIRECTION    33/320    DATE  09/27
HIGHEST GUST SPEED/DIRECTION    42/180    DATE  09/25

AVERAGE RH (PERCENT)     46


-  INDICATES NEGATIVE NUMBERS.
R  INDICATES RECORD WAS SET OR TIED.
MM INDICATES DATA IS MISSING.
T  INDICATES TRACE AMOUNT.

$$




U.S. Dept. of Commerce
NOAA National Weather Service
1325 East West Highway
Silver Spring, MD 20910
E-mail: w-nws.webmaster@noaa.gov
Page last modified: May 16, 2007
NATIONAL WEATHER SERVICE: for Safety, for Work, for Fun - FOR LIFE