374
CXUS56 KBOI 011810
CLMBNO


CLIMATE REPORT
NATIONAL WEATHER SERVICE BOISE ID
1209 PM MDT TUE APR 1 2014

...................................

...THE BURNS OR CLIMATE SUMMARY FOR THE MONTH OF MARCH 2014...

CLIMATE NORMAL PERIOD 1981 TO 2010
CLIMATE RECORD PERIOD 1939 TO 2014

WEATHER         OBSERVED          NORMAL  DEPART
                 VALUE   DATE(S)  VALUE   FROM
                                          NORMAL
................................................
TEMPERATURE (F)
HIGHEST            70   03/16        MM      MM
LOWEST             12   03/21        MM      MM
AVG. MAXIMUM     53.7              49.3     4.4
AVG. MINIMUM     25.2              25.4    -0.2
MEAN             39.5              37.3     2.2
DAYS MAX >= 90      0
DAYS MAX <= 32      0
DAYS MIN <= 32     27
DAYS MIN <= 0       0

PRECIPITATION (INCHES)
RECORD
 MAXIMUM         3.66   1983
TOTALS           1.32              1.09    0.23
DAYS >= .01        15
DAYS >= .10         6
DAYS >= .50         0
DAYS >= 1.00        0
GREATEST
 24 HR. TOTAL    0.30   03/09 TO 03/09

DEGREE_DAYS
HEATING TOTAL     784               857     -73
 SINCE 7/1       6067              6385    -318
COOLING TOTAL       0                 0       0
 SINCE 1/1          0                 0       0
.................................................

WIND (MPH)
AVERAGE WIND SPEED              7.7
RESULTANT WIND SPEED/DIRECTION   4/229
HIGHEST WIND SPEED/DIRECTION    40/230    DATE  03/17
HIGHEST GUST SPEED/DIRECTION    52/230    DATE  03/17

AVERAGE RH (PERCENT)     65


-  INDICATES NEGATIVE NUMBERS.
R  INDICATES RECORD WAS SET OR TIED.
MM INDICATES DATA IS MISSING.
T  INDICATES TRACE AMOUNT.

$$




U.S. Dept. of Commerce
NOAA National Weather Service
1325 East West Highway
Silver Spring, MD 20910
E-mail: w-nws.webmaster@noaa.gov
Page last modified: May 16, 2007
NATIONAL WEATHER SERVICE: for Safety, for Work, for Fun - FOR LIFE