571
CXUS56 KBOI 011639
CLMBNO


CLIMATE REPORT
NATIONAL WEATHER SERVICE BOISE ID
939 AM MST MON DEC 1 2014

...................................

...THE BURNS OR CLIMATE SUMMARY FOR THE MONTH OF NOVEMBER 2014...

CLIMATE NORMAL PERIOD 1981 TO 2010
CLIMATE RECORD PERIOD 1939 TO 2014

WEATHER         OBSERVED          NORMAL  DEPART
                 VALUE   DATE(S)  VALUE   FROM
                                          NORMAL
................................................
TEMPERATURE (F)
HIGHEST            70   11/06        MM      MM
LOWEST             -2   11/16        MM      MM
                        11/15
AVG. MAXIMUM     44.2              45.1    -0.9
AVG. MINIMUM     20.7              21.5    -0.8
MEAN             32.5              33.3    -0.8
DAYS MAX >= 90      0
DAYS MAX <= 32      7
DAYS MIN <= 32     26
DAYS MIN <= 0       3

PRECIPITATION (INCHES)
RECORD
 MAXIMUM         3.45   1942
TOTALS           1.06              1.17   -0.11
DAYS >= .01         9
DAYS >= .10         3
DAYS >= .50         0
DAYS >= 1.00        0
GREATEST
 24 HR. TOTAL    0.46   11/13 TO 11/14

DEGREE_DAYS
HEATING TOTAL     970               951      19
 SINCE 7/1       1730              2001    -271
COOLING TOTAL       0                 0       0
 SINCE 1/1        318               215     103
.................................................

WIND (MPH)
AVERAGE WIND SPEED              6.0
RESULTANT WIND SPEED/DIRECTION   2/267
HIGHEST WIND SPEED/DIRECTION    30/250    DATE  11/29
HIGHEST GUST SPEED/DIRECTION    37/250    DATE  11/29

AVERAGE RH (PERCENT)     71


-  INDICATES NEGATIVE NUMBERS.
R  INDICATES RECORD WAS SET OR TIED.
MM INDICATES DATA IS MISSING.
T  INDICATES TRACE AMOUNT.

$$




U.S. Dept. of Commerce
NOAA National Weather Service
1325 East West Highway
Silver Spring, MD 20910
E-mail: w-nws.webmaster@noaa.gov
Page last modified: May 16, 2007
NATIONAL WEATHER SERVICE: for Safety, for Work, for Fun - FOR LIFE