099
CXUS56 KBOI 011616
CLMBNO


CLIMATE REPORT
NATIONAL WEATHER SERVICE BOISE ID
1016 AM MDT MON SEP 1 2014

...................................

...THE BURNS OR CLIMATE SUMMARY FOR THE MONTH OF AUGUST 2014...

CLIMATE NORMAL PERIOD 1981 TO 2010
CLIMATE RECORD PERIOD 1939 TO 2014

WEATHER         OBSERVED          NORMAL  DEPART
                 VALUE   DATE(S)  VALUE   FROM
                                          NORMAL
................................................
TEMPERATURE (F)
HIGHEST            95   08/03        MM      MM
LOWEST             34   08/31        MM      MM
AVG. MAXIMUM     85.9              84.8     1.1
AVG. MINIMUM     46.8              44.9     1.9
MEAN             66.3              64.8     1.5
DAYS MAX >= 90     15
DAYS MAX <= 32      0
DAYS MIN <= 32      0
DAYS MIN <= 0       0

PRECIPITATION (INCHES)
RECORD
 MAXIMUM         1.73   1968
TOTALS           0.21              0.36   -0.15
DAYS >= .01         3
DAYS >= .10         1
DAYS >= .50         0
DAYS >= 1.00        0
GREATEST
 24 HR. TOTAL    0.10   08/13 TO 08/13
                        08/12 TO 08/13
                        08/13 TO 08/13

DEGREE_DAYS
HEATING TOTAL      53                79     -26
 SINCE 7/1         65               137     -72
COOLING TOTAL      99                74      25
 SINCE 1/1        313               206     107
.................................................

WIND (MPH)
AVERAGE WIND SPEED              6.9
RESULTANT WIND SPEED/DIRECTION   3/268
HIGHEST WIND SPEED/DIRECTION    30/160    DATE  08/12
HIGHEST GUST SPEED/DIRECTION    41/260    DATE  08/30

AVERAGE RH (PERCENT)     45


-  INDICATES NEGATIVE NUMBERS.
R  INDICATES RECORD WAS SET OR TIED.
MM INDICATES DATA IS MISSING.
T  INDICATES TRACE AMOUNT.

$$




U.S. Dept. of Commerce
NOAA National Weather Service
1325 East West Highway
Silver Spring, MD 20910
E-mail: w-nws.webmaster@noaa.gov
Page last modified: May 16, 2007
NATIONAL WEATHER SERVICE: for Safety, for Work, for Fun - FOR LIFE