904
CXUS56 KBOI 011620
CLMBNO


CLIMATE REPORT
NATIONAL WEATHER SERVICE BOISE ID
1010 AM MDT FRI AUG 1 2014

...................................

...THE BURNS OR CLIMATE SUMMARY FOR THE MONTH OF JULY 2014...

CLIMATE NORMAL PERIOD 1981 TO 2010
CLIMATE RECORD PERIOD 1939 TO 2014

WEATHER         OBSERVED          NORMAL  DEPART
                 VALUE   DATE(S)  VALUE   FROM
                                          NORMAL
................................................
TEMPERATURE (F)
HIGHEST           101   07/13        MM      MM
LOWEST             37   07/24        MM      MM
AVG. MAXIMUM     92.6              85.9     6.7
AVG. MINIMUM     49.4              47.4     2.0
MEAN             71.0              66.6     4.4
DAYS MAX >= 90     25
DAYS MAX <= 32      0
DAYS MIN <= 32      0
DAYS MIN <= 0       0

PRECIPITATION (INCHES)
RECORD
 MAXIMUM         1.61   1955
TOTALS           0.38              0.40   -0.02
DAYS >= .01         3
DAYS >= .10         1
DAYS >= .50         0
DAYS >= 1.00        0
GREATEST
 24 HR. TOTAL    0.26   07/13 TO 07/13
                        07/12 TO 07/13
                        07/13 TO 07/13

DEGREE_DAYS
HEATING TOTAL      12                58     -46
 SINCE 7/1         12                58     -46
COOLING TOTAL     206               109      97
 SINCE 1/1        214               132      82
.................................................

WIND (MPH)
AVERAGE WIND SPEED              7.7
RESULTANT WIND SPEED/DIRECTION   2/251
HIGHEST WIND SPEED/DIRECTION    39/280    DATE  07/02
HIGHEST GUST SPEED/DIRECTION    52/300    DATE  07/02

AVERAGE RH (PERCENT)     40


-  INDICATES NEGATIVE NUMBERS.
R  INDICATES RECORD WAS SET OR TIED.
MM INDICATES DATA IS MISSING.
T  INDICATES TRACE AMOUNT.

$$




U.S. Dept. of Commerce
NOAA National Weather Service
1325 East West Highway
Silver Spring, MD 20910
E-mail: w-nws.webmaster@noaa.gov
Page last modified: May 16, 2007
NATIONAL WEATHER SERVICE: for Safety, for Work, for Fun - FOR LIFE