710
CXUS56 KBOI 020228
CLMBNO


CLIMATE REPORT
NATIONAL WEATHER SERVICE BOISE ID
828 PM MDT TUE JUL 1 2014

...................................

...THE BURNS OR CLIMATE SUMMARY FOR THE MONTH OF JUNE 2014...

CLIMATE NORMAL PERIOD 1981 TO 2010
CLIMATE RECORD PERIOD 1939 TO 2014

WEATHER         OBSERVED          NORMAL  DEPART
                 VALUE   DATE(S)  VALUE   FROM
                                          NORMAL
................................................
TEMPERATURE (F)
HIGHEST            87   06/23        MM      MM
LOWEST             27   06/17        MM      MM
AVG. MAXIMUM     77.3              75.0     2.3
AVG. MINIMUM     40.5              41.8    -1.3
MEAN             58.9              58.4     0.5
DAYS MAX >= 90      0
DAYS MAX <= 32      0
DAYS MIN <= 32      3
DAYS MIN <= 0       0

PRECIPITATION (INCHES)
RECORD
 MAXIMUM         3.20   1947
TOTALS           0.44              0.76   -0.32
DAYS >= .01         4
DAYS >= .10         2
DAYS >= .50         0
DAYS >= 1.00        0
GREATEST
 24 HR. TOTAL    0.28   06/25 TO 06/26

DEGREE_DAYS
HEATING TOTAL     185               218     -33
 SINCE 7/1       7293              7688    -395
COOLING TOTAL       8                20     -12
 SINCE 1/1          8                23     -15
.................................................

WIND (MPH)
AVERAGE WIND SPEED              8.4
RESULTANT WIND SPEED/DIRECTION   5/263
HIGHEST WIND SPEED/DIRECTION    29/240    DATE  06/12
HIGHEST GUST SPEED/DIRECTION    37/250    DATE  06/12

AVERAGE RH (PERCENT)     46


-  INDICATES NEGATIVE NUMBERS.
R  INDICATES RECORD WAS SET OR TIED.
MM INDICATES DATA IS MISSING.
T  INDICATES TRACE AMOUNT.

$$




U.S. Dept. of Commerce
NOAA National Weather Service
1325 East West Highway
Silver Spring, MD 20910
E-mail: w-nws.webmaster@noaa.gov
Page last modified: May 16, 2007
NATIONAL WEATHER SERVICE: for Safety, for Work, for Fun - FOR LIFE