397
CXUS56 KBOI 011614
CLMBNO


CLIMATE REPORT
NATIONAL WEATHER SERVICE BOISE ID
1014 AM MDT SAT NOV 1 2014

...................................

...THE BURNS OR CLIMATE SUMMARY FOR THE MONTH OF OCTOBER 2014...

CLIMATE NORMAL PERIOD 1981 TO 2010
CLIMATE RECORD PERIOD 1939 TO 2014

WEATHER         OBSERVED          NORMAL  DEPART
                 VALUE   DATE(S)  VALUE   FROM
                                          NORMAL
................................................
TEMPERATURE (F)
HIGHEST            84   10/07        MM      MM
LOWEST             22   10/28        MM      MM
                        10/02
AVG. MAXIMUM     67.3              61.8     5.5
AVG. MINIMUM     29.9              27.5     2.4
MEAN             48.6              44.7     3.9
DAYS MAX >= 90      0
DAYS MAX <= 32      0
DAYS MIN <= 32     22
DAYS MIN <= 0       0

PRECIPITATION (INCHES)
RECORD
 MAXIMUM         2.51   1940
TOTALS           1.15              0.78    0.37
DAYS >= .01         8
DAYS >= .10         3
DAYS >= .50         0
DAYS >= 1.00        0
GREATEST
 24 HR. TOTAL    0.56   10/23 TO 10/24

DEGREE_DAYS
HEATING TOTAL     501               631    -130
 SINCE 7/1        760              1050    -290
COOLING TOTAL       0                 0       0
 SINCE 1/1        318               215     103
.................................................

WIND (MPH)
AVERAGE WIND SPEED              6.0
RESULTANT WIND SPEED/DIRECTION   2/222
HIGHEST WIND SPEED/DIRECTION    39/160    DATE  10/25
HIGHEST GUST SPEED/DIRECTION    54/150    DATE  10/25

AVERAGE RH (PERCENT)     57


-  INDICATES NEGATIVE NUMBERS.
R  INDICATES RECORD WAS SET OR TIED.
MM INDICATES DATA IS MISSING.
T  INDICATES TRACE AMOUNT.

$$




U.S. Dept. of Commerce
NOAA National Weather Service
1325 East West Highway
Silver Spring, MD 20910
E-mail: w-nws.webmaster@noaa.gov
Page last modified: May 16, 2007
NATIONAL WEATHER SERVICE: for Safety, for Work, for Fun - FOR LIFE