031
CXUS54 KOHX 011440
CLMBNA

CLIMATE REPORT
NATIONAL WEATHER SERVICE NASHVILLE TN
839 AM CST THU JAN 1 2015

...................................

...THE NASHVILLE CLIMATE SUMMARY FOR THE MONTH OF DECEMBER 2014...

CLIMATE NORMAL PERIOD 1981 TO 2010
CLIMATE RECORD PERIOD 1871 TO 2014

WEATHER         OBSERVED          NORMAL  DEPART  LAST YEAR`S
                 VALUE   DATE(S)  VALUE   FROM    VALUE
                                          NORMAL
.............................................................
TEMPERATURE (F)
RECORD
 HIGH              79   12/03/1982
 LOW              -10   12/22/1989
HIGHEST            68   12/05
LOWEST             22   12/12
AVG. MAXIMUM     50.2              49.5     0.7
AVG. MINIMUM     36.2              31.3     4.9
MEAN             43.2              40.4     2.8     41.3
DAYS MAX >= 90      0
DAYS MAX <= 32      0
DAYS MIN <= 32     10
DAYS MIN <= 0       0

PRECIPITATION (INCHES)
RECORD
 MAXIMUM        13.63   1978
 MINIMUM         0.91   1935
TOTALS           3.21              4.24   -1.03
DAYS >= .01        14
DAYS >= .10        10
DAYS >= .50         2
DAYS >= 1.00        0
GREATEST
 24 HR. TOTAL    1.04   12/05 TO 12/06

SNOWFALL (INCHES)
TOTALS              TR              0.5    -0.5
SINCE 7/1         0.2                      -0.3
DAYS >= TRACE       1
DAYS >= 1.0         0

DEGREE_DAYS
HEATING TOTAL     671               763     -92
 SINCE 7/1       1445              1437       8
COOLING TOTAL       0                 1      -1
 SINCE 1/1       1803              1646     157
..............................................................

WIND (MPH)
AVERAGE WIND SPEED              6.0
HIGHEST GUST SPEED/DIRECTION    32/140    DATE  12/23

SKY COVER
POSSIBLE SUNSHINE (PERCENT)   MM
AVERAGE SKY COVER           0.80
NUMBER OF DAYS FAIR            2
NUMBER OF DAYS PC              6
NUMBER OF DAYS CLOUDY         23

AVERAGE RH (PERCENT)     78

WEATHER CONDITIONS. NUMBER OF DAYS WITH
THUNDERSTORM              1     MIXED PRECIP               0
HEAVY RAIN                3     RAIN                       6
LIGHT RAIN               16     FREEZING RAIN              0
LT FREEZING RAIN          0     HAIL                       0
HEAVY SNOW                0     SNOW                       0
LIGHT SNOW                0     SLEET                      0
FOG                      20     FOG W/VIS <= 1/4 MILE      1
HAZE                      7

-  INDICATES NEGATIVE NUMBERS.
R  INDICATES RECORD WAS SET OR TIED.
MM INDICATES DATA IS MISSING.
T  INDICATES TRACE AMOUNT.

$$
BOYD
01






U.S. Dept. of Commerce
NOAA National Weather Service
1325 East West Highway
Silver Spring, MD 20910
E-mail: w-nws.webmaster@noaa.gov
Page last modified: May 16, 2007
NATIONAL WEATHER SERVICE: for Safety, for Work, for Fun - FOR LIFE