751
CXUS54 KOHX 010727
CLMBNA

MEMCLMOHX 000
TTAA00 KOHX 010643


CLIMATE REPORT
NATIONAL WEATHER SERVICE NASHVILLE TN
143 AM CDT SAT NOV 1 2014

...................................

...THE NASHVILLE CLIMATE SUMMARY FOR THE MONTH OF OCTOBER 2014...

CLIMATE NORMAL PERIOD 1981 TO 2010
CLIMATE RECORD PERIOD 1871 TO 2014

WEATHER         OBSERVED          NORMAL  DEPART  LAST YEAR`S
                 VALUE   DATE(S)  VALUE   FROM    VALUE
                                          NORMAL
.............................................................
TEMPERATURE (F)
RECORD
 HIGH              94   10/01/1953
 LOW               26   10/22/1987
                        10/30/1952
                        10/29/1925
HIGHEST            90   10/02
LOWEST             37   10/05
AVG. MAXIMUM     72.9              71.7     1.2
AVG. MINIMUM     50.6              48.9     1.7
MEAN             61.8              60.3     1.5     61.8
DAYS MAX >= 90      1
DAYS MAX <= 32      0
DAYS MIN <= 32      0
DAYS MIN <= 0       0

PRECIPITATION (INCHES)
RECORD
 MAXIMUM         8.43   2014
 MINIMUM            T   1963
TOTALS           8.43R             3.04    5.39
DAYS >= .01        14
DAYS >= .10        11
DAYS >= .50         4
DAYS >= 1.00        3
GREATEST
 24 HR. TOTAL    2.62   10/09 TO 10/10
                        10/10 TO 10/10
                        10/10 TO 10/11

SNOWFALL (INCHES)
TOTALS            0.0                 T     0.0
SINCE 7/1         0.0                       0.0
DAYS >= TRACE       0
DAYS >= 1.0         0

DEGREE_DAYS
HEATING TOTAL     150               191     -41
 SINCE 7/1        153               215     -62
COOLING TOTAL      62                46      16
 SINCE 1/1       1803              1640     163
..............................................................

WIND (MPH)
AVERAGE WIND SPEED              6.2
HIGHEST GUST SPEED/DIRECTION    37/320    DATE  10/31

SKY COVER
POSSIBLE SUNSHINE (PERCENT)   MM
AVERAGE SKY COVER           0.50
NUMBER OF DAYS FAIR            8
NUMBER OF DAYS PC             15
NUMBER OF DAYS CLOUDY          8

AVERAGE RH (PERCENT)     72

WEATHER CONDITIONS. NUMBER OF DAYS WITH
THUNDERSTORM              6     MIXED PRECIP               0
HEAVY RAIN                4     RAIN                       6
LIGHT RAIN               13     FREEZING RAIN              0
LT FREEZING RAIN          0     HAIL                       1
HEAVY SNOW                0     SNOW                       0
LIGHT SNOW                0     SLEET                      0
FOG                      23     FOG W/VIS <= 1/4 MILE      2
HAZE                      3

-  INDICATES NEGATIVE NUMBERS.
R  INDICATES RECORD WAS SET OR TIED.
MM INDICATES DATA IS MISSING.
T  INDICATES TRACE AMOUNT.

$$
BOYD
01







U.S. Dept. of Commerce
NOAA National Weather Service
1325 East West Highway
Silver Spring, MD 20910
E-mail: w-nws.webmaster@noaa.gov
Page last modified: May 16, 2007
NATIONAL WEATHER SERVICE: for Safety, for Work, for Fun - FOR LIFE