645
CXUS54 KOHX 012134
CLMBNA

CLIMATE REPORT
NATIONAL WEATHER SERVICE NASHVILLE TN
433 PM CDT TUE JUL 1 2014

...................................

...THE NASHVILLE CLIMATE SUMMARY FOR THE MONTH OF JUNE 2014...

CLIMATE NORMAL PERIOD 1981 TO 2010
CLIMATE RECORD PERIOD 1871 TO 2014

WEATHER         OBSERVED          NORMAL  DEPART  LAST YEAR`S
                 VALUE   DATE(S)  VALUE   FROM    VALUE
                                          NORMAL
.............................................................
TEMPERATURE (F)
RECORD
 HIGH             109   06/29/2012
 LOW               42   06/01/1966
                        06/01/1894
HIGHEST            95   06/18
LOWEST             55   06/14
AVG. MAXIMUM     87.4              86.0     1.4
AVG. MINIMUM     68.3              65.4     2.9
MEAN             77.9              75.7     2.2     77.1
DAYS MAX >= 90     11
DAYS MAX <= 32      0
DAYS MIN <= 32      0
DAYS MIN <= 0       0

PRECIPITATION (INCHES)
RECORD
 MAXIMUM        11.95   1998
 MINIMUM         0.21   1936
TOTALS           5.73              4.14    1.59
DAYS >= .01        14
DAYS >= .10        10
DAYS >= .50         4
DAYS >= 1.00        1
GREATEST
 24 HR. TOTAL    2.03   06/06 TO 06/07

SNOWFALL (INCHES)
TOTALS            0.0               0.0     0.0
SINCE 7/1         1.6                      -4.7
DAYS >= TRACE       0
DAYS >= 1.0         0

DEGREE_DAYS
HEATING TOTAL       0                 3      -3
 SINCE 7/1       3921              3688     233
COOLING TOTAL     393               324      69
 SINCE 1/1        657               503     154
..............................................................

WIND (MPH)
AVERAGE WIND SPEED              5.3
HIGHEST GUST SPEED/DIRECTION    40/320    DATE  06/20

SKY COVER
POSSIBLE SUNSHINE (PERCENT)   MM
AVERAGE SKY COVER           0.60
NUMBER OF DAYS FAIR            4
NUMBER OF DAYS PC             15
NUMBER OF DAYS CLOUDY         11

AVERAGE RH (PERCENT)     72

WEATHER CONDITIONS. NUMBER OF DAYS WITH
THUNDERSTORM              5     MIXED PRECIP               0
HEAVY RAIN                8     RAIN                       8
LIGHT RAIN               15     FREEZING RAIN              0
LT FREEZING RAIN          0     HAIL                       0
HEAVY SNOW                0     SNOW                       0
LIGHT SNOW                0     SLEET                      0
FOG                      16     FOG W/VIS <= 1/4 MILE      1
HAZE                      2

-  INDICATES NEGATIVE NUMBERS.
R  INDICATES RECORD WAS SET OR TIED.
MM INDICATES DATA IS MISSING.
T  INDICATES TRACE AMOUNT.

$$
BOYD
01






U.S. Dept. of Commerce
NOAA National Weather Service
1325 East West Highway
Silver Spring, MD 20910
E-mail: w-nws.webmaster@noaa.gov
Page last modified: May 16, 2007
NATIONAL WEATHER SERVICE: for Safety, for Work, for Fun - FOR LIFE