366
CXUS53 KIND 011513
CLMBMG


CLIMATE REPORT
NATIONAL WEATHER SERVICE INDIANAPOLIS IN
1113 AM EDT FRI AUG 1 2014

...................................

...THE BLOOMINGTON IN CLIMATE SUMMARY FOR THE MONTH OF JULY 2014...

CLIMATE NORMAL PERIOD 1981 TO 2010
CLIMATE RECORD PERIOD 9999 TO 9999

WEATHER         OBSERVED          NORMAL  DEPART  LAST YEAR`S
                 VALUE   DATE(S)  VALUE   FROM    VALUE  DATE(S)
                                          NORMAL
................................................................
TEMPERATURE (F)
HIGHEST            88   07/22                         93  07/18
                        07/13                             07/17
                        07/01
LOWEST             51   07/25                         49  07/28
                        07/17
AVG. MAXIMUM     80.6              84.1    -3.5     82.3
AVG. MINIMUM     58.6              63.6    -5.0     62.8
MEAN             69.6              73.9    -4.3     72.6
DAYS MAX >= 90      0               3.8    -3.8        4
DAYS MAX <= 32      0               0.0     0.0        0
DAYS MIN <= 32      0               0.0     0.0        0
DAYS MIN <= 0       0               0.0     0.0        0

PRECIPITATION (INCHES)
TOTALS           3.75              4.89   -1.14     4.26
DAILY AVG.       0.12              0.16   -0.04     0.14
DAYS >= .01         9                MM      MM       13
DAYS >= .10         4                MM      MM        7
DAYS >= .50         2                MM      MM        3
DAYS >= 1.00        2                MM      MM        1
GREATEST
 24 HR. TOTAL    1.66   07/23 TO 07/23

DEGREE_DAYS
HEATING TOTAL       5                 2       3        4
 SINCE 7/1          5                 2       3        4
COOLING TOTAL     156               276    -120      245
 SINCE 1/1        555               566     -11      588
.................................................................

WIND (MPH)
AVERAGE WIND SPEED              4.9
HIGHEST WIND SPEED/DIRECTION    26/240    DATE  07/23
HIGHEST GUST SPEED/DIRECTION    37/360    DATE  07/01

SKY COVER
POSSIBLE SUNSHINE (PERCENT)   MM
AVERAGE SKY COVER           0.30
NUMBER OF DAYS FAIR           19
NUMBER OF DAYS PC             12
NUMBER OF DAYS CLOUDY          0

AVERAGE RH (PERCENT)     72

WEATHER CONDITIONS. NUMBER OF DAYS WITH
THUNDERSTORM              8     MIXED PRECIP               0
HEAVY RAIN                4     RAIN                       4
LIGHT RAIN                9     FREEZING RAIN              0
LT FREEZING RAIN          0     HAIL                       0
HEAVY SNOW                0     SNOW                       0
LIGHT SNOW                0     SLEET                      0
FOG                      20     FOG W/VIS <= 1/4 MILE      4
HAZE                      6

-  INDICATES NEGATIVE NUMBERS.
R  INDICATES RECORD WAS SET OR TIED.
MM INDICATES DATA IS MISSING.
T  INDICATES TRACE AMOUNT.

$$





U.S. Dept. of Commerce
NOAA National Weather Service
1325 East West Highway
Silver Spring, MD 20910
E-mail: w-nws.webmaster@noaa.gov
Page last modified: May 16, 2007
NATIONAL WEATHER SERVICE: for Safety, for Work, for Fun - FOR LIFE