108
CXUS53 KIND 011510
CLMBMG


CLIMATE REPORT
NATIONAL WEATHER SERVICE INDIANAPOLIS IN
1110 AM EDT TUE APR 1 2014

...................................

...THE BLOOMINGTON IN CLIMATE SUMMARY FOR THE MONTH OF MARCH 2014...

CLIMATE NORMAL PERIOD 1981 TO 2010
CLIMATE RECORD PERIOD 9999 TO 9999

WEATHER         OBSERVED          NORMAL  DEPART  LAST YEAR`S
                 VALUE   DATE(S)  VALUE   FROM    VALUE  DATE(S)
                                          NORMAL
................................................................
TEMPERATURE (F)
HIGHEST            72   03/11                         67  03/10
LOWEST              4   03/04                         16  03/22
AVG. MAXIMUM     50.2              54.1    -3.9     45.1
AVG. MINIMUM     25.4              31.7    -6.3     28.4
MEAN             37.8              42.9    -5.1     36.7
DAYS MAX >= 90      0               0.0     0.0        0
DAYS MAX <= 32      2               0.7     1.3        2
DAYS MIN <= 32     23              17.6     5.4       23
DAYS MIN <= 0       0               0.0     0.0        0

PRECIPITATION (INCHES)
TOTALS           1.94              3.88   -1.94     2.24
DAILY AVG.       0.06              0.13   -0.07     0.07
DAYS >= .01         6                MM      MM       14
DAYS >= .10         5                MM      MM        5
DAYS >= .50         1                MM      MM        2
DAYS >= 1.00        0                MM      MM        0
GREATEST
 24 HR. TOTAL    0.76   03/29 TO 03/29

DEGREE_DAYS
HEATING TOTAL     837               688     149      870
 SINCE 7/1       5399              4756     643     4826
COOLING TOTAL       0                 3      -3        0
 SINCE 1/1          0                 3      -3        0
.................................................................

WIND (MPH)
AVERAGE WIND SPEED              8.4
HIGHEST WIND SPEED/DIRECTION    35/210    DATE  03/14
HIGHEST GUST SPEED/DIRECTION    50/210    DATE  03/14

SKY COVER
POSSIBLE SUNSHINE (PERCENT)   MM
AVERAGE SKY COVER           0.40
NUMBER OF DAYS FAIR           18
NUMBER OF DAYS PC              7
NUMBER OF DAYS CLOUDY          6

AVERAGE RH (PERCENT)     60

WEATHER CONDITIONS. NUMBER OF DAYS WITH
THUNDERSTORM              3     MIXED PRECIP               0
HEAVY RAIN                1     RAIN                       5
LIGHT RAIN                6     FREEZING RAIN              1
LT FREEZING RAIN          1     HAIL                       0
HEAVY SNOW                0     SNOW                       2
LIGHT SNOW                4     SLEET                      1
FOG                      11     FOG W/VIS <= 1/4 MILE      0
HAZE                     12

-  INDICATES NEGATIVE NUMBERS.
R  INDICATES RECORD WAS SET OR TIED.
MM INDICATES DATA IS MISSING.
T  INDICATES TRACE AMOUNT.

$$





U.S. Dept. of Commerce
NOAA National Weather Service
1325 East West Highway
Silver Spring, MD 20910
E-mail: w-nws.webmaster@noaa.gov
Page last modified: May 16, 2007
NATIONAL WEATHER SERVICE: for Safety, for Work, for Fun - FOR LIFE