820
CXUS53 KIND 011515
CLMBMG


CLIMATE REPORT
NATIONAL WEATHER SERVICE INDIANAPOLIS IN
1111 AM EDT SAT NOV 1 2014

...................................

...THE BLOOMINGTON IN CLIMATE SUMMARY FOR THE MONTH OF OCTOBER 2014...

CLIMATE NORMAL PERIOD 1981 TO 2010
CLIMATE RECORD PERIOD 9999 TO 9999

WEATHER         OBSERVED          NORMAL  DEPART  LAST YEAR`S
                 VALUE   DATE(S)  VALUE   FROM    VALUE  DATE(S)
                                          NORMAL
................................................................
TEMPERATURE (F)
HIGHEST            84   10/02                         82  10/03
LOWEST             31   10/30                         27  10/28
                                                          10/25
AVG. MAXIMUM     64.9              67.1    -2.2     65.3
AVG. MINIMUM     44.2              42.2     2.0     44.2
MEAN             54.5              54.6    -0.1     54.7
DAYS MAX >= 90      0               0.1    -0.1        0
DAYS MAX <= 32      0               0.0     0.0        0
DAYS MIN <= 32      2               4.5    -2.5        5
DAYS MIN <= 0       0               0.0     0.0        0

PRECIPITATION (INCHES)
TOTALS           5.43              3.53    1.90     6.49
DAILY AVG.       0.18              0.11    0.07     0.21
DAYS >= .01        15                MM      MM       13
DAYS >= .10        10                MM      MM        9
DAYS >= .50         5                MM      MM        3
DAYS >= 1.00        2                MM      MM        3
GREATEST
 24 HR. TOTAL    1.41   10/13 TO 10/14

DEGREE_DAYS
HEATING TOTAL     327               334      -7      340
 SINCE 7/1        431               419      12      404
COOLING TOTAL      11                13      -2       30
 SINCE 1/1        904               926     -22     1006
.................................................................

WIND (MPH)
AVERAGE WIND SPEED              6.4
HIGHEST WIND SPEED/DIRECTION    29/210    DATE  10/27
HIGHEST GUST SPEED/DIRECTION    40/350    DATE  10/31

SKY COVER
POSSIBLE SUNSHINE (PERCENT)   MM
AVERAGE SKY COVER           0.50
NUMBER OF DAYS FAIR           12
NUMBER OF DAYS PC             10
NUMBER OF DAYS CLOUDY          9

AVERAGE RH (PERCENT)     75

WEATHER CONDITIONS. NUMBER OF DAYS WITH
THUNDERSTORM              6     MIXED PRECIP               0
HEAVY RAIN                7     RAIN                       8
LIGHT RAIN               19     FREEZING RAIN              0
LT FREEZING RAIN          0     HAIL                       0
HEAVY SNOW                0     SNOW                       0
LIGHT SNOW                1     SLEET                      0
FOG                      18     FOG W/VIS <= 1/4 MILE      1
HAZE                      4

-  INDICATES NEGATIVE NUMBERS.
R  INDICATES RECORD WAS SET OR TIED.
MM INDICATES DATA IS MISSING.
T  INDICATES TRACE AMOUNT.

$$





U.S. Dept. of Commerce
NOAA National Weather Service
1325 East West Highway
Silver Spring, MD 20910
E-mail: w-nws.webmaster@noaa.gov
Page last modified: May 16, 2007
NATIONAL WEATHER SERVICE: for Safety, for Work, for Fun - FOR LIFE