311
CXUS56 KSEW 011037
CLMBLI


CLIMATE REPORT
NATIONAL WEATHER SERVICE SEATTLE WA
337 AM PDT WED OCT 1 2014

...................................

...THE BELLINGHAM WA AIRPORT CLIMATE SUMMARY FOR THE MONTH OF SEPTEMBER 2014...

CLIMATE NORMAL PERIOD 1981 TO 2010
CLIMATE RECORD PERIOD 1949 TO 2014

WEATHER         OBSERVED          NORMAL  DEPART  LAST YEAR`S
                 VALUE   DATE(S)  VALUE   FROM    VALUE  DATE(S)
                                          NORMAL
................................................................
TEMPERATURE (F)
RECORD
 HIGH              89   09/20/1974
                        09/14/1951
 LOW               28   09/27/1972
HIGHEST            83   09/15        MM      MM       83  09/11
LOWEST             39   09/12        MM      MM       40  09/26
AVG. MAXIMUM     70.6              66.9     3.7     67.1
AVG. MINIMUM     51.6              47.6     4.0     52.8
MEAN             61.1              57.2     3.9     59.9
DAYS MAX >= 90      0               0.0     0.0        0
DAYS MAX <= 32      0               0.0     0.0        0
DAYS MIN <= 32      0               0.0     0.0        0
DAYS MIN <= 0       0               0.0     0.0        0

PRECIPITATION (INCHES)
RECORD
 MAXIMUM         4.71   1969
 MINIMUM         0.00   2012
TOTALS           1.87              1.78    0.09     4.42
DAILY AVG.       0.06              0.06    0.00     0.15
DAYS >= .01         6               9.8    -3.8       15
DAYS >= .10         5               4.5     0.5       11
DAYS >= .50         2               0.8     1.2        3
DAYS >= 1.00        0               0.1    -0.1        0
GREATEST
 24 HR. TOTAL    0.88   09/02 TO 09/03

DEGREE_DAYS
HEATING TOTAL     109               234    -125      149
COOLING TOTAL       2                 2       0        6
 SINCE 1/1        117                42      75       95
.................................................................

WIND (MPH)
AVERAGE WIND SPEED              4.6
HIGHEST WIND SPEED/DIRECTION    26/140    DATE  09/24
HIGHEST GUST SPEED/DIRECTION    39/140    DATE  09/24

SKY COVER
POSSIBLE SUNSHINE (PERCENT)   MM
AVERAGE SKY COVER           0.40
NUMBER OF DAYS FAIR           14
NUMBER OF DAYS PC              9
NUMBER OF DAYS CLOUDY          7

AVERAGE RH (PERCENT)     73

WEATHER CONDITIONS. NUMBER OF DAYS WITH
THUNDERSTORM              0     MIXED PRECIP               0
HEAVY RAIN                1     RAIN                       3
LIGHT RAIN               12     FREEZING RAIN              0
LT FREEZING RAIN          0     HAIL                       0
HEAVY SNOW                0     SNOW                       0
LIGHT SNOW                0     SLEET                      0
FOG                      20     FOG W/VIS <= 1/4 MILE      7
HAZE                      0

-  INDICATES NEGATIVE NUMBERS.
R  INDICATES RECORD WAS SET OR TIED.
MM INDICATES DATA IS MISSING.
T  INDICATES TRACE AMOUNT.

$$




U.S. Dept. of Commerce
NOAA National Weather Service
1325 East West Highway
Silver Spring, MD 20910
E-mail: w-nws.webmaster@noaa.gov
Page last modified: May 16, 2007
NATIONAL WEATHER SERVICE: for Safety, for Work, for Fun - FOR LIFE