868
CXUS56 KSEW 011032
CLMBLI


CLIMATE REPORT
NATIONAL WEATHER SERVICE SEATTLE WA
331 AM PDT TUE APR 1 2014

...................................

...THE BELLINGHAM WA AIRPORT CLIMATE SUMMARY FOR THE MONTH OF MARCH 2014...

CLIMATE NORMAL PERIOD 1981 TO 2010
CLIMATE RECORD PERIOD 1949 TO 2014

WEATHER         OBSERVED          NORMAL  DEPART  LAST YEAR`S
                 VALUE   DATE(S)  VALUE   FROM    VALUE  DATE(S)
                                          NORMAL
................................................................
TEMPERATURE (F)
RECORD
 HIGH              76   03/29/2004
 LOW               10   03/10/1951
HIGHEST            62   03/31        MM      MM       64  03/31
                        03/24
LOWEST             29   03/01        MM      MM       29  03/23
                                                          03/09
AVG. MAXIMUM     52.2              52.2     0.0     52.8
AVG. MINIMUM     39.1              36.3     2.8     36.8
MEAN             45.6              44.2     1.4     44.8
DAYS MAX >= 90      0               0.0     0.0        0
DAYS MAX <= 32      0               0.2    -0.2        0
DAYS MIN <= 32      4               7.4    -3.4        6
DAYS MIN <= 0       0               0.0     0.0        0

PRECIPITATION (INCHES)
RECORD
 MAXIMUM         7.02   1950
 MINIMUM         0.76   1965
TOTALS           5.39              3.22    2.17     3.16
DAILY AVG.       0.17              0.10    0.07     0.10
DAYS >= .01        20              17.0     3.0       15
DAYS >= .10        13               9.6     3.4       11
DAYS >= .50         4               1.1     2.9        2
DAYS >= 1.00        0               0.1    -0.1        0
GREATEST
 24 HR. TOTAL    0.62   03/02 TO 03/02

DEGREE_DAYS
HEATING TOTAL     593               643     -50      618
COOLING TOTAL       0                 0       0        0
 SINCE 1/1          0                 0       0        0
.................................................................

WIND (MPH)
AVERAGE WIND SPEED              6.9
HIGHEST WIND SPEED/DIRECTION    32/140    DATE  03/06
HIGHEST GUST SPEED/DIRECTION    49/140    DATE  03/06

SKY COVER
POSSIBLE SUNSHINE (PERCENT)   MM
AVERAGE SKY COVER           0.70
NUMBER OF DAYS FAIR            4
NUMBER OF DAYS PC             10
NUMBER OF DAYS CLOUDY         17

AVERAGE RH (PERCENT)     73

WEATHER CONDITIONS. NUMBER OF DAYS WITH
THUNDERSTORM              0     MIXED PRECIP               0
HEAVY RAIN                1     RAIN                       6
LIGHT RAIN               23     FREEZING RAIN              0
LT FREEZING RAIN          1     HAIL                       0
HEAVY SNOW                0     SNOW                       0
LIGHT SNOW                2     SLEET                      0
FOG                      21     FOG W/VIS <= 1/4 MILE      0
HAZE                      0

-  INDICATES NEGATIVE NUMBERS.
R  INDICATES RECORD WAS SET OR TIED.
MM INDICATES DATA IS MISSING.
T  INDICATES TRACE AMOUNT.

$$




U.S. Dept. of Commerce
NOAA National Weather Service
1325 East West Highway
Silver Spring, MD 20910
E-mail: w-nws.webmaster@noaa.gov
Page last modified: May 16, 2007
NATIONAL WEATHER SERVICE: for Safety, for Work, for Fun - FOR LIFE