235
CXUS56 KSEW 011030
CLMBLI


CLIMATE REPORT
NATIONAL WEATHER SERVICE SEATTLE WA
230 AM PST SUN FEB 1 2015

...................................

...THE BELLINGHAM WA AIRPORT CLIMATE SUMMARY FOR THE MONTH OF JANUARY 2015...

CLIMATE NORMAL PERIOD 1981 TO 2010
CLIMATE RECORD PERIOD 1949 TO 2015

WEATHER         OBSERVED          NORMAL  DEPART  LAST YEAR`S
                 VALUE   DATE(S)  VALUE   FROM    VALUE  DATE(S)
                                          NORMAL
................................................................
TEMPERATURE (F)
RECORD
 HIGH              65   01/11/2010
                        01/22/1981
 LOW               -2   01/29/1950
                        01/25/1950
HIGHEST            60   01/26        MM      MM       54  01/24
LOWEST             21   01/01        MM      MM       25  01/06
                                                          01/05
AVG. MAXIMUM     50.0              45.6     4.4     47.3
AVG. MINIMUM     34.9              32.8     2.1     34.3
MEAN             42.5              39.2     3.3     40.8
DAYS MAX >= 90      0               0.0     0.0        0
DAYS MAX <= 32      0               1.6    -1.6        0
DAYS MIN <= 32     11              13.3    -2.3       15
DAYS MIN <= 0       0               0.0     0.0        0

PRECIPITATION (INCHES)
RECORD
 MAXIMUM        10.58   1971
 MINIMUM         0.70   1949
TOTALS           5.49              4.67    0.82     2.91
DAILY AVG.       0.18              0.15    0.03     0.09
DAYS >= .01        18              18.8    -0.8       12
DAYS >= .10         9              11.0    -2.0        8
DAYS >= .50         4               2.5     1.5        2
DAYS >= 1.00        2               0.6     1.4        0
GREATEST
 24 HR. TOTAL    2.22   01/04 TO 01/05

DEGREE_DAYS
HEATING TOTAL     692               800    -108      742
COOLING TOTAL       0                 0       0        0
 SINCE 1/1          0                 0       0        0
.................................................................

WIND (MPH)
AVERAGE WIND SPEED              4.2
HIGHEST WIND SPEED/DIRECTION    33/150    DATE  01/18
HIGHEST GUST SPEED/DIRECTION    45/150    DATE  01/18

SKY COVER
POSSIBLE SUNSHINE (PERCENT)   MM
AVERAGE SKY COVER           0.60
NUMBER OF DAYS FAIR            6
NUMBER OF DAYS PC             13
NUMBER OF DAYS CLOUDY         12

AVERAGE RH (PERCENT)     82

WEATHER CONDITIONS. NUMBER OF DAYS WITH
THUNDERSTORM              0     MIXED PRECIP               0
HEAVY RAIN                1     RAIN                       6
LIGHT RAIN               19     FREEZING RAIN              0
LT FREEZING RAIN          0     HAIL                       0
HEAVY SNOW                0     SNOW                       0
LIGHT SNOW                0     SLEET                      0
FOG                      28     FOG W/VIS <= 1/4 MILE      9
HAZE                      0

-  INDICATES NEGATIVE NUMBERS.
R  INDICATES RECORD WAS SET OR TIED.
MM INDICATES DATA IS MISSING.
T  INDICATES TRACE AMOUNT.

$$




U.S. Dept. of Commerce
NOAA National Weather Service
1325 East West Highway
Silver Spring, MD 20910
E-mail: w-nws.webmaster@noaa.gov
Page last modified: May 16, 2007
NATIONAL WEATHER SERVICE: for Safety, for Work, for Fun - FOR LIFE