105
CXUS56 KSEW 011032
CLMBLI


CLIMATE REPORT
NATIONAL WEATHER SERVICE SEATTLE WA
332 AM PDT FRI AUG 1 2014

...................................

...THE BELLINGHAM WA AIRPORT CLIMATE SUMMARY FOR THE MONTH OF JULY 2014...

CLIMATE NORMAL PERIOD 1981 TO 2010
CLIMATE RECORD PERIOD 1949 TO 2014

WEATHER         OBSERVED          NORMAL  DEPART  LAST YEAR`S
                 VALUE   DATE(S)  VALUE   FROM    VALUE  DATE(S)
                                          NORMAL
................................................................
TEMPERATURE (F)
RECORD
 HIGH              96   07/29/2009
 LOW               32   07/10/1965
HIGHEST            86   07/13        MM      MM       88  07/16
LOWEST             50   07/04        MM      MM       47  07/12
AVG. MAXIMUM     74.8              71.2     3.6     73.8
AVG. MINIMUM     55.9              53.5     2.4     55.4
MEAN             65.4              62.3     3.1     64.6
DAYS MAX >= 90      0               0.2    -0.2        0
DAYS MAX <= 32      0               0.0     0.0        0
DAYS MIN <= 32      0               0.0     0.0        0
DAYS MIN <= 0       0               0.0     0.0        0

PRECIPITATION (INCHES)
RECORD
 MAXIMUM         2.86   1982
 MINIMUM         0.00   1960
                        1958
TOTALS           1.13              1.18   -0.05     0.05
DAILY AVG.       0.04              0.04    0.00     0.00
DAYS >= .01         4               5.7    -1.7        1
DAYS >= .10         2               2.5    -0.5        0
DAYS >= .50         1               0.6     0.4        0
DAYS >= 1.00        0               0.1    -0.1        0
GREATEST
 24 HR. TOTAL    0.84   07/23 TO 07/24

DEGREE_DAYS
HEATING TOTAL      35               101     -66       41
COOLING TOTAL      51                19      32       35
 SINCE 1/1         53                23      30       49
.................................................................

WIND (MPH)
AVERAGE WIND SPEED              5.5
HIGHEST WIND SPEED/DIRECTION    22/170    DATE  07/19
HIGHEST GUST SPEED/DIRECTION    31/170    DATE  07/19

SKY COVER
POSSIBLE SUNSHINE (PERCENT)   MM
AVERAGE SKY COVER           0.20
NUMBER OF DAYS FAIR           22
NUMBER OF DAYS PC              6
NUMBER OF DAYS CLOUDY          3

AVERAGE RH (PERCENT)     69

WEATHER CONDITIONS. NUMBER OF DAYS WITH
THUNDERSTORM              0     MIXED PRECIP               0
HEAVY RAIN                0     RAIN                       1
LIGHT RAIN                8     FREEZING RAIN              0
LT FREEZING RAIN          0     HAIL                       0
HEAVY SNOW                0     SNOW                       0
LIGHT SNOW                0     SLEET                      0
FOG                      12     FOG W/VIS <= 1/4 MILE      0
HAZE                      1

-  INDICATES NEGATIVE NUMBERS.
R  INDICATES RECORD WAS SET OR TIED.
MM INDICATES DATA IS MISSING.
T  INDICATES TRACE AMOUNT.

$$




U.S. Dept. of Commerce
NOAA National Weather Service
1325 East West Highway
Silver Spring, MD 20910
E-mail: w-nws.webmaster@noaa.gov
Page last modified: May 16, 2007
NATIONAL WEATHER SERVICE: for Safety, for Work, for Fun - FOR LIFE