333
CXUS51 KRNK 020922 RRA
CLMBLF

CLIMATE REPORT
NATIONAL WEATHER SERVICE BLACKSBURG VA
536 AM EDT WED OCT 1 2014

...................................

...THE BLUEFIELD WV CLIMATE SUMMARY FOR THE MONTH OF SEPTEMBER 2014...

CLIMATE NORMAL PERIOD 1981 TO 2010
CLIMATE RECORD PERIOD 1959 TO 2014

WEATHER         OBSERVED          NORMAL  DEPART  LAST YEAR`S
                 VALUE   DATE(S)  VALUE   FROM    VALUE
                                          NORMAL
.............................................................
TEMPERATURE (F)
RECORD
 HIGH              93   09/06/2007
 LOW               30   09/24/1989
HIGHEST            86   09/02                 6
LOWEST             40   09/23               -14
AVG. MAXIMUM     74.7              74.6     0.1     76.0
AVG. MINIMUM     58.6              57.1     1.5     57.3
MEAN             66.6              65.8     0.8     66.6
DAYS MAX >= 90      0               0.3    -0.3
DAYS MAX <= 32      0               0.0     0.0
DAYS MIN <= 32      0               0.0     0.0
DAYS MIN <= 0       0               0.0     0.0

PRECIPITATION (INCHES)
RECORD
 MAXIMUM         8.56   2004
 MINIMUM         0.37   2005
TOTALS           2.41              3.14   -0.73     1.49
DAILY AVG.       0.08              0.10   -0.02     0.05
DAYS >= .01        12               9.4     2.6
DAYS >= .10         7               5.5     1.5
DAYS >= .50         2               2.1    -0.1
DAYS >= 1.00        0               0.7    -0.7
GREATEST
 24 HR. TOTAL    0.61   09/02 TO 09/02

SNOWFALL (INCHES)
TOTALS            0.0                                0.0
SINCE 7/1         0.0
SNOWDEPTH AVG.      0
DAYS >= 1.0         0
GREATEST
 SNOW DEPTH         0

DEGREE_DAYS
HEATING TOTAL      48                73     -25
 SINCE 7/1         58                79     -21
COOLING TOTAL     106                98       8
 SINCE 1/1        819               832     -13
..............................................................

WIND (MPH)
AVERAGE WIND SPEED              4.9
HIGHEST WIND SPEED/DIRECTION    21/270    DATE  09/21
HIGHEST GUST SPEED/DIRECTION    29/280    DATE  09/21

SKY COVER
POSSIBLE SUNSHINE (PERCENT)   MM
AVERAGE SKY COVER           0.50
NUMBER OF DAYS FAIR           10
NUMBER OF DAYS PC             11
NUMBER OF DAYS CLOUDY          9

AVERAGE RH (PERCENT)     72

WEATHER CONDITIONS. NUMBER OF DAYS WITH
THUNDERSTORM              5     MIXED PRECIP               0
HEAVY RAIN                5     RAIN                       5
LIGHT RAIN               13     FREEZING RAIN              0
LT FREEZING RAIN          0     HAIL                       0
HEAVY SNOW                0     SNOW                       0
LIGHT SNOW                0     SLEET                      0
FOG                      18     FOG W/VIS <= 1/4 MILE     11
HAZE                      3

-  INDICATES NEGATIVE NUMBERS.
R  INDICATES RECORD WAS SET OR TIED.
MM INDICATES DATA IS MISSING.
T  INDICATES TRACE AMOUNT.

REMARKS:
DUE TO A POWER FAILURE CAUSING A MISSING LOW TEMPERATURE ON
MAY 30...THE SEASONAL TOTAL AND DEPARTURE FROM NORMAL FOR CDD
WILL BE CALCULATED WITHOUT DATA FROM THAT DATE.

$$




U.S. Dept. of Commerce
NOAA National Weather Service
1325 East West Highway
Silver Spring, MD 20910
E-mail: w-nws.webmaster@noaa.gov
Page last modified: May 16, 2007
NATIONAL WEATHER SERVICE: for Safety, for Work, for Fun - FOR LIFE