193
CXUS51 KRNK 010943 CCA
CLMBLF

CLIMATE REPORT
NATIONAL WEATHER SERVICE BLACKSBURG VA
537 AM EDT TUE JUL 1 2014

...................................

...THE BLUEFIELD WV CLIMATE SUMMARY FOR THE MONTH OF JUNE 2014...

CLIMATE NORMAL PERIOD 1981 TO 2010
CLIMATE RECORD PERIOD 1959 TO 2014

WEATHER         OBSERVED          NORMAL  DEPART  LAST YEAR`S
                 VALUE   DATE(S)  VALUE   FROM    VALUE
                                          NORMAL
.............................................................
TEMPERATURE (F)
RECORD
 HIGH              97   06/29/2012
 LOW               37   06/11/1972
HIGHEST            87   06/18                 6
LOWEST             50   06/06                -5
AVG. MAXIMUM     81.1              78.4     2.7     80.4
AVG. MINIMUM     63.0              61.2     1.8     63.1
MEAN             72.1              69.8     2.3     71.8
DAYS MAX >= 90      0               0.3    -0.3
DAYS MAX <= 32      0               0.0     0.0
DAYS MIN <= 32      0               0.0     0.0
DAYS MIN <= 0       0               0.0     0.0

PRECIPITATION (INCHES)
RECORD
 MAXIMUM         9.34   1995
 MINIMUM         0.75   1999
TOTALS           3.60              4.14   -0.54     4.83
DAILY AVG.       0.12              0.14   -0.02     0.16
DAYS >= .01        14              13.5     0.5
DAYS >= .10         6               8.1    -2.1
DAYS >= .50         4               2.9     1.1
DAYS >= 1.00        0               0.7    -0.7
GREATEST
 24 HR. TOTAL    1.37   06/04 TO 06/05

SNOWFALL (INCHES)
TOTALS            0.0                                0.0
SINCE 7/1        47.0
SNOWDEPTH AVG.      0
DAYS >= 1.0         0
GREATEST
 SNOW DEPTH         0

DEGREE_DAYS
HEATING TOTAL       2                22     -20
 SINCE 7/1       4654              4588      66
COOLING TOTAL     221               166      55
 SINCE 1/1        350               257      93
..............................................................

WIND (MPH)
AVERAGE WIND SPEED              5.6
HIGHEST WIND SPEED/DIRECTION    26/240    DATE  06/05
HIGHEST GUST SPEED/DIRECTION    32/230    DATE  06/05

SKY COVER
POSSIBLE SUNSHINE (PERCENT)   MM
AVERAGE SKY COVER           0.40
NUMBER OF DAYS FAIR           11
NUMBER OF DAYS PC             15
NUMBER OF DAYS CLOUDY          3

AVERAGE RH (PERCENT)     67

WEATHER CONDITIONS. NUMBER OF DAYS WITH
THUNDERSTORM              7     MIXED PRECIP               0
HEAVY RAIN                5     RAIN                       7
LIGHT RAIN               18     FREEZING RAIN              0
LT FREEZING RAIN          0     HAIL                       0
HEAVY SNOW                0     SNOW                       0
LIGHT SNOW                0     SLEET                      0
FOG                      13     FOG W/VIS <= 1/4 MILE      5
HAZE                      4

-  INDICATES NEGATIVE NUMBERS.
R  INDICATES RECORD WAS SET OR TIED.
MM INDICATES DATA IS MISSING.
T  INDICATES TRACE AMOUNT.

REMARKS:

DUE TO A POWER FAILURE CAUSING MISSING DATA ON MAY 30...CDD WILL BE
CALCULATED WITHOUT DATA FROM THIS DATE.
$$




U.S. Dept. of Commerce
NOAA National Weather Service
1325 East West Highway
Silver Spring, MD 20910
E-mail: w-nws.webmaster@noaa.gov
Page last modified: May 16, 2007
NATIONAL WEATHER SERVICE: for Safety, for Work, for Fun - FOR LIFE